000
CXUS51 KBUF 191205
CF6ROC
PRELIMINARY LOCAL CLIMATOLOGICAL DATA (WS FORM: F-6)

                                          STATION:   ROCHESTER NY
                                          MONTH:     MARCH
                                          YEAR:      2019
                                          LATITUDE:   43  7 N
                                          LONGITUDE:  77 40 W

  TEMPERATURE IN F:       :PCPN:    SNOW:  WIND      :SUNSHINE: SKY     :PK WND
================================================================================
1   2   3   4   5  6A  6B    7    8   9   10  11  12  13   14  15   16   17  18
                                     12Z  AVG MX 2MIN
DY MAX MIN AVG DEP HDD CDD  WTR  SNW DPTH SPD SPD DIR MIN PSBL S-S WX    SPD DR
================================================================================

 1  39  10  25  -4  40   0    T    T    3  4.3 13  20   M    M   6        14  30
 2  37  24  31   1  34   0 0.09  1.7    3  5.2 15 310   M    M   9 1      19 310
 3  30  25  28  -2  37   0 0.07  0.9    5  4.2 12 280   M    M  10 1      16 270
 4  25  11  18 -12  47   0 0.04  0.9    6 12.4 26 260   M    M   8 189    38 270
 5  19   9  14 -16  51   0    T    T    5 12.0 26 270   M    M   7        36 250
 6  18   8  13 -18  52   0 0.04  0.8    4 14.0 25 260   M    M   7 9      34 280
 7  25   8  17 -14  48   0 0.02  0.3    4 10.9 21 290   M    M   8        27 280
 8  34   6  20 -11  45   0 0.00  0.0    4  5.9 13  40   M    M   2        14 240
 9  38   7  23  -9  42   0 0.00  0.0    3  7.6 18 120   M    M   4        22 120
10  43  37  40   8  25   0 0.42  0.0    2 21.2 38 260   M    M  10 1      50 250
11  38  31  35   3  30   0    T  0.1    T 18.9 31 270   M    M   9        41 250
12  39  27  33   0  32   0    T    T    T 10.9 18 260   M    M   6        24 260
13  46  23  35   2  30   0    T    T    0  4.6 10 180   M    M   8        13 170
14  70  41  56  23   9   0 0.01  0.0    0  9.0 29 200   M    M   9        38 200
15  59  38  49  15  16   0    T  0.0    0 20.7 33 260   M    M   9        48 270
16  38  28  33  -1  32   0 0.02  0.4    0 17.5 32 290   M    M   7 18     44 310
17  36  25  31  -3  34   0 0.01  0.1    T 11.0 20 310   M    M   7 1      29 310
18  39  26  33  -2  32   0 0.10  2.7    2  7.8 22 320   M    M   7 12     27 320
================================================================================
SM  673  384       636   0  0.82     7.9 198.1          M      133
================================================================================
AV 37.4 21.3                              11.0 FASTST   M    M   7    MAX(MPH)
                                 MISC ---->  # 38 260               # 50  250
================================================================================
NOTES:
# LAST OF SEVERAL OCCURRENCES

COLUMN 17 PEAK WIND IN M.P.H.

PRELIMINARY LOCAL CLIMATOLOGICAL DATA (WS FORM: F-6) , PAGE 2

                                          STATION:  ROCHESTER NY
                                          MONTH:    MARCH
                                          YEAR:     2019
                                          LATITUDE:   43  7 N
                                          LONGITUDE:  77 40 W

[TEMPERATURE DATA]      [PRECIPITATION DATA]       SYMBOLS USED IN COLUMN 16

AVERAGE MONTHLY: 29.4   TOTAL FOR MONTH:   0.82    1 = FOG OR MIST
DPTR FM NORMAL:  -2.5   DPTR FM NORMAL:   -0.59    2 = FOG REDUCING VISIBILITY
HIGHEST:    70 ON 14    GRTST 24HR  0.42 ON 10-10      TO 1/4 MILE OR LESS
LOWEST:      6 ON  8                               3 = THUNDER
                        SNOW, ICE PELLETS, HAIL    4 = ICE PELLETS
                        TOTAL MONTH:   7.9 INCHES  5 = HAIL
                        GRTST 24HR   2.7 ON 18-18  6 = FREEZING RAIN OR DRIZZLE
                        GRTST DEPTH:   6 ON  4     7 = DUSTSTORM OR SANDSTORM:
                                                       VSBY 1/2 MILE OR LESS
                                                   8 = SMOKE OR HAZE
[NO. OF DAYS WITH]      [WEATHER - DAYS WITH]      9 = BLOWING SNOW
                                                   X = TORNADO
MAX 32 OR BELOW:   5    0.01 INCH OR MORE:  10
MAX 90 OR ABOVE:   0    0.10 INCH OR MORE:   2
MIN 32 OR BELOW:  15    0.50 INCH OR MORE:   0
MIN  0 OR BELOW:   0    1.00 INCH OR MORE:   0

[HDD (BASE 65) ]
TOTAL THIS MO.   636    CLEAR  (SCALE 0-3)   1
DPTR FM NORMAL    40    PTCLDY (SCALE 4-7)  11
TOTAL FM JUL 1  5256    CLOUDY (SCALE 8-10)  6
DPTR FM NORMAL  -126

[CDD (BASE 65) ]
TOTAL THIS MO.     0
DPTR FM NORMAL     0    [PRESSURE DATA]
TOTAL FM JAN 1     0    HIGHEST SLP M ON M
DPTR FM NORMAL     0    LOWEST  SLP 29.51 ON 15

[REMARKS]
