000
CXUS55 KABQ 231000
CF6ROW
PRELIMINARY LOCAL CLIMATOLOGICAL DATA (WS FORM: F-6)

                                          STATION:   ROSWELL NM
                                          MONTH:     MARCH
                                          YEAR:      2019
                                          LATITUDE:   33 17 N
                                          LONGITUDE: 104 32 W

  TEMPERATURE IN F:       :PCPN:    SNOW:  WIND      :SUNSHINE: SKY     :PK WND
================================================================================
1   2   3   4   5  6A  6B    7    8   9   10  11  12  13   14  15   16   17  18
                                     12Z  AVG MX 2MIN
DY MAX MIN AVG DEP HDD CDD  WTR  SNW DPTH SPD SPD DIR MIN PSBL S-S WX    SPD DR
================================================================================

 1  81  37  59  10   6   0 0.00  0.0    0  4.7 16 150   M    M   0        21 150
 2  71  40  56   7   9   0 0.00  0.0    0 10.0 23  10   M    M   1        28  10
 3  49  27  38 -12  27   0    T  0.0    0  9.0 18  80   M    M   8 168    21  70
 4  31  22  27 -23  38   0 0.01    M    0  7.2 15  60   M    M   8 16     18  50
 5  47  16  32 -18  33   0 0.00  0.0    0  4.6 12 220   M    M   0        16 130
 6  66  25  46  -4  19   0 0.00  0.0    0  8.0 18 170   M    M   0        24 180
 7  79  37  58   8   7   0 0.00  0.0    0  8.5 31 260   M    M   1 78     37 260
 8  82  48  65  14   0   0 0.05  0.0    0 19.0 43 220   M    M   1 378    51 220
 9  68  35  52   1  13   0 0.00  0.0    0  8.0 28 260   M    M   M 7      34 260
10  70  47  59   8   6   0 0.00  0.0    0 11.1 26 180   M    M   4        31 170
11  60  41  51   0  14   0 0.00  0.0    0  8.1 20 170   M    M   6 18     23 170
12  63  46  55   3  10   0 0.35  0.0    0 10.2 38 250   M    M  10 123    47 250
13  62  40  51  -1  14   0 0.00  0.0    0 26.1 59 250   M    M   1 78     70 250
14  58  32  45  -7  20   0 0.00  0.0    0  7.2 17 300   M    M   3 7      22 290
15  51  30  41 -11  24   0 0.00  0.0    0  6.0 14 140   M    M   1        19 160
16  51  34  43 -10  22   0    T  0.0    0  6.8 23 200   M    M   5        27 200
17  62  33  48  -5  17   0 0.00  0.0    0  7.0 16 180   M    M   0        25 180
18  64  35  50  -3  15   0 0.00  0.0    0  6.8 16 160   M    M   0        23 180
19  72  32  52  -1  13   0 0.00  0.0    0  8.1 21  30   M    M   1        26 150
20  60  43  52  -2  13   0 0.00  0.0    0  7.9 18  20   M    M   5        24 360
21  61  40  51  -3  14   0 0.01  0.0    0  5.5 18 130   M    M   7 18     22 170
22  78  46  62   8   3   0 0.00  0.0    0 13.8 35 200   M    M   4        42 210
================================================================================
SM 1386  786       337   0  0.42     0.0 203.6          M       66
================================================================================
AV 63.0 35.7                               9.3 FASTST   M    M   3    MAX(MPH)
                                 MISC ---->  # 59 250               # 70  250
================================================================================
NOTES:
# LAST OF SEVERAL OCCURRENCES

COLUMN 17 PEAK WIND IN M.P.H.

PRELIMINARY LOCAL CLIMATOLOGICAL DATA (WS FORM: F-6) , PAGE 2

                                          STATION:  ROSWELL NM
                                          MONTH:    MARCH
                                          YEAR:     2019
                                          LATITUDE:   33 17 N
                                          LONGITUDE: 104 32 W

[TEMPERATURE DATA]      [PRECIPITATION DATA]       SYMBOLS USED IN COLUMN 16

AVERAGE MONTHLY: 49.4   TOTAL FOR MONTH:   0.42    1 = FOG OR MIST
DPTR FM NORMAL:  -2.2   DPTR FM NORMAL:    0.06    2 = FOG REDUCING VISIBILITY
HIGHEST:    82 ON  8    GRTST 24HR  0.35 ON 12-12      TO 1/4 MILE OR LESS
LOWEST:     16 ON  5                               3 = THUNDER
                        SNOW, ICE PELLETS, HAIL    4 = ICE PELLETS
                        TOTAL MONTH:   0.0 INCH    5 = HAIL
                        GRTST 24HR     0.0         6 = FREEZING RAIN OR DRIZZLE
                        GRTST DEPTH:   0           7 = DUSTSTORM OR SANDSTORM:
                                                       VSBY 1/2 MILE OR LESS
                                                   8 = SMOKE OR HAZE
[NO. OF DAYS WITH]      [WEATHER - DAYS WITH]      9 = BLOWING SNOW
                                                   X = TORNADO
MAX 32 OR BELOW:   1    0.01 INCH OR MORE:   4
MAX 90 OR ABOVE:   0    0.10 INCH OR MORE:   1
MIN 32 OR BELOW:   7    0.50 INCH OR MORE:   0
MIN  0 OR BELOW:   0    1.00 INCH OR MORE:   0

[HDD (BASE 65) ]
TOTAL THIS MO.   337    CLEAR  (SCALE 0-3)  12
DPTR FM NORMAL    38    PTCLDY (SCALE 4-7)   8
TOTAL FM JUL 1  2920    CLOUDY (SCALE 8-10)  1
DPTR FM NORMAL   -86

[CDD (BASE 65) ]
TOTAL THIS MO.     0
DPTR FM NORMAL     0    [PRESSURE DATA]
TOTAL FM JAN 1     0    HIGHEST SLP M ON M
DPTR FM NORMAL     0    LOWEST  SLP 29.36 ON 13

[REMARKS]
