855
CXUS54 KFWD 220730
CF6RPH
PRELIMINARY LOCAL CLIMATOLOGICAL DATA (WS FORM: F-6)

                                          STATION:   GRAHAM
                                          MONTH:     MAY
                                          YEAR:      2019
                                          LATITUDE:   33  6 N
                                          LONGITUDE:  98 30 W

  TEMPERATURE IN F:       :PCPN:    SNOW:  WIND      :SUNSHINE: SKY     :PK WND
================================================================================
1   2   3   4   5  6A  6B    7    8   9   10  11  12  13   14  15   16   17  18
                                     12Z  AVG MX 2MIN
DY MAX MIN AVG DEP HDD CDD  WTR  SNW DPTH SPD SPD DIR MIN PSBL S-S WX    SPD DR
================================================================================

 1  83  57  70   3   0   5 0.21  0.0    0  6.8 24 320   M    M   6        44 320
 2  71  57  64  -3   1   0 0.12  0.0    0  5.8 20 260   M    M   3        30 110
 3  77  56  67   0   0   2 0.03  0.0    0  2.9 12  70   M    M   3        18  70
 4  74  58  66  -2   0   1 0.00  0.0    0  4.1  8  40   M    M   4         M  M
 5  82  55  69   1   0   4 0.00  0.0    0  5.1 14 160   M    M   1        21 160
 6  83  67  75   7   0  10 0.00  0.0    0  7.9 14 130   M    M   0        21 150
 7  84  63  74   6   0   9 0.00  0.0    0  6.8 14 150   M    M   4        23 150
 8  75  57  66  -3   0   1 0.18  0.0    0  6.4 20 360   M    M   5        44 360
 9  64  49  57 -12   8   0 0.00  0.0    0  8.8 16 340   M    M   8        24 340
10  59  45  52 -17  13   0 0.01  0.0    0  6.3 15  10   M    M   9        20 350
11  60  47  54 -16  11   0 0.28    M    0  3.8 13  50   M    M   8        23  50
12  75  44  60 -10   5   0 0.00  0.0    0  0.9  7 190   M    M   3         M  M
13  82  49  66  -4   0   1 0.00  0.0    0  2.6  8 160   M    M   0         M  M
14  83  53  68  -3   0   3 0.00  0.0    0  2.6  7 190   M    M   0         M  M
15  85  56  71   0   0   6 0.00  0.0    0  2.0  7 150   M    M   1         M  M
16  86  64  75   4   0  10 0.00  0.0    0  4.8 10 120   M    M   0         M  M
17  85  69  77   5   0  12 0.00  0.0    0 10.0 15 160   M    M   2        24 150
18  85  58  72   0   0   7 1.19  0.0    0  6.6 16 270   M    M   2 3      27 120
19  81  51  66  -6   0   1 0.00  0.0    0  2.9  6  70   M    M   0         M  M
20  86  67  77   5   0  12 0.00  0.0    0 10.3 20 150   M    M   3        29 150
21  80  62  71  -2   0   6 0.06  0.0    0  8.6 23 240   M    M   2        29 220
================================================================================
SM 1640 1184        38  90  2.08     0.0 116.0          M       64
================================================================================
AV 78.1 56.4                               5.5 FASTST   M    M   3    MAX(MPH)
                                 MISC ---->  # 24 320               # 44  320
================================================================================
NOTES:
# LAST OF SEVERAL OCCURRENCES

COLUMN 17 PEAK WIND IN M.P.H.

PRELIMINARY LOCAL CLIMATOLOGICAL DATA (WS FORM: F-6) , PAGE 2

                                          STATION:  GRAHAM
                                          MONTH:    MAY
                                          YEAR:     2019
                                          LATITUDE:   33  6 N
                                          LONGITUDE:  98 30 W

[TEMPERATURE DATA]      [PRECIPITATION DATA]       SYMBOLS USED IN COLUMN 16

AVERAGE MONTHLY: 67.2   TOTAL FOR MONTH:   2.08    1 = FOG OR MIST
DPTR FM NORMAL:  -2.5   DPTR FM NORMAL:   -0.60    2 = FOG REDUCING VISIBILITY
HIGHEST:    86 ON 20,16 GRTST 24HR  1.19 ON 18-18      TO 1/4 MILE OR LESS
LOWEST:     44 ON 12                               3 = THUNDER
                        SNOW, ICE PELLETS, HAIL    4 = ICE PELLETS
                        TOTAL MONTH:   0.0 INCH    5 = HAIL
                        GRTST 24HR     0.0         6 = FREEZING RAIN OR DRIZZLE
                        GRTST DEPTH:   0           7 = DUSTSTORM OR SANDSTORM:
                                                       VSBY 1/2 MILE OR LESS
                                                   8 = SMOKE OR HAZE
[NO. OF DAYS WITH]      [WEATHER - DAYS WITH]      9 = BLOWING SNOW
                                                   X = TORNADO
MAX 32 OR BELOW:   0    0.01 INCH OR MORE:   8
MAX 90 OR ABOVE:   0    0.10 INCH OR MORE:   5
MIN 32 OR BELOW:   0    0.50 INCH OR MORE:   1
MIN  0 OR BELOW:   0    1.00 INCH OR MORE:   1

[HDD (BASE 65) ]
TOTAL THIS MO.    38    CLEAR  (SCALE 0-3)  13
DPTR FM NORMAL    11    PTCLDY (SCALE 4-7)   7
TOTAL FM JUL 1  2874    CLOUDY (SCALE 8-10)  1
DPTR FM NORMAL   -35

[CDD (BASE 65) ]
TOTAL THIS MO.    90
DPTR FM NORMAL   -32    [PRESSURE DATA]
TOTAL FM JAN 1   202    HIGHEST SLP M ON M
DPTR FM NORMAL    -9    LOWEST  SLP M ON M

[REMARKS]
