000
CXUS56 KFGZ 230900
CF6RQE
PRELIMINARY LOCAL CLIMATOLOGICAL DATA (WS FORM: F-6)

                                          STATION:   WINDOW ROCK AZ AIRPORT
                                          MONTH:     MAY
                                          YEAR:      2019
                                          LATITUDE:   35 39 N
                                          LONGITUDE: 109  4 W

  TEMPERATURE IN F:       :PCPN:    SNOW:  WIND      :SUNSHINE: SKY     :PK WND
================================================================================
1   2   3   4   5  6A  6B    7    8   9   10  11  12  13   14  15   16   17  18
                                     12Z  AVG MX 2MIN
DY MAX MIN AVG DEP HDD CDD  WTR  SNW DPTH SPD SPD DIR MIN PSBL S-S WX    SPD DR
================================================================================

 1  65  40  53   3  12   0 0.00    M    M  9.4 28 240   M    M   4        35 220
 2  69  29  49  -2  16   0 0.00    M    M  6.0 23 230   M    M   0        30 230
 3  70  27  49  -2  16   0 0.00    M    M  3.5 17 290   M    M   0        22 270
 4  73  28  51   0  14   0 0.00    M    M  4.4 21 250   M    M   1        26 250
 5  74  33  54   2  11   0 0.00    M    M  5.6 24 240   M    M   0        30 240
 6  71  33  52   0  13   0 0.00    M    M  6.9 21 180   M    M   0        27 170
 7  64  30  47  -5  18   0    T    M    M  9.1 23 180   M    M   3 3      33 160
 8  53  36  45  -7  20   0 0.03    M    M  7.3 21 260   M    M   6 13     29 240
 9  58  28  43 -10  22   0 0.10    M    M  5.4 24 270   M    M   6 1      31 260
10  50  38  44  -9  21   0 0.40    M    M  4.1 14 200   M    M   9 1      19 180
11  57  38  48  -5  17   0 0.18    M    M  4.9 15 280   M    M   5 3      19 280
12  67  33  50  -4  15   0 0.00    M    M  3.8 21 190   M    M   2 1      26 190
13  75  37  56   2   9   0    T    M    M  2.8 13 330   M    M   2        18 130
14  78  37  58   4   7   0 0.00    M    M  2.5 22 240   M    M   2        27 240
15  77  40  59   4   6   0 0.00    M    M  6.8 21 220   M    M   2        30 220
16  76  46  61   6   4   0 0.00    M    M 10.1 33 230   M    M   0        43 230
17  63  39  51  -4  14   0 0.13    M    M 14.1 32 230   M    M   4 13     44 210
18  63  30  47  -9  18   0 0.00    M    M  6.8 21 270   M    M   0        29 250
19  62  38  50  -6  15   0 0.00    M    M 13.2 32 220   M    M   5        46 210
20  49  33  41 -15  24   0 0.37    M    M  9.0 24 270   M    M   7 123    31 260
21  56  34  45 -11  20   0    T    M    M 13.8 35 230   M    M   8 1      40 230
22  58  35  47 -10  18   0 0.00    M    M  8.3 23 240   M    M   7        31 230
================================================================================
SM 1428  762       330   0  1.21    M    157.8          M       73
================================================================================
AV 64.9 34.6                               7.2 FASTST   M    M   3    MAX(MPH)
                                 MISC ---->  # 35 230               # 46  210
================================================================================
NOTES:
# LAST OF SEVERAL OCCURRENCES

COLUMN 17 PEAK WIND IN M.P.H.

PRELIMINARY LOCAL CLIMATOLOGICAL DATA (WS FORM: F-6) , PAGE 2

                                          STATION:  WINDOW ROCK AZ AIRPORT
                                          MONTH:    MAY
                                          YEAR:     2019
                                          LATITUDE:   35 39 N
                                          LONGITUDE: 109  4 W

[TEMPERATURE DATA]      [PRECIPITATION DATA]       SYMBOLS USED IN COLUMN 16

AVERAGE MONTHLY: 49.8   TOTAL FOR MONTH:   1.21    1 = FOG OR MIST
DPTR FM NORMAL:  -3.8   DPTR FM NORMAL:    0.73    2 = FOG REDUCING VISIBILITY
HIGHEST:    78 ON 14    GRTST 24HR  0.40 ON 10-10      TO 1/4 MILE OR LESS
LOWEST:     27 ON  3                               3 = THUNDER
                        SNOW, ICE PELLETS, HAIL    4 = ICE PELLETS
                        TOTAL MONTH:    M          5 = HAIL
                        GRTST 24HR    M  ON   M    6 = FREEZING RAIN OR DRIZZLE
                        GRTST DEPTH:  M  ON   M    7 = DUSTSTORM OR SANDSTORM:
                                                       VSBY 1/2 MILE OR LESS
                                                   8 = SMOKE OR HAZE
[NO. OF DAYS WITH]      [WEATHER - DAYS WITH]      9 = BLOWING SNOW
                                                   X = TORNADO
MAX 32 OR BELOW:   0    0.01 INCH OR MORE:   6
MAX 90 OR ABOVE:   0    0.10 INCH OR MORE:   5
MIN 32 OR BELOW:   6    0.50 INCH OR MORE:   0
MIN  0 OR BELOW:   0    1.00 INCH OR MORE:   0

[HDD (BASE 65) ]
TOTAL THIS MO.   330    CLEAR  (SCALE 0-3)  12
DPTR FM NORMAL    76    PTCLDY (SCALE 4-7)   8
TOTAL FM JUL 1  6073    CLOUDY (SCALE 8-10)  2
DPTR FM NORMAL  -187

[CDD (BASE 65) ]
TOTAL THIS MO.     0
DPTR FM NORMAL     0    [PRESSURE DATA]
TOTAL FM JAN 1     0    HIGHEST SLP M ON M
DPTR FM NORMAL     0    LOWEST  SLP 29.51 ON 22

[REMARKS]
