000
CXUS53 KARX 200930
CF6RST
PRELIMINARY LOCAL CLIMATOLOGICAL DATA (WS FORM: F-6)

                                          STATION:   ROCHESTER MN
                                          MONTH:     MARCH
                                          YEAR:      2019
                                          LATITUDE:   43 55 N
                                          LONGITUDE:  92 30 W

  TEMPERATURE IN F:       :PCPN:    SNOW:  WIND      :SUNSHINE: SKY     :PK WND
================================================================================
1   2   3   4   5  6A  6B    7    8   9   10  11  12  13   14  15   16   17  18
                                     12Z  AVG MX 2MIN
DY MAX MIN AVG DEP HDD CDD  WTR  SNW DPTH SPD SPD DIR MIN PSBL S-S WX    SPD DR
================================================================================

 1  21   6  14 -12  51   0 0.16  3.1   23  6.1 12 300   M    M   9 12     15 300
 2  17  -1   8 -18  57   0    T    T   25 13.0 20 330   M    M   6 18     24 330
 3  -1 -17  -9 -35  74   0 0.00  0.0   24 15.1 23 290   M    M   0 8      27 280
 4   3 -17  -7 -34  72   0    T    T   22 14.4 23 250   M    M   2 18     29 250
 5  11  -3   4 -23  61   0    T  0.1   21 14.9 28 300   M    M   3 189    36 300
 6  16  -5   6 -22  59   0 0.00  0.0   20 11.3 20 270   M    M   2        23 280
 7  20  -2   9 -19  56   0 0.00  0.0   20  6.6 12 150   M    M   1 1      15 140
 8  31  16  24  -5  41   0 0.00  0.0   18 10.3 16 150   M    M   8 18     21 150
 9  35  25  30   1  35   0 0.37  1.4   17 16.7 29 110   M    M   8 16     37 100
10  30  15  23  -7  42   0 0.01  0.1   18 20.1 32 280   M    M   5 189    42 280
11  27   9  18 -12  47   0 0.00  0.0   16  8.1 14 300   M    M   0        17 280
12  37  13  25  -5  40   0 0.67  0.0   16 17.1 24 160   M    M   6 1      35 160
13  41  34  38   7  27   0 0.07  0.0   11 15.0 24 130   M    M  10 12     33 120
14  42  32  37   6  28   0 0.18  0.1    6 14.2 27 310   M    M  10 12     45 310
15  33  27  30  -2  35   0    T    T    4 22.9 33 320   M    M   8 1      42 320
16  31  18  25  -7  40   0 0.00  0.0    3  7.7 22 330   M    M   2        28 320
17  33  19  26  -7  39   0 0.00  0.0    3  9.9 16 280   M    M   7 1      21 290
18  36  20  28  -5  37   0 0.00  0.0    3  8.4 15 250   M    M   1 1      18 240
19  41  22  32  -2  33   0 0.00  0.0    1 11.5 18 200   M    M   0        23 190
================================================================================
SM  504  211       874   0  1.46     4.8 243.3          M       88
================================================================================
AV 26.5 11.1                              12.8 FASTST   M    M   5    MAX(MPH)
                                 MISC ---->  # 33 320               # 45  310
================================================================================
NOTES:
# LAST OF SEVERAL OCCURRENCES

COLUMN 17 PEAK WIND IN M.P.H.

PRELIMINARY LOCAL CLIMATOLOGICAL DATA (WS FORM: F-6) , PAGE 2

                                          STATION:  ROCHESTER MN
                                          MONTH:    MARCH
                                          YEAR:     2019
                                          LATITUDE:   43 55 N
                                          LONGITUDE:  92 30 W

[TEMPERATURE DATA]      [PRECIPITATION DATA]       SYMBOLS USED IN COLUMN 16

AVERAGE MONTHLY: 18.8   TOTAL FOR MONTH:   1.46    1 = FOG OR MIST
DPTR FM NORMAL: -10.8   DPTR FM NORMAL:    0.45    2 = FOG REDUCING VISIBILITY
HIGHEST:    42 ON 14    GRTST 24HR  0.67 ON 12-12      TO 1/4 MILE OR LESS
LOWEST:    -17 ON  4, 3                            3 = THUNDER
                        SNOW, ICE PELLETS, HAIL    4 = ICE PELLETS
                        TOTAL MONTH:   4.8 INCHES  5 = HAIL
                        GRTST 24HR   3.1 ON  1- 1  6 = FREEZING RAIN OR DRIZZLE
                        GRTST DEPTH:  25 ON  2     7 = DUSTSTORM OR SANDSTORM:
                                                       VSBY 1/2 MILE OR LESS
                                                   8 = SMOKE OR HAZE
[NO. OF DAYS WITH]      [WEATHER - DAYS WITH]      9 = BLOWING SNOW
                                                   X = TORNADO
MAX 32 OR BELOW:  11    0.01 INCH OR MORE:   6
MAX 90 OR ABOVE:   0    0.10 INCH OR MORE:   4
MIN 32 OR BELOW:  18    0.50 INCH OR MORE:   1
MIN  0 OR BELOW:   6    1.00 INCH OR MORE:   0

[HDD (BASE 65) ]
TOTAL THIS MO.   874    CLEAR  (SCALE 0-3)   9
DPTR FM NORMAL   201    PTCLDY (SCALE 4-7)   7
TOTAL FM JUL 1  7230    CLOUDY (SCALE 8-10)  3
DPTR FM NORMAL   696

[CDD (BASE 65) ]
TOTAL THIS MO.     0
DPTR FM NORMAL     0    [PRESSURE DATA]
TOTAL FM JAN 1     0    HIGHEST SLP M ON M
DPTR FM NORMAL     0    LOWEST  SLP 29.21 ON 14

[REMARKS]
