000
CXUS55 KTBW 241000
CF6RSW
PRELIMINARY LOCAL CLIMATOLOGICAL DATA (WS FORM: F-6)

                                          STATION:   Fort Myers SW Intl
                                          MONTH:     MARCH
                                          YEAR:      2019
                                          LATITUDE:   26 31 N
                                          LONGITUDE:  81 45 W

  TEMPERATURE IN F:       :PCPN:    SNOW:  WIND      :SUNSHINE: SKY     :PK WND
================================================================================
1   2   3   4   5  6A  6B    7    8   9   10  11  12  13   14  15   16   17  18
                                     12Z  AVG MX 2MIN
DY MAX MIN AVG DEP HDD CDD  WTR  SNW DPTH SPD SPD DIR MIN PSBL S-S WX    SPD DR
================================================================================

 1  82  62  72   5   0   7 0.00  0.0    0  4.9 13 240   M    M   0        16 250
 2  85  65  75   8   0  10 0.00  0.0    0  3.4 16 230   M    M   1        18 230
 3  82  63  73   6   0   8 0.00  0.0    0  6.4 20 240   M    M   1 12     24 240
 4  83  68  76   9   0  11    T  0.0    0  7.6 17 240   M    M   4 1      26 210
 5  72  55  64  -3   1   0 0.01  0.0    0  6.9 15 360   M    M   9 1      24 330
 6  68  48  58  -9   7   0 0.00  0.0    0  9.2 16  20   M    M   0        22  20
 7  76  45  61  -6   4   0 0.00  0.0    0  8.5 17  90   M    M   0        23  90
 8  82  54  68   0   0   3    T  0.0    0  6.6 15  90   M    M   3        30  40
 9  83  61  72   4   0   7 0.00  0.0    0  6.3 16 160   M    M   3        21 160
10  84  64  74   6   0   9 0.00  0.0    0  6.6 17 240   M    M   3 12     21 250
11  86  68  77   9   0  12 0.00  0.0    0  4.0 16 230   M    M   3        18 240
12  87  67  77   9   0  12 0.00  0.0    0  6.2 17  40   M    M   2        34 220
13  84  65  75   7   0  10 0.00  0.0    0 11.3 22 100   M    M   1        31 130
14  85  63  74   6   0   9 0.00  0.0    0  8.4 17 130   M    M   2        30  90
15  83  66  75   7   0  10 0.04  0.0    0  7.0 15 170   M    M   8 1      19 150
16  82  69  76   8   0  11 0.05  0.0    0  6.5 25  40   M    M   6 1      34 160
17  84  67  76   8   0  11 0.00  0.0    0  7.1 14 240   M    M   6 1      18 250
18  75  59  67  -1   0   2 0.02  0.0    0  9.7 17  30   M    M   7 1      23  30
19  64  56  60  -9   5   0 1.18  0.0    0 11.3 21  70   M    M   9 1      26  30
20  74  59  67  -2   0   2 0.01  0.0    0  8.5 15  50   M    M   9        20  50
21  75  59  67  -2   0   2 0.00  0.0    0  6.5 16 300   M    M   3 8      23 310
22  75  57  66  -3   0   1 0.00  0.0    0  6.3 16  30   M    M   0        24 230
23  77  53  65  -4   0   0 0.00  0.0    0  5.0 12 240   M    M   0        16 120
================================================================================
SM 1828 1393        17 137  1.31     0.0 164.2          M       80
================================================================================
AV 79.5 60.6                               7.1 FASTST   M    M   3    MAX(MPH)
                                 MISC ---->  # 25  40               # 34  220
================================================================================
NOTES:
# LAST OF SEVERAL OCCURRENCES

COLUMN 17 PEAK WIND IN M.P.H.

PRELIMINARY LOCAL CLIMATOLOGICAL DATA (WS FORM: F-6) , PAGE 2

                                          STATION:  Fort Myers SW Intl
                                          MONTH:    MARCH
                                          YEAR:     2019
                                          LATITUDE:   26 31 N
                                          LONGITUDE:  81 45 W

[TEMPERATURE DATA]      [PRECIPITATION DATA]       SYMBOLS USED IN COLUMN 16

AVERAGE MONTHLY: 70.0   TOTAL FOR MONTH:   1.31    1 = FOG OR MIST
DPTR FM NORMAL:   2.1   DPTR FM NORMAL:   -1.11    2 = FOG REDUCING VISIBILITY
HIGHEST:    87 ON 12    GRTST 24HR  1.18 ON 19-19      TO 1/4 MILE OR LESS
LOWEST:     45 ON  7                               3 = THUNDER
                        SNOW, ICE PELLETS, HAIL    4 = ICE PELLETS
                        TOTAL MONTH:   0.0 INCH    5 = HAIL
                        GRTST 24HR     0.0         6 = FREEZING RAIN OR DRIZZLE
                        GRTST DEPTH:   0           7 = DUSTSTORM OR SANDSTORM:
                                                       VSBY 1/2 MILE OR LESS
                                                   8 = SMOKE OR HAZE
[NO. OF DAYS WITH]      [WEATHER - DAYS WITH]      9 = BLOWING SNOW
                                                   X = TORNADO
MAX 32 OR BELOW:   0    0.01 INCH OR MORE:   6
MAX 90 OR ABOVE:   0    0.10 INCH OR MORE:   1
MIN 32 OR BELOW:   0    0.50 INCH OR MORE:   1
MIN  0 OR BELOW:   0    1.00 INCH OR MORE:   1

[HDD (BASE 65) ]
TOTAL THIS MO.    17    CLEAR  (SCALE 0-3)  14
DPTR FM NORMAL   -14    PTCLDY (SCALE 4-7)   5
TOTAL FM JUL 1   223    CLOUDY (SCALE 8-10)  4
DPTR FM NORMAL     2

[CDD (BASE 65) ]
TOTAL THIS MO.   137
DPTR FM NORMAL    43    [PRESSURE DATA]
TOTAL FM JAN 1   404    HIGHEST SLP M ON M
DPTR FM NORMAL   156    LOWEST  SLP 29.92 ON  3

[REMARKS]
