000
CXUS52 KTBW 251000
CF6RSW
PRELIMINARY LOCAL CLIMATOLOGICAL DATA (WS FORM: F-6)

                                          STATION:   Fort Myers SW Intl
                                          MONTH:     MAY
                                          YEAR:      2019
                                          LATITUDE:   26 31 N
                                          LONGITUDE:  81 45 W

  TEMPERATURE IN F:       :PCPN:    SNOW:  WIND      :SUNSHINE: SKY     :PK WND
================================================================================
1   2   3   4   5  6A  6B    7    8   9   10  11  12  13   14  15   16   17  18
                                     12Z  AVG MX 2MIN
DY MAX MIN AVG DEP HDD CDD  WTR  SNW DPTH SPD SPD DIR MIN PSBL S-S WX    SPD DR
================================================================================

 1  84  68  76   0   0  11 0.13  0.0    0 10.9 32 100   M    M   3 18     42  70
 2  85  71  78   2   0  13    T  0.0    0  8.2 20 210   M    M   5 3      22 220
 3  88  70  79   3   0  14 0.00  0.0    0  7.5 20 240   M    M   2 1      24 230
 4  91  70  81   5   0  16 0.00  0.0    0  8.4 21 230   M    M   1        26 230
 5  89  73  81   5   0  16 0.00  0.0    0  8.2 23 230   M    M   2        30 230
 6  88  74  81   5   0  16 0.00  0.0    0  6.5 20 240   M    M   2        24 250
 7  93  71  82   6   0  17    T  0.0    0  5.2 23  80   M    M   2 3      28  80
 8  91  69  80   3   0  15    T  0.0    0  9.3 21  80   M    M   4 123    27  90
 9  91  70  81   4   0  16 3.59  0.0    0  6.9 20 120   M    M   5 123    26  30
10  92  69  81   4   0  16 1.37  0.0    0  6.6 25 180   M    M   4 13     32 180
11  88  72  80   3   0  15 0.04  0.0    0  7.2 17 230   M    M   3 3      23 260
12  90  74  82   5   0  17 0.04  0.0    0  8.7 21 230   M    M   1        24 230
13  89  74  82   5   0  17 0.00  0.0    0 10.1 25 240   M    M   2        30 230
14  86  73  80   3   0  15 0.00  0.0    0  4.1 15 280   M    M   1        23 270
15  88  73  81   4   0  16 0.03  0.0    0  4.0 14 240   M    M   2 1      16 240
16  88  70  79   1   0  14 0.00  0.0    0  8.9 17  90   M    M   3        25 130
17  90  67  79   1   0  14 0.00  0.0    0  8.3 17  80   M    M   1        32  90
18  92  65  79   1   0  14 0.00  0.0    0  6.7 16 140   M    M   1 3      21 130
19  93  70  82   4   0  17 0.00  0.0    0  7.1 17 160   M    M   3 3      21 160
20  94  71  83   5   0  18 0.00  0.0    0  3.8 15 110   M    M   4 3      20 140
21  93  71  82   4   0  17 0.49  0.0    0  5.2 21 170   M    M   3 1      24 180
22  93  72  83   5   0  18 0.00  0.0    0  8.5 21  90   M    M   1        26  90
23  92  72  82   3   0  17 0.00  0.0    0 11.9 23  70   M    M   2        28  90
24  90  67  79   0   0  14    T  0.0    0 10.7 23  80   M    M   0        27  50
================================================================================
SM 2158 1696         0 373  5.69     0.0 182.9          M       57
================================================================================
AV 89.9 70.7                               7.6 FASTST   M    M   2    MAX(MPH)
                                 MISC ---->  # 32 100               # 42   70
================================================================================
NOTES:
# LAST OF SEVERAL OCCURRENCES

COLUMN 17 PEAK WIND IN M.P.H.

PRELIMINARY LOCAL CLIMATOLOGICAL DATA (WS FORM: F-6) , PAGE 2

                                          STATION:  Fort Myers SW Intl
                                          MONTH:    MAY
                                          YEAR:     2019
                                          LATITUDE:   26 31 N
                                          LONGITUDE:  81 45 W

[TEMPERATURE DATA]      [PRECIPITATION DATA]       SYMBOLS USED IN COLUMN 16

AVERAGE MONTHLY: 80.3   TOTAL FOR MONTH:   5.69    1 = FOG OR MIST
DPTR FM NORMAL:   3.1   DPTR FM NORMAL:    4.11    2 = FOG REDUCING VISIBILITY
HIGHEST:    94 ON 20    GRTST 24HR  3.59 ON  9- 9      TO 1/4 MILE OR LESS
LOWEST:     65 ON 18                               3 = THUNDER
                        SNOW, ICE PELLETS, HAIL    4 = ICE PELLETS
                        TOTAL MONTH:   0.0 INCH    5 = HAIL
                        GRTST 24HR     0.0         6 = FREEZING RAIN OR DRIZZLE
                        GRTST DEPTH:   0           7 = DUSTSTORM OR SANDSTORM:
                                                       VSBY 1/2 MILE OR LESS
                                                   8 = SMOKE OR HAZE
[NO. OF DAYS WITH]      [WEATHER - DAYS WITH]      9 = BLOWING SNOW
                                                   X = TORNADO
MAX 32 OR BELOW:   0    0.01 INCH OR MORE:   7
MAX 90 OR ABOVE:  14    0.10 INCH OR MORE:   4
MIN 32 OR BELOW:   0    0.50 INCH OR MORE:   2
MIN  0 OR BELOW:   0    1.00 INCH OR MORE:   2

[HDD (BASE 65) ]
TOTAL THIS MO.     0    CLEAR  (SCALE 0-3)  18
DPTR FM NORMAL     0    PTCLDY (SCALE 4-7)   6
TOTAL FM JUL 1   223    CLOUDY (SCALE 8-10)  0
DPTR FM NORMAL     0

[CDD (BASE 65) ]
TOTAL THIS MO.   373
DPTR FM NORMAL    83    [PRESSURE DATA]
TOTAL FM JAN 1  1127    HIGHEST SLP M ON M
DPTR FM NORMAL   298    LOWEST  SLP 29.86 ON 13

[REMARKS]
