000
CXUS55 KABQ 241000
CF6RTN
PRELIMINARY LOCAL CLIMATOLOGICAL DATA (WS FORM: F-6)

                                          STATION:   RATON AIRPORT NM
                                          MONTH:     MAY
                                          YEAR:      2019
                                          LATITUDE:   36 45 N
                                          LONGITUDE: 104 30 W

  TEMPERATURE IN F:       :PCPN:    SNOW:  WIND      :SUNSHINE: SKY     :PK WND
================================================================================
1   2   3   4   5  6A  6B    7    8   9   10  11  12  13   14  15   16   17  18
                                     12Z  AVG MX 2MIN
DY MAX MIN AVG DEP HDD CDD  WTR  SNW DPTH SPD SPD DIR MIN PSBL S-S WX    SPD DR
================================================================================

 1  71  35  53   1  12   0 0.00    M    M 12.9 30 250   M    M   1        39 250
 2  62  33  48  -4  17   0 0.00  0.0    0  9.9 24 170   M    M   6 1      32 170
 3  70  39  55   2  10   0 0.00    M    M  6.9 17 240   M    M   2        23 190
 4  74  43  59   6   6   0    T    M    M 10.6 22 280   M    M   4 1      30 260
 5  76  35  56   3   9   0 0.00    M    M  7.9 21 170   M    M   1        28 170
 6  80  37  59   6   6   0 0.00    M    M  7.7 32 210   M    M   1 8      41 210
 7  69  45  57   3   8   0 0.09    M    M 12.5 31 190   M    M   4 3      39 200
 8  62  36  49  -5  16   0 0.45    M    M 12.1 29  40   M    M   7 13     36  40
 9  41  33  37 -17  28   0 0.16    M    M  6.8 15 350   M    M  10 1      19 350
10  44  33  39 -16  26   0 0.08    M    M  9.3 18 180   M    M  10 1      21 180
11  62  39  51  -4  14   0 0.06    M    M  8.0 22 300   M    M   9 13     27 350
12  68  35  52  -3  13   0    T    M    M  5.7  9 220   M    M   0        16 200
13  77  36  57   1   8   0    T    M    M  7.5 25 250   0    0   0        44 260
14  80  37  59   3   6   0 0.00    M    M  7.4 16 220   M    M   1 3      23  10
15  81  39  60   4   5   0 0.00    M    M  9.8 35 220   M    M   1 8      40 220
16  82  46  64   8   1   0 0.00    M    M 10.8 37 210   M    M   1 8      49 200
17  75  40  58   1   7   0 0.00    M    M 14.8 35 260   M    M   0 1      42 260
18  65  38  52  -5  13   0 0.00    M    M 13.1 35 280   M    M   1        47 290
19  67  33  50  -7  15   0 0.00    M    M 14.9 36 170   M    M   1        48 170
20  66  35  51  -7  14   0 0.23    M    M 15.2 43 150   M    M   5 3      55 130
21  64  35  50  -8  15   0 0.02    M    M 14.5 33 260   M    M   5 1      43 260
22  73  33  53  -5  12   0 0.00    M    M 14.3 33 200   M    M   1        42 200
23  71  45  58  -1   7   0 0.00    M    M 16.5 45 210   M    M   5 38     53 220
================================================================================
SM 1580  860       268   0  1.09     0.0 249.1            0     76
================================================================================
AV 68.7 37.4                              10.8 FASTST    0   0   3    MAX(MPH)
                                 MISC ---->  # 45 210               # 55  130
================================================================================
NOTES:
# LAST OF SEVERAL OCCURRENCES

COLUMN 17 PEAK WIND IN M.P.H.

PRELIMINARY LOCAL CLIMATOLOGICAL DATA (WS FORM: F-6) , PAGE 2

                                          STATION:  RATON AIRPORT NM
                                          MONTH:    MAY
                                          YEAR:     2019
                                          LATITUDE:   36 45 N
                                          LONGITUDE: 104 30 W

[TEMPERATURE DATA]      [PRECIPITATION DATA]       SYMBOLS USED IN COLUMN 16

AVERAGE MONTHLY: 53.0   TOTAL FOR MONTH:   1.09    1 = FOG OR MIST
DPTR FM NORMAL:  -2.2   DPTR FM NORMAL:   -0.33    2 = FOG REDUCING VISIBILITY
HIGHEST:    82 ON 16    GRTST 24HR  0.45 ON  8- 8      TO 1/4 MILE OR LESS
LOWEST:     33 ON  2, 9                            3 = THUNDER
                        SNOW, ICE PELLETS, HAIL    4 = ICE PELLETS
                        TOTAL MONTH:   0.0 INCH    5 = HAIL
                        GRTST 24HR     0.0         6 = FREEZING RAIN OR DRIZZLE
                        GRTST DEPTH:   0           7 = DUSTSTORM OR SANDSTORM:
                                                       VSBY 1/2 MILE OR LESS
                                                   8 = SMOKE OR HAZE
[NO. OF DAYS WITH]      [WEATHER - DAYS WITH]      9 = BLOWING SNOW
                                                   X = TORNADO
MAX 32 OR BELOW:   0    0.01 INCH OR MORE:   7
MAX 90 OR ABOVE:   0    0.10 INCH OR MORE:   3
MIN 32 OR BELOW:   0    0.50 INCH OR MORE:   0
MIN  0 OR BELOW:   0    1.00 INCH OR MORE:   0

[HDD (BASE 65) ]
TOTAL THIS MO.   268    CLEAR  (SCALE 0-3)  13
DPTR FM NORMAL    41    PTCLDY (SCALE 4-7)   7
TOTAL FM JUL 1  3672    CLOUDY (SCALE 8-10)  3
DPTR FM NORMAL -2322

[CDD (BASE 65) ]
TOTAL THIS MO.     0
DPTR FM NORMAL     0    [PRESSURE DATA]
TOTAL FM JAN 1     0    HIGHEST SLP  0.00 ON 13
DPTR FM NORMAL     0    LOWEST  SLP 29.44 ON 20

[REMARKS]
