000
CXUS55 KABQ 241000
CF6RTN
PRELIMINARY LOCAL CLIMATOLOGICAL DATA (WS FORM: F-6)

                                          STATION:   RATON AIRPORT NM
                                          MONTH:     MARCH
                                          YEAR:      2019
                                          LATITUDE:   36 45 N
                                          LONGITUDE: 104 30 W

  TEMPERATURE IN F:       :PCPN:    SNOW:  WIND      :SUNSHINE: SKY     :PK WND
================================================================================
1   2   3   4   5  6A  6B    7    8   9   10  11  12  13   14  15   16   17  18
                                     12Z  AVG MX 2MIN
DY MAX MIN AVG DEP HDD CDD  WTR  SNW DPTH SPD SPD DIR MIN PSBL S-S WX    SPD DR
================================================================================

 1  63  32  48  12  17   0 0.00    M    M 20.7 46 290   M    M   0        69 300
 2  66  24  45   9  20   0 0.15    M    M 10.6 32 240   M    M   6 18     41 240
 3  24  10  17 -19  48   0 0.25    M    M 10.3 17 180   M    M   9 18     20 180
 4  17   9  13 -24  52   0 0.03    M    M  5.3 10 190   M    M  10 8      13 190
 5  33   1  17 -20  48   0 0.00    M    M  4.0 12 230   M    M   6 128    15 230
 6  66  22  44   7  21   0 0.00    M    M 12.2 35 280   M    M   5 12     47 290
 7  64  36  50  13  15   0 0.00    M    M 21.2 43 260   M    M   0        56 260
 8  64  30  47   9  18   0    T    M    M 15.7 40 270   M    M   2        53 270
 9  58  31  45   7  20   0 0.00    M    M 13.3 31 290   M    M   0        40 300
10  52  20  36  -2  29   0 0.00    M    M 10.8 23 190   M    M   0        29 190
11  55  22  39   0  26   0 0.25    M    M  5.4 21 170   M    M   5 12     24 180
12  63  41  52  13  13   0 0.50    M    M 13.8 40 170   M    M   8 123    47 180
13  48  26  37  -2  28   0 0.01    M    M 12.7 45 300   M    M   7        59 290
14  40  20  30  -9  35   0    T    M    M 11.6 26  60   M    M   7        34  60
15  47  20  34  -6  31   0    T    M    M  5.2 14 190   M    M   3        23 200
16  54  18  36  -4  29   0 0.00    M    M  5.7 15 170   M    M   0        19 160
17  60  19  40   0  25   0 0.00    M    M  7.4 20  30   M    M   1        24  30
18  59  25  42   1  23   0 0.00    M    M 11.9 28 180   M    M   2        36 200
19  51  26  39  -2  26   0 0.31    M    M  9.0 21  60   M    M   6 12     27  50
20  53  21  37  -4  28   0 0.00    M    M  5.8 12 210   M    M   3 128    15 210
21  49  24  37  -4  28   0 0.09    M    M  9.2 28 210   M    M   4 1      34 220
22  47  30  39  -3  26   0 0.27    M    M  8.6 32 260   M    M   7 13     40 250
23  61  22  42   0  23   0 0.00    M    M  9.5 21 290   M    M   1        27 270
================================================================================
SM 1194  529       629   0  1.86    M    239.9          M       92
================================================================================
AV 51.9 23.0                              10.4 FASTST   M    M   4    MAX(MPH)
                                 MISC ---->  # 46 290               # 69  300
================================================================================
NOTES:
# LAST OF SEVERAL OCCURRENCES

COLUMN 17 PEAK WIND IN M.P.H.

PRELIMINARY LOCAL CLIMATOLOGICAL DATA (WS FORM: F-6) , PAGE 2

                                          STATION:  RATON AIRPORT NM
                                          MONTH:    MARCH
                                          YEAR:     2019
                                          LATITUDE:   36 45 N
                                          LONGITUDE: 104 30 W

[TEMPERATURE DATA]      [PRECIPITATION DATA]       SYMBOLS USED IN COLUMN 16

AVERAGE MONTHLY: 37.5   TOTAL FOR MONTH:   1.86    1 = FOG OR MIST
DPTR FM NORMAL:  -1.4   DPTR FM NORMAL:    1.19    2 = FOG REDUCING VISIBILITY
HIGHEST:    66 ON  2, 6 GRTST 24HR  0.50 ON 12-12      TO 1/4 MILE OR LESS
LOWEST:      1 ON  5                               3 = THUNDER
                        SNOW, ICE PELLETS, HAIL    4 = ICE PELLETS
                        TOTAL MONTH:    M          5 = HAIL
                        GRTST 24HR    M  ON   M    6 = FREEZING RAIN OR DRIZZLE
                        GRTST DEPTH:  M  ON   M    7 = DUSTSTORM OR SANDSTORM:
                                                       VSBY 1/2 MILE OR LESS
                                                   8 = SMOKE OR HAZE
[NO. OF DAYS WITH]      [WEATHER - DAYS WITH]      9 = BLOWING SNOW
                                                   X = TORNADO
MAX 32 OR BELOW:   2    0.01 INCH OR MORE:   9
MAX 90 OR ABOVE:   0    0.10 INCH OR MORE:   6
MIN 32 OR BELOW:  21    0.50 INCH OR MORE:   1
MIN  0 OR BELOW:   0    1.00 INCH OR MORE:   0

[HDD (BASE 65) ]
TOTAL THIS MO.   629    CLEAR  (SCALE 0-3)  10
DPTR FM NORMAL    27    PTCLDY (SCALE 4-7)  11
TOTAL FM JUL 1  2807    CLOUDY (SCALE 8-10)  2
DPTR FM NORMAL -2268

[CDD (BASE 65) ]
TOTAL THIS MO.     0
DPTR FM NORMAL     0    [PRESSURE DATA]
TOTAL FM JAN 1     0    HIGHEST SLP M ON M
DPTR FM NORMAL     0    LOWEST  SLP 29.36 ON 13

[REMARKS]
