000
CXUS54 KLZK 191130
CF6RUE
PRELIMINARY LOCAL CLIMATOLOGICAL DATA (WS FORM: F-6)

                                          STATION:   Russellville
                                          MONTH:     MARCH
                                          YEAR:      2019
                                          LATITUDE:   35 15 N
                                          LONGITUDE:  93  6 W

  TEMPERATURE IN F:       :PCPN:    SNOW:  WIND      :SUNSHINE: SKY     :PK WND
================================================================================
1   2   3   4   5  6A  6B    7    8   9   10  11  12  13   14  15   16   17  18
                                     12Z  AVG MX 2MIN
DY MAX MIN AVG DEP HDD CDD  WTR  SNW DPTH SPD SPD DIR MIN PSBL S-S WX    SPD DR
================================================================================

 1  58  36  47  -1  18   0 0.00    M    M  3.3  7 150   M    M  10 18      9 160
 2  46  38  42  -7  23   0 0.00    M    M  5.3 13  60   M    M  10        15  80
 3  38  23  31 -18  34   0 0.06    M    M 10.1 20  20   M    M   9 8      27  20
 4  33  21  27 -22  38   0 0.00    M    M  7.9 14 340   M    M   6        19 290
 5  44  20  32 -18  33   0 0.00    M    M  8.3 20 260   M    M   0        25 250
 6  49  18  34 -16  31   0 0.00    M    M  3.7  9  70   M    M   0        13  90
 7  44  36  40 -10  25   0 0.01    M    M  4.8 12 100   M    M  10 18     17 100
 8  55  43  49  -1  16   0 0.00    M    M  3.5  9 110   M    M  10 1      13 100
 9  75  47  61  10   4   0 0.57    M    M  9.8 30 250   M    M   5 13     57 280
10  59  41  50  -1  15   0    T    M    M  4.2 10 320   M    M   3        13 320
11  62  43  53   2  12   0 0.04    M    M  2.1 10 360   M    M   2        13 360
12  57  47  52   0  13   0 0.25    M    M  6.8 15 110   M    M   9 1      24 110
13  65  45  55   3  10   0 0.44    M    M  6.1 17 200   M    M   7 1      27 200
14  63  46  55   3  10   0 0.08    M    M 14.3 28 270   M    M   3 1      37 300
15  59  34  47  -5  18   0 0.00    M    M 10.1 21 290   M    M   2        28 290
16  60  28  44  -9  21   0 0.00    M    M  1.7  9 260   M    M   0        14 270
17  68  30  49  -4  16   0 0.00    M    M  3.1 15 280   M    M   0        20 260
18  63  38  51  -2  14   0 0.00    M    M  3.9 12  70   M    M   2        15  60
================================================================================
SM  998  634       351   0  1.45    M    109.0          M       88
================================================================================
AV 55.4 35.2                               6.1 FASTST   M    M   5    MAX(MPH)
                                 MISC ---->  # 30 250               # 57  280
================================================================================
NOTES:
# LAST OF SEVERAL OCCURRENCES

COLUMN 17 PEAK WIND IN M.P.H.

PRELIMINARY LOCAL CLIMATOLOGICAL DATA (WS FORM: F-6) , PAGE 2

                                          STATION:  Russellville
                                          MONTH:    MARCH
                                          YEAR:     2019
                                          LATITUDE:   35 15 N
                                          LONGITUDE:  93  6 W

[TEMPERATURE DATA]      [PRECIPITATION DATA]       SYMBOLS USED IN COLUMN 16

AVERAGE MONTHLY: 45.3   TOTAL FOR MONTH:   1.45    1 = FOG OR MIST
DPTR FM NORMAL:  -5.5   DPTR FM NORMAL:   -0.96    2 = FOG REDUCING VISIBILITY
HIGHEST:    75 ON  9    GRTST 24HR  0.57 ON  9- 9      TO 1/4 MILE OR LESS
LOWEST:     18 ON  6                               3 = THUNDER
                        SNOW, ICE PELLETS, HAIL    4 = ICE PELLETS
                        TOTAL MONTH:    M          5 = HAIL
                        GRTST 24HR    M  ON   M    6 = FREEZING RAIN OR DRIZZLE
                        GRTST DEPTH:  M  ON   M    7 = DUSTSTORM OR SANDSTORM:
                                                       VSBY 1/2 MILE OR LESS
                                                   8 = SMOKE OR HAZE
[NO. OF DAYS WITH]      [WEATHER - DAYS WITH]      9 = BLOWING SNOW
                                                   X = TORNADO
MAX 32 OR BELOW:   0    0.01 INCH OR MORE:   7
MAX 90 OR ABOVE:   0    0.10 INCH OR MORE:   3
MIN 32 OR BELOW:   6    0.50 INCH OR MORE:   1
MIN  0 OR BELOW:   0    1.00 INCH OR MORE:   0

[HDD (BASE 65) ]
TOTAL THIS MO.   351    CLEAR  (SCALE 0-3)   8
DPTR FM NORMAL    93    PTCLDY (SCALE 4-7)   4
TOTAL FM JUL 1  3083    CLOUDY (SCALE 8-10)  6
DPTR FM NORMAL   138

[CDD (BASE 65) ]
TOTAL THIS MO.     0
DPTR FM NORMAL     0    [PRESSURE DATA]
TOTAL FM JAN 1     3    HIGHEST SLP M ON M
DPTR FM NORMAL     1    LOWEST  SLP 29.51 ON 13

[REMARKS]
