000
CXUS54 KLZK 261130
CF6RUE
PRELIMINARY LOCAL CLIMATOLOGICAL DATA (WS FORM: F-6)

                                          STATION:   Russellville
                                          MONTH:     MAY
                                          YEAR:      2019
                                          LATITUDE:   35 15 N
                                          LONGITUDE:  93  6 W

  TEMPERATURE IN F:       :PCPN:    SNOW:  WIND      :SUNSHINE: SKY     :PK WND
================================================================================
1   2   3   4   5  6A  6B    7    8   9   10  11  12  13   14  15   16   17  18
                                     12Z  AVG MX 2MIN
DY MAX MIN AVG DEP HDD CDD  WTR  SNW DPTH SPD SPD DIR MIN PSBL S-S WX    SPD DR
================================================================================

 1  77  62  70   4   0   5 1.83    M    M  4.1 36 280   M    M   7 138    51 270
 2  77  63  70   4   0   5 0.69    M    M  2.5 13 350   M    M   6 13     18 350
 3  75  61  68   2   0   3 0.09    M    M  3.2 18 320   M    M   7 1      28 290
 4  72  52  62  -5   3   0 0.00    M    M  4.2 14  10   M    M   7        17 360
 5  76  50  63  -4   2   0 0.00    M    M  2.4  7 150   M    M   0 1      11 210
 6  81  58  70   3   0   5 0.20    M    M  3.3 15 270   M    M   3 13     17 100
 7  84  63  74   6   0   9 0.00    M    M  2.2  8 160   M    M   1 1      13 190
 8  72  61  67  -1   0   2 0.77    M    M  3.8 22  80   M    M   7 13     33  80
 9  78  58  68   0   0   3 0.00    M    M  5.5 18 290   M    M   9 1      24 280
10  59  53  56 -12   9   0 0.16    M    M  4.5 13  10   M    M  10 1      17  10
11  63  54  59 -10   6   0 0.36    M    M  2.3  9 270   M    M  10 1      11 120
12  73  52  63  -6   2   0 0.02    M    M  4.1 15 240   M    M   5 1      20 250
13  79  47  63  -6   2   0 0.00    M    M  2.7 10 290   M    M   1 1      16 100
14  82  59  71   2   0   6 0.00    M    M  2.3 10  90   M    M   2        15 120
15  87  58  73   3   0   8 0.00    M    M  2.5 15 300   M    M   0 1      20 320
16  89  61  75   5   0  10 0.00    M    M  2.5 13 210   M    M   0 1      18 210
17  87  61  74   4   0   9 0.00    M    M  3.7 13 210   M    M   0 1      21 200
18  81  63  72   2   0   7 0.90    M    M  5.8 26 280   M    M   7 13     33 270
19  82  60  71   0   0   6 0.09    M    M  5.6 18 290   M    M   4 1      24 290
20  83  55  69  -2   0   4 0.00    M    M  5.7 15  70   M    M   4        24 110
21  84  56  70  -1   0   5 0.95    M    M  5.2 24 280   M    M   6 13     34 260
22  87  54  71   0   0   6 0.00    M    M  3.6  9 160   M    M   4 1      17 160
23  89  71  80   8   0  15 0.00    M    M  2.7 12 170   M    M   M        16 150
24  89  67  78   6   0  13 0.00    M    M  3.6 14 180   M    M   0 1      18 180
25  89  68  79   7   0  14 0.00    M    M  3.4 12 200   M    M   0        19 230
================================================================================
SM 1995 1467        24 135  6.06    M     91.4          M      100
================================================================================
AV 79.8 58.7                               3.7 FASTST   M    M   4    MAX(MPH)
                                 MISC ---->  # 36 280               # 51  270
================================================================================
NOTES:
# LAST OF SEVERAL OCCURRENCES

COLUMN 17 PEAK WIND IN M.P.H.

PRELIMINARY LOCAL CLIMATOLOGICAL DATA (WS FORM: F-6) , PAGE 2

                                          STATION:  Russellville
                                          MONTH:    MAY
                                          YEAR:     2019
                                          LATITUDE:   35 15 N
                                          LONGITUDE:  93  6 W

[TEMPERATURE DATA]      [PRECIPITATION DATA]       SYMBOLS USED IN COLUMN 16

AVERAGE MONTHLY: 69.2   TOTAL FOR MONTH:   6.06    1 = FOG OR MIST
DPTR FM NORMAL:   0.2   DPTR FM NORMAL:    2.07    2 = FOG REDUCING VISIBILITY
HIGHEST:    89 ON 25,24 GRTST 24HR  1.83 ON  1- 1      TO 1/4 MILE OR LESS
LOWEST:     47 ON 13                               3 = THUNDER
                        SNOW, ICE PELLETS, HAIL    4 = ICE PELLETS
                        TOTAL MONTH:    M          5 = HAIL
                        GRTST 24HR    M  ON   M    6 = FREEZING RAIN OR DRIZZLE
                        GRTST DEPTH:  M  ON   M    7 = DUSTSTORM OR SANDSTORM:
                                                       VSBY 1/2 MILE OR LESS
                                                   8 = SMOKE OR HAZE
[NO. OF DAYS WITH]      [WEATHER - DAYS WITH]      9 = BLOWING SNOW
                                                   X = TORNADO
MAX 32 OR BELOW:   0    0.01 INCH OR MORE:  11
MAX 90 OR ABOVE:   0    0.10 INCH OR MORE:   8
MIN 32 OR BELOW:   0    0.50 INCH OR MORE:   5
MIN  0 OR BELOW:   0    1.00 INCH OR MORE:   1

[HDD (BASE 65) ]
TOTAL THIS MO.    24    CLEAR  (SCALE 0-3)  10
DPTR FM NORMAL     0    PTCLDY (SCALE 4-7)  11
TOTAL FM JUL 1  3405    CLOUDY (SCALE 8-10)  3
DPTR FM NORMAL   147

[CDD (BASE 65) ]
TOTAL THIS MO.   135
DPTR FM NORMAL    10    [PRESSURE DATA]
TOTAL FM JAN 1   173    HIGHEST SLP M ON M
DPTR FM NORMAL   -10    LOWEST  SLP 29.55 ON 21

[REMARKS]
