000
CXUS54 KTSA 260840
CF6RVS
PRELIMINARY LOCAL CLIMATOLOGICAL DATA (WS FORM: F-6)

                                          STATION:   TULSA-RIVERSIDE  OKLAHOMA
                                          MONTH:     MAY
                                          YEAR:      2019
                                          LATITUDE:   36  2 N
                                          LONGITUDE:  95 59 W

  TEMPERATURE IN F:       :PCPN:    SNOW:  WIND      :SUNSHINE: SKY     :PK WND
================================================================================
1   2   3   4   5  6A  6B    7    8   9   10  11  12  13   14  15   16   17  18
                                     12Z  AVG MX 2MIN
DY MAX MIN AVG DEP HDD CDD  WTR  SNW DPTH SPD SPD DIR MIN PSBL S-S WX    SPD DR
================================================================================

 1  79  61  70   6   0   5 0.11  0.0    0  6.6 16 190   M    M   5 13     23 180
 2  70  57  64   0   1   0 0.00  0.0    0  8.0 20  10   M    M   6        29  10
 3  69  57  63  -2   2   0 0.95  0.0    0  4.1 13 340   M    M   9 138    26 340
 4  73  54  64  -1   1   0    T  0.0    0  4.1 12  30   M    M   6 18     15  50
 5  79  51  65   0   0   0    T  0.0    0  5.5 15 170   M    M   2 13     20 170
 6  85  60  73   7   0   8 0.16  0.0    0  6.7 15 170   M    M   4 13     22 170
 7  83  65  74   8   0   9 0.00  0.0    0  8.4 16 170   M    M   3        25 150
 8  75  61  68   2   0   3 1.46  0.0    0  6.2 18 120   M    M   7 13     26 120
 9  65  48  57  -9   8   0    T  0.0    0  7.4 15  10   M    M   9 1      20  10
10  65  44  55 -12  10   0 0.21  0.0    0  7.2 15  30   M    M   2 1      20  60
11  64  53  59  -8   6   0 0.44  0.0    0  3.6  9  10   M    M  10 1      12  30
12  75  52  64  -3   1   0 0.00  0.0    0  3.6 13 330   M    M   3        21 350
13  81  49  65  -3   0   0 0.00  0.0    0  3.8 13 190   M    M   2 1      18 190
14  87  61  74   6   0   9 0.17  0.0    0  6.4 21 200   M    M   3 13     28 200
15  90  60  75   7   0  10 0.00  0.0    0  6.7 15 190   M    M   0        22 190
16  89  63  76   7   0  11 0.00  0.0    0  9.7 20 190   M    M   0        27 200
17  88  62  75   6   0  10 0.00  0.0    0 12.1 24 180   M    M   1        32 180
18  77  63  70   1   0   5 1.62  0.0    0  9.9 25 100   M    M   7 123    31 240
19  79  56  68  -1   0   3 0.00  0.0    0  3.1 10  10   M    M   2 1      19 280
20  77  58  68  -2   0   3 2.62  0.0    0 10.4 22 360   M    M   5 13     33 360
21  78  62  70   0   0   5 1.91  0.0    0 11.5 26 210   M    M   7 138    45 210
22  87  58  73   3   0   8 0.95  0.0    0  8.3 26 180   M    M   7 138    42 250
23  88  72  80   9   0  15 0.00  0.0    0  8.9 22 170   M    M   5 1      33 150
24  89  67  78   7   0  13 0.24  0.0    0 10.2 21 190   M    M   5 13     30 180
25  87  64  76   5   0  11 0.84  0.0    0  8.4 21 200   M    M   5 13     41 290
================================================================================
SM 1979 1458        29 128 11.68     0.0 180.8          M      115
================================================================================
AV 79.2 58.3                               7.2 FASTST   M    M   5    MAX(MPH)
                                 MISC ---->  # 26 210               # 45  210
================================================================================
NOTES:
# LAST OF SEVERAL OCCURRENCES

COLUMN 17 PEAK WIND IN M.P.H.

PRELIMINARY LOCAL CLIMATOLOGICAL DATA (WS FORM: F-6) , PAGE 2

                                          STATION:  TULSA-RIVERSIDE  OKLAHOMA
                                          MONTH:    MAY
                                          YEAR:     2019
                                          LATITUDE:   36  2 N
                                          LONGITUDE:  95 59 W

[TEMPERATURE DATA]      [PRECIPITATION DATA]       SYMBOLS USED IN COLUMN 16

AVERAGE MONTHLY: 68.7   TOTAL FOR MONTH:  11.68    1 = FOG OR MIST
DPTR FM NORMAL:   1.1   DPTR FM NORMAL:    7.09    2 = FOG REDUCING VISIBILITY
HIGHEST:    90 ON 15    GRTST 24HR  4.19 ON 30- 1      TO 1/4 MILE OR LESS
LOWEST:     44 ON 10                               3 = THUNDER
                        SNOW, ICE PELLETS, HAIL    4 = ICE PELLETS
                        TOTAL MONTH:   0.0 INCH    5 = HAIL
                        GRTST 24HR     0.0         6 = FREEZING RAIN OR DRIZZLE
                        GRTST DEPTH:   0           7 = DUSTSTORM OR SANDSTORM:
                                                       VSBY 1/2 MILE OR LESS
                                                   8 = SMOKE OR HAZE
[NO. OF DAYS WITH]      [WEATHER - DAYS WITH]      9 = BLOWING SNOW
                                                   X = TORNADO
MAX 32 OR BELOW:   0    0.01 INCH OR MORE:  13
MAX 90 OR ABOVE:   1    0.10 INCH OR MORE:  13
MIN 32 OR BELOW:   0    0.50 INCH OR MORE:   7
MIN  0 OR BELOW:   0    1.00 INCH OR MORE:   4

[HDD (BASE 65) ]
TOTAL THIS MO.    29    CLEAR  (SCALE 0-3)  10
DPTR FM NORMAL   -11    PTCLDY (SCALE 4-7)  12
TOTAL FM JUL 1  3655    CLOUDY (SCALE 8-10)  3
DPTR FM NORMAL   -36

[CDD (BASE 65) ]
TOTAL THIS MO.   128
DPTR FM NORMAL    22    [PRESSURE DATA]
TOTAL FM JAN 1   201    HIGHEST SLP M ON M
DPTR FM NORMAL    43    LOWEST  SLP 29.52 ON 21

[REMARKS]
