000
CXUS53 KMPX 251000
CF6RWF
PRELIMINARY LOCAL CLIMATOLOGICAL DATA (WS FORM: F-6)

                                          STATION:   REDWOOD FALLS MN
                                          MONTH:     JUNE
                                          YEAR:      2019
                                          LATITUDE:   44 32 N
                                          LONGITUDE:  95  5 W

  TEMPERATURE IN F:       :PCPN:    SNOW:  WIND      :SUNSHINE: SKY     :PK WND
================================================================================
1   2   3   4   5  6A  6B    7    8   9   10  11  12  13   14  15   16   17  18
                                     12Z  AVG MX 2MIN
DY MAX MIN AVG DEP HDD CDD  WTR  SNW DPTH SPD SPD DIR MIN PSBL S-S WX    SPD DR
================================================================================

 1  72  55  64   0   1   0    T    M    M 10.0 22 300   M    M   2 3      32 290
 2  77  49  63  -1   2   0 0.00    M    M  5.0 12 290   M    M   1        22 310
 3  82  53  68   3   0   3 0.00    M    M 11.8 24 180   M    M   2 8      32 170
 4  91  59  75  10   0  10 0.92    M    M 10.6 24 330   M    M   2 13     43 330
 5  83  62  73   8   0   8    T    M    M  5.6 13  30   M    M   2        26  30
 6  88  58  73   7   0   8 0.00    M    M  3.5  8 130   M    M   0         M  M
 7  91  62  77  11   0  12 0.00    M    M 13.7 24 160   M    M   1        41 160
 8  89  67  78  12   0  13 0.00    M    M 16.6 28 160   M    M   0        38 160
 9  74  53  64  -3   1   0    T    M    M 14.9 29 290   M    M   6        40 280
10  77  48  63  -4   2   0    T    M    M  9.6 37 280   M    M   1        59 280
11  67  55  61  -6   4   0 1.04    M    M  8.4 28 230   M    M   6 13     39 230
12  68  51  60  -8   5   0 0.00    M    M 10.5 25 340   M    M   1 1      41 330
13  75  42  59  -9   6   0 0.00    M    M  4.2 12 160   M    M   1        16 120
14  85  61  73   5   0   8    T    M    M 12.0 28 230   M    M   1        38 220
15  79  65  72   4   0   7 0.15    M    M  6.8 14  80   M    M   4 13     23  20
16  80  60  70   1   0   5 0.00    M    M  5.4 12 140   M    M   5        19 170
17  68  57  63  -6   2   0 0.09    M    M  3.8 12 350   M    M   1 12     18 350
18  73  52  63  -6   2   0 0.00    M    M   M   M   M   M    M   0         M  M
19  77  54  66  -4   0   1 0.45    M    M   M   M   M   M    M   M         M  M
20  72  54  63  -7   2   0 1.15    M    M  7.9 14 120   M    M   5 13     24 120
21  74  60  67  -3   0   2 0.00    M    M 13.6 28 130   M    M   5        39 130
22  70  62  66  -4   0   1    T    M    M  6.8 15 130   M    M   9        21 120
23  70  60  65  -6   0   0 0.11    M    M  5.6 14 320   M    M  10 1      22 340
24  76  58  67  -4   0   2    T    M    M  8.7 15 240   M    M   5 1      21 230
================================================================================
SM 1858 1357        27  80  3.91    M    195.0          M       70
================================================================================
AV 77.4 56.5                               8.9 FASTST   M    M   3    MAX(MPH)
                                 MISC ---->  # 37 280               # 59  280
================================================================================
NOTES:
# LAST OF SEVERAL OCCURRENCES

COLUMN 17 PEAK WIND IN M.P.H.

PRELIMINARY LOCAL CLIMATOLOGICAL DATA (WS FORM: F-6) , PAGE 2

                                          STATION:  REDWOOD FALLS MN
                                          MONTH:    JUNE
                                          YEAR:     2019
                                          LATITUDE:   44 32 N
                                          LONGITUDE:  95  5 W

[TEMPERATURE DATA]      [PRECIPITATION DATA]       SYMBOLS USED IN COLUMN 16

AVERAGE MONTHLY: 67.0   TOTAL FOR MONTH:   3.91    1 = FOG OR MIST
DPTR FM NORMAL:  -0.6   DPTR FM NORMAL:    0.44    2 = FOG REDUCING VISIBILITY
HIGHEST:    91 ON  7, 4 GRTST 24HR  1.15 ON 20-20      TO 1/4 MILE OR LESS
LOWEST:     42 ON 13                               3 = THUNDER
                        SNOW, ICE PELLETS, HAIL    4 = ICE PELLETS
                        TOTAL MONTH:    M          5 = HAIL
                        GRTST 24HR    M  ON   M    6 = FREEZING RAIN OR DRIZZLE
                        GRTST DEPTH:  M  ON   M    7 = DUSTSTORM OR SANDSTORM:
                                                       VSBY 1/2 MILE OR LESS
                                                   8 = SMOKE OR HAZE
[NO. OF DAYS WITH]      [WEATHER - DAYS WITH]      9 = BLOWING SNOW
                                                   X = TORNADO
MAX 32 OR BELOW:   0    0.01 INCH OR MORE:   7
MAX 90 OR ABOVE:   2    0.10 INCH OR MORE:   6
MIN 32 OR BELOW:   0    0.50 INCH OR MORE:   3
MIN  0 OR BELOW:   0    1.00 INCH OR MORE:   2

[HDD (BASE 65) ]
TOTAL THIS MO.    27    CLEAR  (SCALE 0-3)  14
DPTR FM NORMAL   -14    PTCLDY (SCALE 4-7)   7
TOTAL FM JUL 1  8698    CLOUDY (SCALE 8-10)  2
DPTR FM NORMAL   820

[CDD (BASE 65) ]
TOTAL THIS MO.    80
DPTR FM NORMAL   -23    [PRESSURE DATA]
TOTAL FM JAN 1    94    HIGHEST SLP M ON M
DPTR FM NORMAL   -51    LOWEST  SLP 29.56 ON 14

[REMARKS]
