000
CXUS53 KMPX 261000
CF6RWF
PRELIMINARY LOCAL CLIMATOLOGICAL DATA (WS FORM: F-6)

                                          STATION:   REDWOOD FALLS MN
                                          MONTH:     MARCH
                                          YEAR:      2019
                                          LATITUDE:   44 32 N
                                          LONGITUDE:  95  5 W

  TEMPERATURE IN F:       :PCPN:    SNOW:  WIND      :SUNSHINE: SKY     :PK WND
================================================================================
1   2   3   4   5  6A  6B    7    8   9   10  11  12  13   14  15   16   17  18
                                     12Z  AVG MX 2MIN
DY MAX MIN AVG DEP HDD CDD  WTR  SNW DPTH SPD SPD DIR MIN PSBL S-S WX    SPD DR
================================================================================

 1  16   0   8 -17  57   0 0.00    M    M  5.8 12 300   M    M   6 12     18 310
 2  10  -8   1 -24  64   0 0.29    M    M 11.2 18 320   M    M   3 18     27 320
 3  -3 -17 -10 -36  75   0 0.00    M    M 13.8 23 280   M    M   1 8      30 290
 4   9  -8   1 -25  64   0 0.00    M    M 17.5 26 270   M    M   3 18     37 270
 5  14   1   8 -18  57   0 0.00    M    M 13.5 21 290   M    M   1 1      27 280
 6  17   2  10 -17  55   0 0.00    M    M 10.0 17 260   M    M   1        23 250
 7  17  -3   7 -20  58   0 0.00    M    M  5.8 12 140   M    M   3        14 130
 8  29  16  23  -5  42   0 0.00    M    M  9.3 21 130   M    M   9 18     25 140
 9  32  26  29   1  36   0 0.00    M    M 11.5 25 320   M    M  10 126    37 320
10  26  12  19 -10  46   0 1.27    M    M 16.3 28 300   M    M   3 1      42 310
11  26   6  16 -13  49   0 0.00    M    M  6.9 13 160   M    M   0 1      16 160
12  36  11  24  -6  41   0 0.00    M    M 10.9 18 160   M    M   8 12     24 180
13  39  33  36   6  29   0 0.00    M    M  8.6 18  80   M    M  10 12     27  90
14  39  28  34   4  31   0 1.05    M    M 16.3 32 320   M    M  10 12     54 310
15  32  22  27  -4  38   0 0.05    M    M 15.7 29 320   M    M   3        47 310
16  32  18  25  -6  40   0 0.00    M    M  4.7  9 290   M    M   2 1      12 280
17  36  23  30  -2  35   0 0.00    M    M 10.1 18 300   M    M   3 1      26 280
18  38  23  31  -1  34   0 0.00    M    M  9.5 15 270   M    M   0        19 250
19  42  28  35   2  30   0 0.00    M    M  7.7 14 260   M    M   0 1      19 260
20  41  29  35   2  30   0 0.00    M    M 12.2 20 330   M    M   1 1      29 320
21  45  26  36   2  29   0 0.00    M    M 11.4 18 280   M    M   0 1      26 290
22  47  26  37   3  28   0    M    M    M  4.9 13 300   M    M   0        16 300
23  51  27  39   4  26   0    M    M    M  5.6 12 160   M    M   1 1      14 170
24  52  33  43   8  22   0    M    M    M  5.2 12  30   M    M  10 1      18  40
25  40  25  33  -3  32   0    M    M    M  3.6  9  20   M    M   3        14  20
================================================================================
SM  763  379      1048   0  2.66    M    248.0          M       91
================================================================================
AV 30.5 15.2                               9.9 FASTST   M    M   4    MAX(MPH)
                                 MISC ---->  # 32 320               # 54  310
================================================================================
NOTES:
# LAST OF SEVERAL OCCURRENCES

COLUMN 17 PEAK WIND IN M.P.H.

PRELIMINARY LOCAL CLIMATOLOGICAL DATA (WS FORM: F-6) , PAGE 2

                                          STATION:  REDWOOD FALLS MN
                                          MONTH:    MARCH
                                          YEAR:     2019
                                          LATITUDE:   44 32 N
                                          LONGITUDE:  95  5 W

[TEMPERATURE DATA]      [PRECIPITATION DATA]       SYMBOLS USED IN COLUMN 16

AVERAGE MONTHLY: 22.8   TOTAL FOR MONTH:   2.66    1 = FOG OR MIST
DPTR FM NORMAL:  -7.2   DPTR FM NORMAL:    1.46    2 = FOG REDUCING VISIBILITY
HIGHEST:    52 ON 24    GRTST 24HR  1.27 ON 10-10      TO 1/4 MILE OR LESS
LOWEST:    -17 ON  3                               3 = THUNDER
                        SNOW, ICE PELLETS, HAIL    4 = ICE PELLETS
                        TOTAL MONTH:    M          5 = HAIL
                        GRTST 24HR    M  ON   M    6 = FREEZING RAIN OR DRIZZLE
                        GRTST DEPTH:  M  ON   M    7 = DUSTSTORM OR SANDSTORM:
                                                       VSBY 1/2 MILE OR LESS
                                                   8 = SMOKE OR HAZE
[NO. OF DAYS WITH]      [WEATHER - DAYS WITH]      9 = BLOWING SNOW
                                                   X = TORNADO
MAX 32 OR BELOW:  13    0.01 INCH OR MORE:   4
MAX 90 OR ABOVE:   0    0.10 INCH OR MORE:   3
MIN 32 OR BELOW:  23    0.50 INCH OR MORE:   2
MIN  0 OR BELOW:   5    1.00 INCH OR MORE:   2

[HDD (BASE 65) ]
TOTAL THIS MO.  1048    CLEAR  (SCALE 0-3)  15
DPTR FM NORMAL   176    PTCLDY (SCALE 4-7)   5
TOTAL FM JUL 1  7589    CLOUDY (SCALE 8-10)  5
DPTR FM NORMAL   697

[CDD (BASE 65) ]
TOTAL THIS MO.     0
DPTR FM NORMAL     0    [PRESSURE DATA]
TOTAL FM JAN 1     0    HIGHEST SLP M ON M
DPTR FM NORMAL     0    LOWEST  SLP 29.22 ON 14

[REMARKS]
