000
CXUS53 KMPX 190910
CF6RWF
PRELIMINARY LOCAL CLIMATOLOGICAL DATA (WS FORM: F-6)
STATION: REDWOOD FALLS MN
MONTH: APRIL
YEAR: 2024
LATITUDE: 44 32 N
LONGITUDE: 95 5 W
TEMPERATURE IN F: :PCPN: SNOW: WIND :SUNSHINE: SKY :PK WND
================================================================================
1 2 3 4 5 6A 6B 7 8 9 10 11 12 13 14 15 16 17 18
12Z AVG MX 2MIN
DY MAX MIN AVG DEP HDD CDD WTR SNW DPTH SPD SPD DIR MIN PSBL S-S WX SPD DR
================================================================================
1 42 32 37 -2 28 0 0.00 M M 5.7 12 50 M M 9 18 19 40
2 51 35 43 3 22 0 0.00 M M 9.7 24 300 M M 9 18 39 300
3 52 32 42 2 23 0 0.00 M M 16.6 29 330 M M 1 46 320
4 56 30 43 2 22 0 0.00 M M 9.7 18 10 M M 0 29 330
5 59 28 44 3 21 0 0.00 M M 7.4 18 140 M M 0 25 130
6 61 35 48 6 17 0 0.00 M M 21.1 36 120 M M 0 52 120
7 48 40 44 2 21 0 0.30 M M 13.5 28 110 M M 10 138 42 100
8 50 40 45 3 20 0 0.06 M M 9.4 18 270 M M 10 1 24 270
9 62 36 49 6 16 0 T M M 9.7 20 240 M M 5 27 240
10 70 40 55 12 10 0 T M M 9.5 23 200 M M 3 32 240
11 60 42 51 7 14 0 0.02 M M 16.2 25 300 M M 6 1 40 300
12 62 39 51 7 14 0 0.00 M M 10.3 21 320 M M 0 29 330
13 88 37 63 18 2 0 0.00 M M 14.6 29 210 M M 0 39 220
14 73 48 61 16 4 0 0.00 M M 8.5 21 340 M M 0 32 330
15 75 44 60 14 5 0 0.00 M M 11.7 22 80 M M 1 36 70
16 60 45 53 7 12 0 2.23 M M 14.4 29 70 M M 8 13 50 60
17 57 45 51 5 14 0 0.02 0.0 0 11.5 25 300 M M 8 1 43 310
18 50 35 43 -4 22 0 0.00 0.0 0 15.5 30 270 M M 5 42 290
================================================================================
SM 1076 683 287 0 2.63 0.0 215.0 M 75
================================================================================
AV 59.8 37.9 11.9 FASTST M M 4 MAX(MPH)
MISC ----> 36 120 52 120
================================================================================
NOTES:
# LAST OF SEVERAL OCCURRENCES
COLUMN 17 PEAK WIND IN M.P.H.
PRELIMINARY LOCAL CLIMATOLOGICAL DATA (WS FORM: F-6) , PAGE 2
STATION: REDWOOD FALLS MN
MONTH: APRIL
YEAR: 2024
LATITUDE: 44 32 N
LONGITUDE: 95 5 W
[TEMPERATURE DATA] [PRECIPITATION DATA] SYMBOLS USED IN COLUMN 16
AVERAGE MONTHLY: 48.9 TOTAL FOR MONTH: 2.63 1 = FOG OR MIST
DPTR FM NORMAL: 5.8 DPTR FM NORMAL: 1.15 2 = FOG REDUCING VISIBILITY
HIGHEST: 88 ON 13 GRTST 24HR 2.25 ON 16-17 TO 1/4 MILE OR LESS
LOWEST: 28 ON 5 3 = THUNDER
SNOW, ICE PELLETS, HAIL 4 = ICE PELLETS
TOTAL MONTH: 0.0 INCH 5 = HAIL
GRTST 24HR 0.0 6 = FREEZING RAIN OR DRIZZLE
GRTST DEPTH: 0 7 = DUSTSTORM OR SANDSTORM:
VSBY 1/2 MILE OR LESS
8 = SMOKE OR HAZE
[NO. OF DAYS WITH] [WEATHER - DAYS WITH] 9 = BLOWING SNOW
X = TORNADO
MAX 32 OR BELOW: 0 0.01 INCH OR MORE: 5
MAX 90 OR ABOVE: 0 0.10 INCH OR MORE: 2
MIN 32 OR BELOW: 4 0.50 INCH OR MORE: 1
MIN 0 OR BELOW: 0 1.00 INCH OR MORE: 1
[HDD (BASE 65) ]
TOTAL THIS MO. 287 CLEAR (SCALE 0-3) 9
DPTR FM NORMAL -109 PTCLDY (SCALE 4-7) 5
TOTAL FM JUL 1 5923 CLOUDY (SCALE 8-10) 4
DPTR FM NORMAL -1428
[CDD (BASE 65) ]
TOTAL THIS MO. 0
DPTR FM NORMAL 0 [PRESSURE DATA]
TOTAL FM JAN 1 0 HIGHEST SLP M ON M
DPTR FM NORMAL 0 LOWEST SLP 29.36 ON 16
[REMARKS]