000
CXUS55 KCYS 201000
CF6RWL
PRELIMINARY LOCAL CLIMATOLOGICAL DATA (WS FORM: F-6)

                                          STATION:   RAWLINS WYOMING AIRPORT
                                          MONTH:     MARCH
                                          YEAR:      2019
                                          LATITUDE:   41 47 N
                                          LONGITUDE: 107 12 W

  TEMPERATURE IN F:       :PCPN:    SNOW:  WIND      :SUNSHINE: SKY     :PK WND
================================================================================
1   2   3   4   5  6A  6B    7    8   9   10  11  12  13   14  15   16   17  18
                                     12Z  AVG MX 2MIN
DY MAX MIN AVG DEP HDD CDD  WTR  SNW DPTH SPD SPD DIR MIN PSBL S-S WX    SPD DR
================================================================================

 1  34  25  30   2  35   0 0.01    M    M 18.0 28 250   M    M   4 1      36 250
 2  25   3  14 -14  51   0 0.04    M    M 10.5 23  40   M    M  10 18     27  50
 3  14  -3   6 -22  59   0    T    M    M  5.7 13 340   M    M   7 18     14 330
 4  17  -4   7 -22  58   0    T    M    M  6.8 22 240   M    M   6 18     26 240
 5  35  -3  16 -13  49   0    T    M    M  6.2 22 220   M    M   5 18     31 210
 6  42  31  37   8  28   0    T    M    M 13.8 37 230   M    M   9 1      49 220
 7  42  32  37   7  28   0 0.00    M    M 17.4 36 240   M    M   3        43 240
 8  36  28  32   2  33   0 0.17    M    M 10.7 29 270   M    M   9 12     36 270
 9  29  11  20 -10  45   0    T    M    M 16.9 36 270   M    M   5 1      46 270
10  35   8  22  -9  43   0 0.00    M    M  3.5 13 250   M    M   6        15 250
11  33  19  26  -5  39   0 0.00    M    M  5.7 17 220   M    M   5 12     20 220
12  42  24  33   2  32   0 0.08    M    M  7.3 21 250   M    M   2 1      25 240
13  33  19  26  -6  39   0 0.32    M    M 20.6 36 350   M    M  10 1289   43 350
14  24  11  18 -14  47   0    T    M    M 12.1 23 330   M    M   6 1      27 340
15  28  12  20 -12  45   0 0.00    M    M 11.5 28 230   M    M   0        33 230
16  33   2  18 -14  47   0 0.00    M    M  2.4 15 250   M    M   0        20 250
17  36   6  21 -12  44   0 0.00    M    M  1.9  9 220   M    M   0         9 220
18  37  11  24  -9  41   0 0.00    M    M  3.4 12 340   M    M   1 12     13 250
19  35  10  23 -10  42   0 0.00    M    M  3.9 13 310   M    M   0        15 270
================================================================================
SM  610  242       805   0  0.62    M    178.3          M       88
================================================================================
AV 32.1 12.7                               9.4 FASTST   M    M   5    MAX(MPH)
                                 MISC ---->  # 37 230               # 49  220
================================================================================
NOTES:
# LAST OF SEVERAL OCCURRENCES

COLUMN 17 PEAK WIND IN M.P.H.

PRELIMINARY LOCAL CLIMATOLOGICAL DATA (WS FORM: F-6) , PAGE 2

                                          STATION:  RAWLINS WYOMING AIRPORT
                                          MONTH:    MARCH
                                          YEAR:     2019
                                          LATITUDE:   41 47 N
                                          LONGITUDE: 107 12 W

[TEMPERATURE DATA]      [PRECIPITATION DATA]       SYMBOLS USED IN COLUMN 16

AVERAGE MONTHLY: 22.4   TOTAL FOR MONTH:   0.62    1 = FOG OR MIST
DPTR FM NORMAL:  -8.2   DPTR FM NORMAL:    0.25    2 = FOG REDUCING VISIBILITY
HIGHEST:    42 ON 12, 7 GRTST 24HR  0.32 ON 13-13      TO 1/4 MILE OR LESS
LOWEST:     -4 ON  4                               3 = THUNDER
                        SNOW, ICE PELLETS, HAIL    4 = ICE PELLETS
                        TOTAL MONTH:    M          5 = HAIL
                        GRTST 24HR    M  ON   M    6 = FREEZING RAIN OR DRIZZLE
                        GRTST DEPTH:  M  ON   M    7 = DUSTSTORM OR SANDSTORM:
                                                       VSBY 1/2 MILE OR LESS
                                                   8 = SMOKE OR HAZE
[NO. OF DAYS WITH]      [WEATHER - DAYS WITH]      9 = BLOWING SNOW
                                                   X = TORNADO
MAX 32 OR BELOW:   6    0.01 INCH OR MORE:   5
MAX 90 OR ABOVE:   0    0.10 INCH OR MORE:   2
MIN 32 OR BELOW:  19    0.50 INCH OR MORE:   0
MIN  0 OR BELOW:   3    1.00 INCH OR MORE:   0

[HDD (BASE 65) ]
TOTAL THIS MO.   805    CLEAR  (SCALE 0-3)   7
DPTR FM NORMAL   151    PTCLDY (SCALE 4-7)   8
TOTAL FM JUL 1  6666    CLOUDY (SCALE 8-10)  4
DPTR FM NORMAL    55

[CDD (BASE 65) ]
TOTAL THIS MO.     0
DPTR FM NORMAL     0    [PRESSURE DATA]
TOTAL FM JAN 1     0    HIGHEST SLP M ON M
DPTR FM NORMAL     0    LOWEST  SLP 29.09 ON 13

[REMARKS]
