175
CXUS55 KCYS 191000
CF6RWL
PRELIMINARY LOCAL CLIMATOLOGICAL DATA (WS FORM: F-6)

                                          STATION:   RAWLINS WYOMING AIRPORT
                                          MONTH:     MAY
                                          YEAR:      2019
                                          LATITUDE:   41 47 N
                                          LONGITUDE: 107 12 W

  TEMPERATURE IN F:       :PCPN:    SNOW:  WIND      :SUNSHINE: SKY     :PK WND
================================================================================
1   2   3   4   5  6A  6B    7    8   9   10  11  12  13   14  15   16   17  18
                                     12Z  AVG MX 2MIN
DY MAX MIN AVG DEP HDD CDD  WTR  SNW DPTH SPD SPD DIR MIN PSBL S-S WX    SPD DR
================================================================================

 1  40  25  33 -12  32   0 0.01    M    M 11.6 30 240   M    M   8 1      35 240
 2  51  30  41  -4  24   0 0.00    M    M 14.1 26 210   M    M   7        35 210
 3  59  31  45   0  20   0    T    M    M 12.9 26 250   M    M   1        33 260
 4  64  28  46   0  19   0 0.00    M    M 12.8 26 240   M    M   2        36 250
 5  64  41  53   7  12   0    T    M    M 12.8 32 250   M    M   5        41 260
 6  68  37  53   7  12   0 0.02    M    M  9.8 26 180   M    M   5 3      33 190
 7  64  40  52   5  13   0 0.01    M    M 11.4 37 280   M    M   5 13     44 290
 8  40  30  35 -12  30   0 0.04    M    M 16.1 25  50   M    M  10 18     33  50
 9  43  29  36 -11  29   0    T    M    M 18.8 30  70   M    M   8        37  70
10  54  22  38 -10  27   0 0.00    M    M  7.0 18 330   M    M   2        28 280
11  60  26  43  -5  22   0    T    M    M  9.2 24 330   M    M   5 8      35 340
12  71  29  50   2  15   0 0.00    M    M  9.7 25 270   M    M   1        31 270
13  74  43  59  11   6   0 0.00    M    M 12.2 24 240   M    M   1        33 230
14  75  41  58   9   7   0 0.03    M    M  8.3 29 240   M    M   2 3      34 230
15  75  36  56   7   9   0    T    M    M  9.0 31 220   M    M   1        38 220
16  75  43  59  10   6   0 0.00    M    M 10.4 29 180   M    M   2        37 180
17  59  38  49  -1  16   0 0.09    M    M 16.7 37 270   M    M   5        45 240
18  54  33  44  -6  21   0    T    M    M 14.5 25 250   M    M   6        31 250
================================================================================
SM 1090  602       320   0  0.20    M    217.3          M       76
================================================================================
AV 60.6 33.4                              12.1 FASTST   M    M   4    MAX(MPH)
                                 MISC ---->  # 37 280               # 45  240
================================================================================
NOTES:
# LAST OF SEVERAL OCCURRENCES

COLUMN 17 PEAK WIND IN M.P.H.

PRELIMINARY LOCAL CLIMATOLOGICAL DATA (WS FORM: F-6) , PAGE 2

                                          STATION:  RAWLINS WYOMING AIRPORT
                                          MONTH:    MAY
                                          YEAR:     2019
                                          LATITUDE:   41 47 N
                                          LONGITUDE: 107 12 W

[TEMPERATURE DATA]      [PRECIPITATION DATA]       SYMBOLS USED IN COLUMN 16

AVERAGE MONTHLY: 47.0   TOTAL FOR MONTH:   0.20    1 = FOG OR MIST
DPTR FM NORMAL:  -0.4   DPTR FM NORMAL:   -0.60    2 = FOG REDUCING VISIBILITY
HIGHEST:    75 ON 16,15 GRTST 24HR  0.51 ON 30- 1      TO 1/4 MILE OR LESS
LOWEST:     22 ON 10                               3 = THUNDER
                        SNOW, ICE PELLETS, HAIL    4 = ICE PELLETS
                        TOTAL MONTH:    M          5 = HAIL
                        GRTST 24HR    M  ON   M    6 = FREEZING RAIN OR DRIZZLE
                        GRTST DEPTH:  M  ON   M    7 = DUSTSTORM OR SANDSTORM:
                                                       VSBY 1/2 MILE OR LESS
                                                   8 = SMOKE OR HAZE
[NO. OF DAYS WITH]      [WEATHER - DAYS WITH]      9 = BLOWING SNOW
                                                   X = TORNADO
MAX 32 OR BELOW:   0    0.01 INCH OR MORE:   6
MAX 90 OR ABOVE:   0    0.10 INCH OR MORE:   0
MIN 32 OR BELOW:   9    0.50 INCH OR MORE:   0
MIN  0 OR BELOW:   0    1.00 INCH OR MORE:   0

[HDD (BASE 65) ]
TOTAL THIS MO.   320    CLEAR  (SCALE 0-3)   8
DPTR FM NORMAL     4    PTCLDY (SCALE 4-7)   8
TOTAL FM JUL 1  7978    CLOUDY (SCALE 8-10)  2
DPTR FM NORMAL   -57

[CDD (BASE 65) ]
TOTAL THIS MO.     0
DPTR FM NORMAL     0    [PRESSURE DATA]
TOTAL FM JAN 1     0    HIGHEST SLP M ON M
DPTR FM NORMAL     0    LOWEST  SLP 29.42 ON 17

[REMARKS]
