000
CXUS54 KEWX 250910
CF6RYW
PRELIMINARY LOCAL CLIMATOLOGICAL DATA (WS FORM: F-6)

                                          STATION:   LAGO VISTA
                                          MONTH:     MAY
                                          YEAR:      2019
                                          LATITUDE:   30 30 N
                                          LONGITUDE:  97 58 W

  TEMPERATURE IN F:       :PCPN:    SNOW:  WIND      :SUNSHINE: SKY     :PK WND
================================================================================
1   2   3   4   5  6A  6B    7    8   9   10  11  12  13   14  15   16   17  18
                                     12Z  AVG MX 2MIN
DY MAX MIN AVG DEP HDD CDD  WTR  SNW DPTH SPD SPD DIR MIN PSBL S-S WX    SPD DR
================================================================================

 1  80  71  76   M   0  11 0.00    M    M  8.0 13 180   M    M  10 1      21 170
 2  76  60  68   M   0   3 0.33    M    M  9.0 15  20   M    M   9 13     25  20
 3  79  62  71   M   0   6 1.05    M    M  6.8 17 180   M    M   9 13     29 180
 4  79  58  69   M   0   4 0.01    M    M  6.3 14  10   M    M   1        20  10
 5  83  60  72   M   0   7 0.00    M    M  5.4 10 150   M    M   3        17 160
 6  75  65  70   M   0   5 0.00    M    M  5.6 12 140   M    M   5        18 140
 7  85  65  75   M   0  10 0.81    M    M  7.5 13 130   M    M   9 13     23 130
 8  74  63  69   M   0   4 0.43    M    M  5.7 13 160   M    M   7 13     25 160
 9  82  58  70   M   0   5 0.16    M    M  8.4 16  10   M    M   8 13     29  10
10  64  49  57   M   8   0 0.00    M    M  7.6 17  20   M    M  10        27  20
11  63  54  59   M   6   0 0.11    M    M  4.3  8 340   M    M  10 3       M  M
12  77  56  67   M   0   2 0.00    M    M  5.0 10  70   M    M   2        16  10
13  82  57  70   M   0   5 0.00    M    M  4.8  9  90   M    M   1         M  M
14  79  65  72   M   0   7 0.00    M    M  4.0 10  20   M    M   5        18 350
15  84  65  75   M   0  10 0.00    M    M  4.0 10 130   M    M   4 1       M  M
16  84  64  74   M   0   9 0.00    M    M  6.0 12 130   M    M   4        17 130
17  86  70  78   M   0  13 0.00    M    M  8.8 13 140   M    M   9        22 140
18  81  74  78   M   0  13 0.02    M    M  9.0 16 200   M    M   9 13     24 170
19  89  73  81   M   0  16 0.00    M    M  5.8 10 160   M    M   6 1      16 130
20  88  74  81   M   0  16 0.00    M    M 11.4 17 140   M    M   8 1      31 150
21  85  59  72   M   0   7 0.55    M    M  7.1 17 180   M    M   6 3      28 160
22  89  70  80   M   0  15 0.00    M    M  9.3 15 170   M    M   8 1      25 170
23  89  74  82   M   0  17 0.00    M    M 11.6 16 140   M    M   8        27 140
24  87  73  80   M   0  15 0.00    M    M 10.6 16 140   M    M   6        25 140
================================================================================
SM 1940 1539        14 200  3.47    M    172.0          M      157
================================================================================
AV 80.8 64.1                               7.2 FASTST   M    M   7    MAX(MPH)
                                 MISC ---->  # 17 180               # 31  150
================================================================================
NOTES:
# LAST OF SEVERAL OCCURRENCES

COLUMN 17 PEAK WIND IN M.P.H.

PRELIMINARY LOCAL CLIMATOLOGICAL DATA (WS FORM: F-6) , PAGE 2

                                          STATION:  LAGO VISTA
                                          MONTH:    MAY
                                          YEAR:     2019
                                          LATITUDE:   30 30 N
                                          LONGITUDE:  97 58 W

[TEMPERATURE DATA]      [PRECIPITATION DATA]       SYMBOLS USED IN COLUMN 16

AVERAGE MONTHLY: 72.5   TOTAL FOR MONTH:   3.47    1 = FOG OR MIST
DPTR FM NORMAL:     M   DPTR FM NORMAL:       M    2 = FOG REDUCING VISIBILITY
HIGHEST:    89 ON 23,22 GRTST 24HR  1.05 ON  3- 3      TO 1/4 MILE OR LESS
LOWEST:     49 ON 10                               3 = THUNDER
                        SNOW, ICE PELLETS, HAIL    4 = ICE PELLETS
                        TOTAL MONTH:    M          5 = HAIL
                        GRTST 24HR    M  ON   M    6 = FREEZING RAIN OR DRIZZLE
                        GRTST DEPTH:  M  ON   M    7 = DUSTSTORM OR SANDSTORM:
                                                       VSBY 1/2 MILE OR LESS
                                                   8 = SMOKE OR HAZE
[NO. OF DAYS WITH]      [WEATHER - DAYS WITH]      9 = BLOWING SNOW
                                                   X = TORNADO
MAX 32 OR BELOW:   0    0.01 INCH OR MORE:   9
MAX 90 OR ABOVE:   0    0.10 INCH OR MORE:   7
MIN 32 OR BELOW:   0    0.50 INCH OR MORE:   3
MIN  0 OR BELOW:   0    1.00 INCH OR MORE:   1

[HDD (BASE 65) ]
TOTAL THIS MO.    14    CLEAR  (SCALE 0-3)   4
DPTR FM NORMAL     M    PTCLDY (SCALE 4-7)  10
TOTAL FM JUL 1  1781    CLOUDY (SCALE 8-10) 10
DPTR FM NORMAL     M

[CDD (BASE 65) ]
TOTAL THIS MO.   200
DPTR FM NORMAL     M    [PRESSURE DATA]
TOTAL FM JAN 1   410    HIGHEST SLP M ON M
DPTR FM NORMAL     M    LOWEST  SLP M ON M

[REMARKS]
