000
CXUS54 KEWX 250910
CF6RYW
PRELIMINARY LOCAL CLIMATOLOGICAL DATA (WS FORM: F-6)

                                          STATION:   LAGO VISTA
                                          MONTH:     MARCH
                                          YEAR:      2019
                                          LATITUDE:   30 30 N
                                          LONGITUDE:  97 58 W

  TEMPERATURE IN F:       :PCPN:    SNOW:  WIND      :SUNSHINE: SKY     :PK WND
================================================================================
1   2   3   4   5  6A  6B    7    8   9   10  11  12  13   14  15   16   17  18
                                     12Z  AVG MX 2MIN
DY MAX MIN AVG DEP HDD CDD  WTR  SNW DPTH SPD SPD DIR MIN PSBL S-S WX    SPD DR
================================================================================

 1  56  42  49   M  16   0 0.00    M    M  2.5  7  70   M    M  10 128     M  M
 2  53  43  48   M  17   0 0.00    M    M  6.4 10  40   M    M  10 1      16  50
 3  44  31  38   M  27   0 0.00    M    M  8.8 15 360   M    M   8        25 360
 4  37  28  33   M  32   0 0.00    M    M  9.6 14  10   M    M  10        22  10
 5  46  24  35   M  30   0 0.00    M    M  6.3 15  20   M    M   0        18  20
 6  58  32  45   M  20   0 0.00    M    M  5.8 10 180   M    M   4        21 180
 7  73  50  62   M   3   0 0.00    M    M  9.2 15 200   M    M   6        23 190
 8  83  64  74   M   0   9 0.00    M    M 10.2 17 210   M    M   7        24 210
 9  84  65  75   M   0  10 0.01    M    M  7.2 12 190   M    M   4 1      20 190
10  76  59  68   M   0   3 0.00    M    M  7.0 14  30   M    M   8 1      18  30
11  62  56  59   M   6   0 0.00    M    M  7.6 13  10   M    M  10 1      17  50
12  76  57  67   M   0   2 0.01    M    M  9.7 17 140   M    M  10        32 150
13  84  55  70   M   0   5 0.56    M    M  9.4 16 180   M    M   4        29 160
14  73  55  64   M   1   0 0.00    M    M  9.4 16 340   M    M   1        25 340
15  59  46  53   M  12   0 0.00    M    M  7.6 13  30   M    M   3        23  40
16  63  44  54   M  11   0 0.00    M    M  5.7 10  80   M    M   7        18  50
17  67  46  57   M   8   0 0.00    M    M  5.4  7  60   M    M   1         M  M
18  69  48  59   M   6   0 0.00    M    M  4.7 10  90   M    M   0        17  70
19  71  51  61   M   4   0 0.00    M    M  5.3 10 150   M    M   7        18 150
20  72  53  63   M   2   0 0.00    M    M  5.1  8  40   M    M   7         M  M
21  76  50  63   M   2   0 0.00    M    M  4.6  8 200   M    M   1         M  M
22  77  55  66   M   0   1 0.00    M    M  6.7 12 170   M    M   5        20 170
23  71  59  65   M   0   0 0.00    M    M  6.8 12 160   M    M  10        21 160
24  80  63  72   M   0   7 0.00    M    M  6.9  9 190   M    M   7        17 220
================================================================================
SM 1610 1176       197  37  0.58    M    167.9          M      140
================================================================================
AV 67.1 49.0                               7.0 FASTST   M    M   6    MAX(MPH)
                                 MISC ---->  # 17 210               # 32  150
================================================================================
NOTES:
# LAST OF SEVERAL OCCURRENCES

COLUMN 17 PEAK WIND IN M.P.H.

PRELIMINARY LOCAL CLIMATOLOGICAL DATA (WS FORM: F-6) , PAGE 2

                                          STATION:  LAGO VISTA
                                          MONTH:    MARCH
                                          YEAR:     2019
                                          LATITUDE:   30 30 N
                                          LONGITUDE:  97 58 W

[TEMPERATURE DATA]      [PRECIPITATION DATA]       SYMBOLS USED IN COLUMN 16

AVERAGE MONTHLY: 58.0   TOTAL FOR MONTH:   0.58    1 = FOG OR MIST
DPTR FM NORMAL:     M   DPTR FM NORMAL:       M    2 = FOG REDUCING VISIBILITY
HIGHEST:    84 ON 13, 9 GRTST 24HR  0.56 ON 13-13      TO 1/4 MILE OR LESS
LOWEST:     24 ON  5                               3 = THUNDER
                        SNOW, ICE PELLETS, HAIL    4 = ICE PELLETS
                        TOTAL MONTH:    M          5 = HAIL
                        GRTST 24HR    M  ON   M    6 = FREEZING RAIN OR DRIZZLE
                        GRTST DEPTH:  M  ON   M    7 = DUSTSTORM OR SANDSTORM:
                                                       VSBY 1/2 MILE OR LESS
                                                   8 = SMOKE OR HAZE
[NO. OF DAYS WITH]      [WEATHER - DAYS WITH]      9 = BLOWING SNOW
                                                   X = TORNADO
MAX 32 OR BELOW:   0    0.01 INCH OR MORE:   3
MAX 90 OR ABOVE:   0    0.10 INCH OR MORE:   1
MIN 32 OR BELOW:   4    0.50 INCH OR MORE:   1
MIN  0 OR BELOW:   0    1.00 INCH OR MORE:   0

[HDD (BASE 65) ]
TOTAL THIS MO.   197    CLEAR  (SCALE 0-3)   6
DPTR FM NORMAL     M    PTCLDY (SCALE 4-7)  11
TOTAL FM JUL 1  1683    CLOUDY (SCALE 8-10)  7
DPTR FM NORMAL     M

[CDD (BASE 65) ]
TOTAL THIS MO.    37
DPTR FM NORMAL     M    [PRESSURE DATA]
TOTAL FM JAN 1    71    HIGHEST SLP M ON M
DPTR FM NORMAL     M    LOWEST  SLP M ON M

[REMARKS]
