000
CXUS52 KFFC 261110
CF6RYY
PRELIMINARY LOCAL CLIMATOLOGICAL DATA (WS FORM: F-6)

                                          STATION:   MARIETTA
                                          MONTH:     MAY
                                          YEAR:      2019
                                          LATITUDE:   34  0 N
                                          LONGITUDE:  84 36 W

  TEMPERATURE IN F:       :PCPN:    SNOW:  WIND      :SUNSHINE: SKY     :PK WND
================================================================================
1   2   3   4   5  6A  6B    7    8   9   10  11  12  13   14  15   16   17  18
                                     12Z  AVG MX 2MIN
DY MAX MIN AVG DEP HDD CDD  WTR  SNW DPTH SPD SPD DIR MIN PSBL S-S WX    SPD DR
================================================================================

 1  84  68  76   M   0  11    T  0.0    0  6.3 12 200   M    M   4 38     16  99
 2  84  66  75   M   0  10 0.00  0.0    0  5.4 12 180   M    M   1         M  M
 3  83  67  75   M   0  10    T  0.0    0  4.0  7 280   M    M   3 38      M  M
 4  81  66  74   M   0   9 1.02  0.0    0  2.5  8 200   M    M   5 13      M  M
 5  78  61  70   M   0   5 0.02  0.0    0  7.6 14 290   M    M   7 1      21 290
 6  80  57  69   M   0   4 0.00  0.0    0  3.7  7 350   M    M   3         M  M
 7  83  57  70   M   0   5 0.00  0.0    0  1.6  7 110   M    M   2         M  M
 8  85  64  75   M   0  10    T  0.0    0  6.6 12 130   M    M   2        18 130
 9  80  64  72   M   0   7 0.58  0.0    0  8.1 13 310   M    M   6 1      23 310
10  82  63  73   M   0   8 0.13  0.0    0  3.3  9 260   M    M   6 3       M  M
11   M   M   M   M   M   M 0.01    M    0  5.8 13 170   M    M   7        16 170
12  75  66  71   M   0   6 0.42  0.0    0  6.9 12 270   M    M   8 1      20 270
13  72  56  64   M   1   0    T  0.0    0  7.4 14 280   M    M   4        21 290
14  70  50  60   M   5   0 0.00  0.0    0  7.5 14 300   M    M   0        17 300
15  75  49  62   M   3   0    T    M    0  3.3  9 120   M    M   3         M  M
16  85  60  73   M   0   8 0.00  0.0    0  3.8  9 270   M    M   4         M  M
17  88  63  76   M   0  11 0.00  0.0    0  3.9  8 270   M    M   1 3       M  M
18  88  64  76   M   0  11 0.00  0.0    0  3.3 10 210   M    M   1         M  M
19  88  64  76   M   0  11 0.00  0.0    0  4.9 13 230   M    M   1        21 200
20  85  70  78   M   0  13 0.00  0.0    0  6.1 14 280   M    M   5        17 280
21  89  61  75   M   0  10 0.00  0.0    0  2.9  9 210   M    M   1         M  M
22  91  69  80   M   0  15 0.00  0.0    0  4.7 12 200   M    M   2        17 210
23  90  71  81   M   0  16 0.00  0.0    0  3.7 10 100   M    M   4        16 100
24  92  70  81   M   0  16 0.00  0.0    0  3.4  8 250   M    M   2         M  M
25  92  70  81   M   0  16 0.00  0.0    0  4.6 12 270   M    M   0         M  M
================================================================================
SM 2000 1516         9 212  2.18     0.0 121.3          M       82
================================================================================
AV 83.3 63.2                               4.9 FASTST   M    M   3    MAX(MPH)
                                 MISC ---->  # 14 290               # 23  310
================================================================================
NOTES:
# LAST OF SEVERAL OCCURRENCES

COLUMN 17 PEAK WIND IN M.P.H.

PRELIMINARY LOCAL CLIMATOLOGICAL DATA (WS FORM: F-6) , PAGE 2

                                          STATION:  MARIETTA
                                          MONTH:    MAY
                                          YEAR:     2019
                                          LATITUDE:   34  0 N
                                          LONGITUDE:  84 36 W

[TEMPERATURE DATA]      [PRECIPITATION DATA]       SYMBOLS USED IN COLUMN 16

AVERAGE MONTHLY: 73.3   TOTAL FOR MONTH:   2.18    1 = FOG OR MIST
DPTR FM NORMAL:     M   DPTR FM NORMAL:       M    2 = FOG REDUCING VISIBILITY
HIGHEST:    92 ON 25,24 GRTST 24HR  1.02 ON  4- 4      TO 1/4 MILE OR LESS
LOWEST:     49 ON 15                               3 = THUNDER
                        SNOW, ICE PELLETS, HAIL    4 = ICE PELLETS
                        TOTAL MONTH:   0.0 INCH    5 = HAIL
                        GRTST 24HR     0.0         6 = FREEZING RAIN OR DRIZZLE
                        GRTST DEPTH:   0           7 = DUSTSTORM OR SANDSTORM:
                                                       VSBY 1/2 MILE OR LESS
                                                   8 = SMOKE OR HAZE
[NO. OF DAYS WITH]      [WEATHER - DAYS WITH]      9 = BLOWING SNOW
                                                   X = TORNADO
MAX 32 OR BELOW:   0    0.01 INCH OR MORE:   6
MAX 90 OR ABOVE:   4    0.10 INCH OR MORE:   4
MIN 32 OR BELOW:   0    0.50 INCH OR MORE:   2
MIN  0 OR BELOW:   0    1.00 INCH OR MORE:   1

[HDD (BASE 65) ]
TOTAL THIS MO.     9    CLEAR  (SCALE 0-3)  13
DPTR FM NORMAL     M    PTCLDY (SCALE 4-7)  12
TOTAL FM JUL 1  1866    CLOUDY (SCALE 8-10)  0
DPTR FM NORMAL     M

[CDD (BASE 65) ]
TOTAL THIS MO.   212
DPTR FM NORMAL     M    [PRESSURE DATA]
TOTAL FM JAN 1   296    HIGHEST SLP M ON M
DPTR FM NORMAL     M    LOWEST  SLP M ON M

[REMARKS]
