000
CXUS52 KFFC 191110
CF6RYY
PRELIMINARY LOCAL CLIMATOLOGICAL DATA (WS FORM: F-6)

                                          STATION:   MARIETTA
                                          MONTH:     MARCH
                                          YEAR:      2019
                                          LATITUDE:   34  0 N
                                          LONGITUDE:  84 36 W

  TEMPERATURE IN F:       :PCPN:    SNOW:  WIND      :SUNSHINE: SKY     :PK WND
================================================================================
1   2   3   4   5  6A  6B    7    8   9   10  11  12  13   14  15   16   17  18
                                     12Z  AVG MX 2MIN
DY MAX MIN AVG DEP HDD CDD  WTR  SNW DPTH SPD SPD DIR MIN PSBL S-S WX    SPD DR
================================================================================

 1  68  55  62   M   3   0 0.15  0.0    0  4.8 14 250   M    M  10        18 250
 2  65  48  57   M   8   0 0.00  0.0    0  5.2  9 280   M    M   7         M  M
 3  58  40  49   M  16   0 1.14    M    0  4.4 14 330   M    M   9 13     22 320
 4  40  32  36   M  29   0 0.00  0.0    0 10.1 16 320   M    M   8        24 320
 5  42  24  33   M  32   0 0.00  0.0    0 10.5 18 280   M    M   0        27 280
 6  43  25  34   M  31   0 0.00  0.0    0  7.7 13 270   M    M   0        20 300
 7  57  27  42   M  23   0 0.00  0.0    0  1.7  6 240   M    M   3         M  M
 8  66  46  56   M   9   0 0.18    M    0  3.9 10 180   M    M  10 3       M  M
 9  67  46  57   M   8   0    T    M    0  7.5 16 110   M    M   8 1      21 110
10  68  53  61   M   4   0 0.13  0.0    0  4.4  9 220   M    M   9 1      16 220
11  61  46  54   M  11   0 0.04    M    0  3.0  7 320   M    M   5         M  M
12  69  43  56   M   9   0 0.00  0.0    0  2.8  7 290   M    M   0 1       M  M
13  70  51  61   M   4   0 0.00  0.0    0  9.0 14 130   M    M   0        22 150
14  76  57  67   M   0   2 0.03  0.0    M  9.8 15 170   M    M   9 3      23 170
15  69  47  58   M   7   0 0.29    M    0  9.5 15 280   M    M   6 13     24 300
16  51  40  46   M  19   0 0.00  0.0    0  6.9 13 320   M    M   0        31 340
17  62  35  49   M  16   0 0.00  0.0    0  4.1  9 340   M    M   0        17 340
18  57  40  49   M  16   0 0.00  0.0    0  6.8 14 320   M    M   0        24 320
================================================================================
SM 1089  755       245   2  1.96     0.0 112.1          M       84
================================================================================
AV 60.5 41.9                               6.2 FASTST   M    M   5    MAX(MPH)
                                 MISC ---->  # 18 280               # 31  340
================================================================================
NOTES:
# LAST OF SEVERAL OCCURRENCES

COLUMN 17 PEAK WIND IN M.P.H.

PRELIMINARY LOCAL CLIMATOLOGICAL DATA (WS FORM: F-6) , PAGE 2

                                          STATION:  MARIETTA
                                          MONTH:    MARCH
                                          YEAR:     2019
                                          LATITUDE:   34  0 N
                                          LONGITUDE:  84 36 W

[TEMPERATURE DATA]      [PRECIPITATION DATA]       SYMBOLS USED IN COLUMN 16

AVERAGE MONTHLY: 51.2   TOTAL FOR MONTH:   1.96    1 = FOG OR MIST
DPTR FM NORMAL:     M   DPTR FM NORMAL:       M    2 = FOG REDUCING VISIBILITY
HIGHEST:    76 ON 14    GRTST 24HR  1.14 ON  3- 3      TO 1/4 MILE OR LESS
LOWEST:     24 ON  5                               3 = THUNDER
                        SNOW, ICE PELLETS, HAIL    4 = ICE PELLETS
                        TOTAL MONTH:   0.0 INCH    5 = HAIL
                        GRTST 24HR     0.0         6 = FREEZING RAIN OR DRIZZLE
                        GRTST DEPTH:   0           7 = DUSTSTORM OR SANDSTORM:
                                                       VSBY 1/2 MILE OR LESS
                                                   8 = SMOKE OR HAZE
[NO. OF DAYS WITH]      [WEATHER - DAYS WITH]      9 = BLOWING SNOW
                                                   X = TORNADO
MAX 32 OR BELOW:   0    0.01 INCH OR MORE:   7
MAX 90 OR ABOVE:   0    0.10 INCH OR MORE:   5
MIN 32 OR BELOW:   4    0.50 INCH OR MORE:   1
MIN  0 OR BELOW:   0    1.00 INCH OR MORE:   1

[HDD (BASE 65) ]
TOTAL THIS MO.   245    CLEAR  (SCALE 0-3)   7
DPTR FM NORMAL     M    PTCLDY (SCALE 4-7)   6
TOTAL FM JUL 1  1614    CLOUDY (SCALE 8-10)  5
DPTR FM NORMAL     M

[CDD (BASE 65) ]
TOTAL THIS MO.     2
DPTR FM NORMAL     M    [PRESSURE DATA]
TOTAL FM JAN 1     8    HIGHEST SLP M ON M
DPTR FM NORMAL     M    LOWEST  SLP M ON M

[REMARKS]
