000
CXUS56 KSTO 221425
CF6SAC
PRELIMINARY LOCAL CLIMATOLOGICAL DATA (WS FORM: F-6)

                                          STATION:   SACRAMENTO EXEC. AIRPORT CA
                                          MONTH:     MAY
                                          YEAR:      2019
                                          LATITUDE:   38 31 N
                                          LONGITUDE: 121 30 W

  TEMPERATURE IN F:       :PCPN:    SNOW:  WIND      :SUNSHINE: SKY     :PK WND
================================================================================
1   2   3   4   5  6A  6B    7    8   9   10  11  12  13   14  15   16   17  18
                                     12Z  AVG MX 2MIN
DY MAX MIN AVG DEP HDD CDD  WTR  SNW DPTH SPD SPD DIR MIN PSBL S-S WX    SPD DR
================================================================================

 1  79  44  62   0   3   0 0.00  0.0    0  3.7 15 230   M    M   0        20 230
 2  83  47  65   3   0   0 0.00  0.0    0  4.2 14 230   M    M   0        18 230
 3  83  50  67   4   0   2 0.00  0.0    0  4.3 14 230   M    M   0        22 110
 4  81  48  65   2   0   0 0.00  0.0    0  6.9 14 220   M    M   0        19 220
 5  72  48  60  -3   5   0 0.00  0.0    0 11.0 22 210   M    M   0        30 210
 6  68  51  60  -3   5   0 0.00  0.0    0 10.6 18 230   M    M   1        25 210
 7  75  51  63  -1   2   0 0.00  0.0    0  6.2 16 210   M    M   0        22 210
 8  81  52  67   3   0   2 0.00  0.0    0  6.7 15 220   M    M   2        20 210
 9  74  53  64   0   1   0 0.00  0.0    0  9.0 16 230   M    M   2        23 230
10  83  49  66   2   0   1 0.00  0.0    0  8.5 20 220   M    M   0        25 220
11  81  53  67   3   0   2 0.00  0.0    0  7.6 15 220   M    M   0        21 220
12  81  52  67   2   0   2 0.00  0.0    0  7.9 14 210   M    M   0        22 210
13  81  53  67   2   0   2 0.00  0.0    0  9.1 20 230   M    M   0        27 240
14  71  53  62  -3   3   0 0.00  0.0    0  9.6 17 210   M    M   0        24 220
15  68  54  61  -4   4   0 1.20  0.0    0  8.0 17 210   M    M   8 1      26 140
16  60  51  56 -10   9   0 0.33  0.0    0 10.2 21 220   M    M   7 13     27 220
17  69  50  60  -6   5   0    T  0.0    0  7.3 15 240   M    M   4        19 230
18  60  50  55 -11  10   0 0.69  0.0    0  7.2 15 240   M    M   5 1      20 220
19  59  47  53 -13  12   0 0.84  0.0    0  6.2 18 250   M    M   6 13     25 240
20  69  43  56 -10   9   0 0.00  0.0    0  6.3 20 230   M    M   2 12     27 220
21  69  51  60  -7   5   0 0.01  0.0    0 11.0 23 230   M    M   7        28 250
================================================================================
SM 1547 1050        73  11  3.07     0.0 161.5          M       44
================================================================================
AV 73.7 50.0                               7.7 FASTST   M    M   2    MAX(MPH)
                                 MISC ---->  # 23 230               # 30  210
================================================================================
NOTES:
# LAST OF SEVERAL OCCURRENCES

COLUMN 17 PEAK WIND IN M.P.H.

PRELIMINARY LOCAL CLIMATOLOGICAL DATA (WS FORM: F-6) , PAGE 2

                                          STATION:  SACRAMENTO EXEC. AIRPORT CA
                                          MONTH:    MAY
                                          YEAR:     2019
                                          LATITUDE:   38 31 N
                                          LONGITUDE: 121 30 W

[TEMPERATURE DATA]      [PRECIPITATION DATA]       SYMBOLS USED IN COLUMN 16

AVERAGE MONTHLY: 61.8   TOTAL FOR MONTH:   3.07    1 = FOG OR MIST
DPTR FM NORMAL:  -2.6   DPTR FM NORMAL:    2.57    2 = FOG REDUCING VISIBILITY
HIGHEST:    83 ON  3, 2 GRTST 24HR  1.20 ON 15-15      TO 1/4 MILE OR LESS
LOWEST:     43 ON 20                               3 = THUNDER
                        SNOW, ICE PELLETS, HAIL    4 = ICE PELLETS
                        TOTAL MONTH:   0.0 INCH    5 = HAIL
                        GRTST 24HR     0.0         6 = FREEZING RAIN OR DRIZZLE
                        GRTST DEPTH:   0           7 = DUSTSTORM OR SANDSTORM:
                                                       VSBY 1/2 MILE OR LESS
                                                   8 = SMOKE OR HAZE
[NO. OF DAYS WITH]      [WEATHER - DAYS WITH]      9 = BLOWING SNOW
                                                   X = TORNADO
MAX 32 OR BELOW:   0    0.01 INCH OR MORE:   5
MAX 90 OR ABOVE:   0    0.10 INCH OR MORE:   4
MIN 32 OR BELOW:   0    0.50 INCH OR MORE:   3
MIN  0 OR BELOW:   0    1.00 INCH OR MORE:   1

[HDD (BASE 65) ]
TOTAL THIS MO.    73    CLEAR  (SCALE 0-3)  15
DPTR FM NORMAL    13    PTCLDY (SCALE 4-7)   6
TOTAL FM JUL 1  2287    CLOUDY (SCALE 8-10)  0
DPTR FM NORMAL  -311

[CDD (BASE 65) ]
TOTAL THIS MO.    11
DPTR FM NORMAL   -38    [PRESSURE DATA]
TOTAL FM JAN 1    46    HIGHEST SLP M ON M
DPTR FM NORMAL   -19    LOWEST  SLP 29.65 ON  9

[REMARKS]
