000
CXUS55 KABQ 191000
CF6SAF
PRELIMINARY LOCAL CLIMATOLOGICAL DATA (WS FORM: F-6)

                                          STATION:   SANTA FE NM
                                          MONTH:     MARCH
                                          YEAR:      2019
                                          LATITUDE:   35 37 N
                                          LONGITUDE: 106  5 W

  TEMPERATURE IN F:       :PCPN:    SNOW:  WIND      :SUNSHINE: SKY     :PK WND
================================================================================
1   2   3   4   5  6A  6B    7    8   9   10  11  12  13   14  15   16   17  18
                                     12Z  AVG MX 2MIN
DY MAX MIN AVG DEP HDD CDD  WTR  SNW DPTH SPD SPD DIR MIN PSBL S-S WX    SPD DR
================================================================================

 1  60  30  45   6  20   0 0.00    M    M  7.3 24 260   M    M   0        32 250
 2  59  33  46   6  19   0 0.13    M    M  7.9 25 260   M    M   8        36 260
 3  57  21  39  -1  26   0    T    M    M 15.9 29 140   M    M   5        35 140
 4  52  19  36  -4  29   0    T    M    M 12.2 26 140   M    M   8        32 140
 5  59  27  43   3  22   0 0.00    M    M  9.6 21 130   M    M   2        25 140
 6  65  22  44   4  21   0 0.00    M    M  9.0 28 260   M    M   1        38 270
 7  66  41  54  13  11   0 0.00    M    M 12.2 39 260   M    M   1        50 250
 8  59  31  45   4  20   0    T    M    M 13.8 41 280   M    M   2 1      56 280
 9  53  28  41   0  24   0 0.00    M    M 13.9 29 270   M    M   0        38 270
10  59  25  42   1  23   0 0.00    M    M 12.5 28 120   M    M   3        37 180
11  50  38  44   2  21   0 0.31    M    M  9.0 21 120   M    M   9 1      25 140
12  58  33  46   4  19   0 0.45    M    M 16.3 32 120   M    M   8 13     43 120
13  45  31  38  -4  27   0 0.12    M    M 15.5 33 260   M    M   7 18     44 240
14  41  27  34  -8  31   0 0.03    M    M  9.0 22 250   M    M   9 1      27 260
15  45  24  35  -8  30   0 0.00    M    M  8.7 16 150   M    M   3        21 150
16  53  24  39  -4  26   0 0.00    M    M  9.2 17 130   M    M   0        22 130
17  58  23  41  -2  24   0 0.00    M    M  6.4 17 120   M    M   0        21 130
18  58  27  43   0  22   0 0.00    M    M  7.7 18 130   M    M   1        29 140
================================================================================
SM  997  504       415   0  1.04    M    196.1          M       67
================================================================================
AV 55.4 28.0                              10.9 FASTST   M    M   4    MAX(MPH)
                                 MISC ---->  # 41 280               # 56  280
================================================================================
NOTES:
# LAST OF SEVERAL OCCURRENCES

COLUMN 17 PEAK WIND IN M.P.H.

PRELIMINARY LOCAL CLIMATOLOGICAL DATA (WS FORM: F-6) , PAGE 2

                                          STATION:  SANTA FE NM
                                          MONTH:    MARCH
                                          YEAR:     2019
                                          LATITUDE:   35 37 N
                                          LONGITUDE: 106  5 W

[TEMPERATURE DATA]      [PRECIPITATION DATA]       SYMBOLS USED IN COLUMN 16

AVERAGE MONTHLY: 41.7   TOTAL FOR MONTH:   1.04    1 = FOG OR MIST
DPTR FM NORMAL:   0.4   DPTR FM NORMAL:    0.57    2 = FOG REDUCING VISIBILITY
HIGHEST:    66 ON  7    GRTST 24HR  0.45 ON 12-12      TO 1/4 MILE OR LESS
LOWEST:     19 ON  4                               3 = THUNDER
                        SNOW, ICE PELLETS, HAIL    4 = ICE PELLETS
                        TOTAL MONTH:    M          5 = HAIL
                        GRTST 24HR    M  ON   M    6 = FREEZING RAIN OR DRIZZLE
                        GRTST DEPTH:  M  ON   M    7 = DUSTSTORM OR SANDSTORM:
                                                       VSBY 1/2 MILE OR LESS
                                                   8 = SMOKE OR HAZE
[NO. OF DAYS WITH]      [WEATHER - DAYS WITH]      9 = BLOWING SNOW
                                                   X = TORNADO
MAX 32 OR BELOW:   0    0.01 INCH OR MORE:   5
MAX 90 OR ABOVE:   0    0.10 INCH OR MORE:   4
MIN 32 OR BELOW:  14    0.50 INCH OR MORE:   0
MIN  0 OR BELOW:   0    1.00 INCH OR MORE:   0

[HDD (BASE 65) ]
TOTAL THIS MO.   415    CLEAR  (SCALE 0-3)  11
DPTR FM NORMAL   -12    PTCLDY (SCALE 4-7)   5
TOTAL FM JUL 1  4238    CLOUDY (SCALE 8-10)  2
DPTR FM NORMAL  -267

[CDD (BASE 65) ]
TOTAL THIS MO.     0
DPTR FM NORMAL     0    [PRESSURE DATA]
TOTAL FM JAN 1     0    HIGHEST SLP M ON M
DPTR FM NORMAL     0    LOWEST  SLP 29.36 ON 13

[REMARKS]
