000
CXUS55 KABQ 231000
CF6SAF
PRELIMINARY LOCAL CLIMATOLOGICAL DATA (WS FORM: F-6)

                                          STATION:   SANTA FE NM
                                          MONTH:     MAY
                                          YEAR:      2019
                                          LATITUDE:   35 37 N
                                          LONGITUDE: 106  5 W

  TEMPERATURE IN F:       :PCPN:    SNOW:  WIND      :SUNSHINE: SKY     :PK WND
================================================================================
1   2   3   4   5  6A  6B    7    8   9   10  11  12  13   14  15   16   17  18
                                     12Z  AVG MX 2MIN
DY MAX MIN AVG DEP HDD CDD  WTR  SNW DPTH SPD SPD DIR MIN PSBL S-S WX    SPD DR
================================================================================

 1  70  38  54  -1  11   0 0.00    M    M 10.5 23 250   M    M   1        33 240
 2  72  38  55   0  10   0 0.00  0.0    0 10.0 23 150   M    M   1        29 210
 3  71  41  56   1   9   0 0.00    M    M 10.2 20 250   M    M   0        25 250
 4  75  34  55  -1  10   0 0.00    M    M  8.9 23 250   M    M   0        32 240
 5  77  40  59   3   6   0 0.00    M    M  8.7 24 240   M    M   0        35 230
 6  79  44  62   6   3   0 0.00    M    M  9.2 22 250   M    M   0        28 200
 7  70  45  58   1   7   0 0.01    M    M  9.3 32 140   M    M   3        44 140
 8  67  41  54  -3  11   0    T    M    M 10.2 30 230   M    M   5        38 230
 9  53  37  45 -12  20   0 0.03    M    M 18.1 25 120   M    M   8 1      33 150
10  42  32  37 -21  28   0 0.32    M    M 11.5 22 130   M    M  10 1      28 130
11  63  41  52  -6  13   0    T    M    M  6.8 22 280   M    M   7        26 300
12  67  38  53  -5  12   0 0.00    M    M  6.5 17 100   M    M   1        23 100
13  74  39  57  -2   8   0 0.00    M    M  6.9 24 120   M    M   0        29 110
14  79  41  60   1   5   0    T    M    M  9.4 23 250   M    M   2 3      35 260
15  81  43  62   3   3   0 0.00    M    M  6.4 18 160   M    M   1        23 260
16  78  47  63   3   2   0 0.00    M    M  8.9 22 150   M    M   0        28 170
17  71  49  60   0   5   0 0.00    M    M 14.2 32 230   M    M   1        43 210
18  65  34  50 -10  15   0 0.00    M    M 12.8 28 230   M    M   0        35 240
19  67  38  53  -8  12   0 0.00    M    M 13.0 37 210   M    M   3        47 160
20  61  34  48 -13  17   0 0.03    M    M 14.7 36 260   M    M   9 1      46 260
21  58  34  46 -15  19   0 0.01    M    M 11.3 24 270   M    M   8        31 260
22  73  33  53  -9  12   0 0.00    M    M  9.7 29 180   M    M   2        38 170
================================================================================
SM 1513  861       238   0  0.40     0.0 227.2          M       62
================================================================================
AV 68.8 39.1                              10.3 FASTST   M    M   3    MAX(MPH)
                                 MISC ---->  # 37 210               # 47  160
================================================================================
NOTES:
# LAST OF SEVERAL OCCURRENCES

COLUMN 17 PEAK WIND IN M.P.H.

PRELIMINARY LOCAL CLIMATOLOGICAL DATA (WS FORM: F-6) , PAGE 2

                                          STATION:  SANTA FE NM
                                          MONTH:    MAY
                                          YEAR:     2019
                                          LATITUDE:   35 37 N
                                          LONGITUDE: 106  5 W

[TEMPERATURE DATA]      [PRECIPITATION DATA]       SYMBOLS USED IN COLUMN 16

AVERAGE MONTHLY: 54.0   TOTAL FOR MONTH:   0.40    1 = FOG OR MIST
DPTR FM NORMAL:  -4.3   DPTR FM NORMAL:   -0.28    2 = FOG REDUCING VISIBILITY
HIGHEST:    81 ON 15    GRTST 24HR  0.32 ON 10-10      TO 1/4 MILE OR LESS
LOWEST:     32 ON 10                               3 = THUNDER
                        SNOW, ICE PELLETS, HAIL    4 = ICE PELLETS
                        TOTAL MONTH:   0.0 INCH    5 = HAIL
                        GRTST 24HR     0.0         6 = FREEZING RAIN OR DRIZZLE
                        GRTST DEPTH:   0           7 = DUSTSTORM OR SANDSTORM:
                                                       VSBY 1/2 MILE OR LESS
                                                   8 = SMOKE OR HAZE
[NO. OF DAYS WITH]      [WEATHER - DAYS WITH]      9 = BLOWING SNOW
                                                   X = TORNADO
MAX 32 OR BELOW:   0    0.01 INCH OR MORE:   5
MAX 90 OR ABOVE:   0    0.10 INCH OR MORE:   1
MIN 32 OR BELOW:   1    0.50 INCH OR MORE:   0
MIN  0 OR BELOW:   0    1.00 INCH OR MORE:   0

[HDD (BASE 65) ]
TOTAL THIS MO.   238    CLEAR  (SCALE 0-3)  15
DPTR FM NORMAL    84    PTCLDY (SCALE 4-7)   4
TOTAL FM JUL 1  5111    CLOUDY (SCALE 8-10)  3
DPTR FM NORMAL  -256

[CDD (BASE 65) ]
TOTAL THIS MO.     0
DPTR FM NORMAL    -6    [PRESSURE DATA]
TOTAL FM JAN 1     0    HIGHEST SLP M ON M
DPTR FM NORMAL    -6    LOWEST  SLP 29.44 ON 20

[REMARKS]
