000
CXUS53 KIWX 230800
CF6SBN
PRELIMINARY LOCAL CLIMATOLOGICAL DATA (WS FORM: F-6)

                                          STATION:   SOUTH BEND
                                          MONTH:     MARCH
                                          YEAR:      2019
                                          LATITUDE:   41 42 N
                                          LONGITUDE:  86 19 W

  TEMPERATURE IN F:       :PCPN:    SNOW:  WIND      :SUNSHINE: SKY     :PK WND
================================================================================
1   2   3   4   5  6A  6B    7    8   9   10  11  12  13   14  15   16   17  18
                                     12Z  AVG MX 2MIN
DY MAX MIN AVG DEP HDD CDD  WTR  SNW DPTH SPD SPD DIR MIN PSBL S-S WX    SPD DR
================================================================================

 1  38  18  28  -4  37   0 0.00  0.0    0  2.9  9 110   M    M   8        14 120
 2  30  22  26  -6  39   0    T    T    0  6.5 17 340   M    M   9 18     24 340
 3  26  11  19 -14  46   0    T    T    0  8.7 20 350   M    M   8 8      28 310
 4  14   2   8 -25  57   0    T    T    T 13.2 21 300   M    M   6 18     34 280
 5  19   6  13 -20  52   0 0.02  0.3    T 15.7 22 300   M    M   9 18     35 260
 6  27  10  19 -15  46   0 0.01  0.2    T 12.2 22 250   M    M   8 18     30 250
 7  29  17  23 -11  42   0    T    T    0  4.5 17 300   M    M   5 8      23 320
 8  42  21  32  -2  33   0 0.00  0.0    0  3.7  9 150   M    M   6        12 130
 9  47  23  35   0  30   0 0.51  0.0    0 16.3 33 110   M    M   4 18     47 100
10  47  30  39   4  26   0    T  0.0    0 21.4 36 250   M    M   7 8      56 250
11  38  20  29  -7  36   0 0.00  0.0    0 10.7 21 300   M    M   3        27 290
12  48  17  33  -3  32   0 0.00  0.0    0  7.6 15 150   M    M   0 18     22 150
13  56  38  47  11  18   0 0.13  0.0    0 11.2 16 130   M    M   6 1      22 140
14  67  39  53  16  12   0 0.42  0.0    0 19.5 36 240   M    M   6 13     50 230
15  40  31  36  -1  29   0 0.20    T    0 15.7 32 240   M    M   9 1      47 250
16  38  24  31  -6  34   0 0.00  0.0    0  9.7 20 310   M    M   4        27 310
17  41  22  32  -6  33   0    T    T    0  5.7 17 310   M    M   4 18     22 320
18  42  19  31  -7  34   0    T    T    0  3.1 13 280   M    M   5        16 320
19  49  24  37  -1  28   0 0.00  0.0    0  5.6 15 240   M    M   2 18     29 240
20  41  36  39   0  26   0 0.33  0.0    0  8.2 15 190   M    M   9 1      16 210
21  41  33  37  -2  28   0 0.03  0.0    0  7.2 17 310   M    M  10 12     22 330
22  42  27  35  -5  30   0 0.00  0.0    0 15.8 33 340   M    M   1        44 340
================================================================================
SM  862  490       748   0  1.65     0.5 225.1          M      129
================================================================================
AV 39.2 22.3                              10.2 FASTST   M    M   6    MAX(MPH)
                                 MISC ---->  # 36 250               # 56  250
================================================================================
NOTES:
# LAST OF SEVERAL OCCURRENCES

COLUMN 17 PEAK WIND IN M.P.H.

PRELIMINARY LOCAL CLIMATOLOGICAL DATA (WS FORM: F-6) , PAGE 2

                                          STATION:  SOUTH BEND
                                          MONTH:    MARCH
                                          YEAR:     2019
                                          LATITUDE:   41 42 N
                                          LONGITUDE:  86 19 W

[TEMPERATURE DATA]      [PRECIPITATION DATA]       SYMBOLS USED IN COLUMN 16

AVERAGE MONTHLY: 30.7   TOTAL FOR MONTH:   1.65    1 = FOG OR MIST
DPTR FM NORMAL:  -5.0   DPTR FM NORMAL:   -0.03    2 = FOG REDUCING VISIBILITY
HIGHEST:    67 ON 14    GRTST 24HR  0.51 ON  9- 9      TO 1/4 MILE OR LESS
LOWEST:      2 ON  4                               3 = THUNDER
                        SNOW, ICE PELLETS, HAIL    4 = ICE PELLETS
                        TOTAL MONTH:   0.5 INCH    5 = HAIL
                        GRTST 24HR   0.3 ON  5- 5  6 = FREEZING RAIN OR DRIZZLE
                        GRTST DEPTH:   0           7 = DUSTSTORM OR SANDSTORM:
                                                       VSBY 1/2 MILE OR LESS
                                                   8 = SMOKE OR HAZE
[NO. OF DAYS WITH]      [WEATHER - DAYS WITH]      9 = BLOWING SNOW
                                                   X = TORNADO
MAX 32 OR BELOW:   6    0.01 INCH OR MORE:   8
MAX 90 OR ABOVE:   0    0.10 INCH OR MORE:   5
MIN 32 OR BELOW:  18    0.50 INCH OR MORE:   1
MIN  0 OR BELOW:   0    1.00 INCH OR MORE:   0

[HDD (BASE 65) ]
TOTAL THIS MO.   748    CLEAR  (SCALE 0-3)   4
DPTR FM NORMAL   104    PTCLDY (SCALE 4-7)  11
TOTAL FM JUL 1  5595    CLOUDY (SCALE 8-10)  7
DPTR FM NORMAL   262

[CDD (BASE 65) ]
TOTAL THIS MO.     0
DPTR FM NORMAL     0    [PRESSURE DATA]
TOTAL FM JAN 1     0    HIGHEST SLP M ON M
DPTR FM NORMAL     0    LOWEST  SLP 29.39 ON 14

[REMARKS]
