000
CXUS56 KLOX 221655
CF6SBP
PRELIMINARY LOCAL CLIMATOLOGICAL DATA (WS FORM: F-6)

                                          STATION:   SAN LUIS OBISPO AIRPORT CA
                                          MONTH:     MAY
                                          YEAR:      2019
                                          LATITUDE:   35 13 N
                                          LONGITUDE: 120 38 W

  TEMPERATURE IN F:       :PCPN:    SNOW:  WIND      :SUNSHINE: SKY     :PK WND
================================================================================
1   2   3   4   5  6A  6B    7    8   9   10  11  12  13   14  15   16   17  18
                                     12Z  AVG MX 2MIN
DY MAX MIN AVG DEP HDD CDD  WTR  SNW DPTH SPD SPD DIR MIN PSBL S-S WX    SPD DR
================================================================================

 1  69  45  57  -1   8   0 0.00  0.0    0  7.8 22 320   M    M   1        26 320
 2  76  44  60   1   5   0 0.00  0.0    0  7.8 25 320   M    M   0 1      29 320
 3  71  47  59   0   6   0 0.00  0.0    0  5.8 17 320   M    M   4 12     20 310
 4  68  50  59   0   6   0 0.00  0.0    0  6.6 17 300   M    M   6 1      20 310
 5  64  51  58  -1   7   0    T  0.0    0  6.8 20 310   M    M   9        24 340
 6  61  52  57  -2   8   0 0.05  0.0    0  5.9 16 310   M    M  10 1      20 310
 7  67  53  60   1   5   0    T  0.0    0  7.3 17 310   M    M   9 1      22 320
 8  68  54  61   2   4   0 0.00  0.0    0  5.9 14 310   M    M   9 1      21 310
 9  62  55  59   0   6   0 0.00  0.0    0  2.7 10 210   M    M  10 1      13 200
10  68  51  60   0   5   0 0.01  0.0    0  3.3 13 300   M    M   7 18     15 310
11  77  48  63   3   2   0 0.00  0.0    0 10.5 28 310   M    M   2        33 310
12  70  54  62   2   3   0 0.00  0.0    0  8.9 20 310   M    M   5        24 310
13  71  53  62   2   3   0 0.00  0.0    0  8.9 21 310   M    M   5        25 310
14  72  54  63   3   2   0 0.00  0.0    0  7.0 22 310   M    M   5        26 310
15  69  54  62   2   3   0 0.21  0.0    0  7.2 18 180   M    M   9 1      24 160
16  65  51  58  -2   7   0 0.24  0.0    0  9.7 22 310   M    M   5 1      27 290
17  66  44  55  -5  10   0 0.00  0.0    0 10.4 26 310   M    M   0        35 300
18  67  47  57  -3   8   0 0.33    M    0  6.8 25 120   M    M   5 1      29 120
19  61  51  56  -4   9   0 0.59  0.0    0  6.1 15 320   M    M   9 1      23 270
20  66  48  57  -3   8   0 0.03    M    0  8.5 24 320   M    M   6 12     31 310
21  64  50  57  -4   8   0 0.01  0.0    0 13.5 29 310   M    M   6 1      39 320
================================================================================
SM 1422 1056       123   0  1.47     0.0 157.3          M      122
================================================================================
AV 67.7 50.3                               7.5 FASTST   M    M   6    MAX(MPH)
                                 MISC ---->    29   M                 39    M
================================================================================
NOTES:
# LAST OF SEVERAL OCCURRENCES

COLUMN 17 PEAK WIND IN M.P.H.

PRELIMINARY LOCAL CLIMATOLOGICAL DATA (WS FORM: F-6) , PAGE 2

                                          STATION:  SAN LUIS OBISPO AIRPORT CA
                                          MONTH:    MAY
                                          YEAR:     2019
                                          LATITUDE:   35 13 N
                                          LONGITUDE: 120 38 W

[TEMPERATURE DATA]      [PRECIPITATION DATA]       SYMBOLS USED IN COLUMN 16

AVERAGE MONTHLY: 59.0   TOTAL FOR MONTH:   1.47    1 = FOG OR MIST
DPTR FM NORMAL:  -0.6   DPTR FM NORMAL:    1.12    2 = FOG REDUCING VISIBILITY
HIGHEST:    77 ON 11    GRTST 24HR  0.59 ON 19-19      TO 1/4 MILE OR LESS
LOWEST:     44 ON 17, 2                            3 = THUNDER
                        SNOW, ICE PELLETS, HAIL    4 = ICE PELLETS
                        TOTAL MONTH:   0.0 INCH    5 = HAIL
                        GRTST 24HR     0.0         6 = FREEZING RAIN OR DRIZZLE
                        GRTST DEPTH:   0           7 = DUSTSTORM OR SANDSTORM:
                                                       VSBY 1/2 MILE OR LESS
                                                   8 = SMOKE OR HAZE
[NO. OF DAYS WITH]      [WEATHER - DAYS WITH]      9 = BLOWING SNOW
                                                   X = TORNADO
MAX 32 OR BELOW:   0    0.01 INCH OR MORE:   8
MAX 90 OR ABOVE:   0    0.10 INCH OR MORE:   4
MIN 32 OR BELOW:   0    0.50 INCH OR MORE:   1
MIN  0 OR BELOW:   0    1.00 INCH OR MORE:   0

[HDD (BASE 65) ]
TOTAL THIS MO.   123    CLEAR  (SCALE 0-3)   4
DPTR FM NORMAL     2    PTCLDY (SCALE 4-7)  10
TOTAL FM JUL 1  2014    CLOUDY (SCALE 8-10)  7
DPTR FM NORMAL  -247

[CDD (BASE 65) ]
TOTAL THIS MO.     0
DPTR FM NORMAL    -4    [PRESSURE DATA]
TOTAL FM JAN 1     1    HIGHEST SLP M ON M
DPTR FM NORMAL   -13    LOWEST  SLP 29.71 ON 21

[REMARKS]
