000
CXUS51 KAKQ 250833
CF6SBY
PRELIMINARY LOCAL CLIMATOLOGICAL DATA (WS FORM: F-6)

                                          STATION:   SALISBURY MD
                                          MONTH:     JUNE
                                          YEAR:      2019
                                          LATITUDE:   38 20 N
                                          LONGITUDE:  75 30 W

  TEMPERATURE IN F:       :PCPN:    SNOW:  WIND      :SUNSHINE: SKY     :PK WND
================================================================================
1   2   3   4   5  6A  6B    7    8   9   10  11  12  13   14  15   16   17  18
                                     12Z  AVG MX 2MIN
DY MAX MIN AVG DEP HDD CDD  WTR  SNW DPTH SPD SPD DIR MIN PSBL S-S WX    SPD DR
================================================================================

 1  83  66  75   8   0  10 0.00  0.0    0  4.7 13  10   M    M   0 1      20  20
 2  87  63  75   7   0  10 1.03  0.0    0  7.2 28 300   M    M   2 13     40 330
 3  77  51  64  -4   1   0 0.01  0.0    0  7.2 20 320   M    M   2 3      26 320
 4  75  47  61  -7   4   0 0.00  0.0    0  5.5 16 330   M    M   0        24 290
 5  83  60  72   3   0   7 0.37  0.0    0 11.4 28 210   M    M   4 13     39 200
 6  88  71  80  11   0  15 0.00  0.0    0  6.2 16 220   M    M   5 1      22 210
 7  82  67  75   6   0  10 0.00  0.0    0  7.3 17  60   M    M   1 1      21  50
 8  77  65  71   1   0   6 0.00  0.0    0 11.4 20  70   M    M   4 1      24  70
 9  72  67  70   0   0   5 0.35  0.0    0 11.4 20  80   M    M   8 18     28  80
10  86  70  78   8   0  13 0.17  0.0    0  6.8 17 190   M    M   6 12     23 190
11  80  59  70  -1   0   5 0.05  0.0    0 10.2 21 340   M    M   4 1      29 330
12  76  56  66  -5   0   1    T  0.0    0  9.2 18 120   M    M   3        23 100
13  79  64  72   1   0   7 0.41  0.0    0  9.5 20 310   M    M   8 1      27 330
14  74  57  66  -6   0   1 0.00  0.0    0  9.3 23 310   M    M   2        33 310
15  82  52  67  -5   0   2 0.00  0.0    0  9.4 23 200   M    M   0        28 220
16  88  67  78   6   0  13 0.00  0.0    0 11.6 22 210   M    M   0        27 210
17  91  69  80   7   0  15 0.65  0.0    0  5.4 26 270   M    M   2 13     32 270
18  87  70  79   6   0  14 0.13  0.0    0  7.5 18 260   M    M   3 13     23 260
19  87  72  80   7   0  15 0.09  0.0    0  5.6 12 210   M    M   3 1      16 200
20  89  72  81   7   0  16 0.13  0.0    0  9.6 22 210   M    M   4 1      31 200
21  82  68  75   1   0  10 0.01  0.0    0 10.9 28 330   M    M   5        35 340
22  83  61  72  -2   0   7 0.00  0.0    0  6.4 17 320   M    M   1        24 310
23  83  58  71  -3   0   6 0.00  0.0    0  5.1 16 250   M    M   0        19 240
24  88  60  74   0   0   9 0.01  0.0    0  6.9 17 180   M    M   0        21 180
================================================================================
SM 1979 1512         5 197  3.41     0.0 195.7          M       67
================================================================================
AV 82.5 63.0                               8.2 FASTST   M    M   3    MAX(MPH)
                                 MISC ---->  # 28 300               # 40  330
================================================================================
NOTES:
# LAST OF SEVERAL OCCURRENCES

COLUMN 17 PEAK WIND IN M.P.H.

PRELIMINARY LOCAL CLIMATOLOGICAL DATA (WS FORM: F-6) , PAGE 2

                                          STATION:  SALISBURY MD
                                          MONTH:    JUNE
                                          YEAR:     2019
                                          LATITUDE:   38 20 N
                                          LONGITUDE:  75 30 W

[TEMPERATURE DATA]      [PRECIPITATION DATA]       SYMBOLS USED IN COLUMN 16

AVERAGE MONTHLY: 72.7   TOTAL FOR MONTH:   3.41    1 = FOG OR MIST
DPTR FM NORMAL:   1.6   DPTR FM NORMAL:    0.41    2 = FOG REDUCING VISIBILITY
HIGHEST:    91 ON 17    GRTST 24HR  1.03 ON  2- 2      TO 1/4 MILE OR LESS
LOWEST:     47 ON  4                               3 = THUNDER
                        SNOW, ICE PELLETS, HAIL    4 = ICE PELLETS
                        TOTAL MONTH:   0.0 INCH    5 = HAIL
                        GRTST 24HR     0.0         6 = FREEZING RAIN OR DRIZZLE
                        GRTST DEPTH:   0           7 = DUSTSTORM OR SANDSTORM:
                                                       VSBY 1/2 MILE OR LESS
                                                   8 = SMOKE OR HAZE
[NO. OF DAYS WITH]      [WEATHER - DAYS WITH]      9 = BLOWING SNOW
                                                   X = TORNADO
MAX 32 OR BELOW:   0    0.01 INCH OR MORE:  13
MAX 90 OR ABOVE:   1    0.10 INCH OR MORE:   8
MIN 32 OR BELOW:   0    0.50 INCH OR MORE:   2
MIN  0 OR BELOW:   0    1.00 INCH OR MORE:   1

[HDD (BASE 65) ]
TOTAL THIS MO.     5    CLEAR  (SCALE 0-3)  14
DPTR FM NORMAL   -13    PTCLDY (SCALE 4-7)  10
TOTAL FM JUL 1  3957    CLOUDY (SCALE 8-10)  0
DPTR FM NORMAL  -483

[CDD (BASE 65) ]
TOTAL THIS MO.   197
DPTR FM NORMAL    32    [PRESSURE DATA]
TOTAL FM JAN 1   395    HIGHEST SLP M ON M
DPTR FM NORMAL   146    LOWEST  SLP 29.57 ON 20

[REMARKS]
