000
CXUS56 KSTO 221425
CF6SCK
PRELIMINARY LOCAL CLIMATOLOGICAL DATA (WS FORM: F-6)

                                          STATION:   STOCKTON AIRPORT CA
                                          MONTH:     MAY
                                          YEAR:      2019
                                          LATITUDE:   37 54 N
                                          LONGITUDE: 121 15 W

  TEMPERATURE IN F:       :PCPN:    SNOW:  WIND      :SUNSHINE: SKY     :PK WND
================================================================================
1   2   3   4   5  6A  6B    7    8   9   10  11  12  13   14  15   16   17  18
                                     12Z  AVG MX 2MIN
DY MAX MIN AVG DEP HDD CDD  WTR  SNW DPTH SPD SPD DIR MIN PSBL S-S WX    SPD DR
================================================================================

 1  81  49  65   2   0   0 0.00    M    0  8.3 18 290   M    M   0        22 300
 2  84  46  65   2   0   0 0.00  0.0    0  6.0 15 300   M    M   0        20 290
 3  86  48  67   3   0   2 0.00  0.0    0  5.3 14 310   M    M   0        17 300
 4  84  47  66   2   0   1 0.00  0.0    0  7.4 16 300   M    M   0        23 330
 5  77  48  63  -1   2   0    T    M    0  9.6 22 270   M    M   2 3      27 270
 6  74  53  64   0   1   0 0.00  0.0    0  8.9 16 280   M    M   1        21 270
 7  78  49  64   0   1   0 0.00  0.0    0  6.3 16 280   M    M   0        19 270
 8  82  51  67   2   0   2 0.00  0.0    0  6.5 16 320   M    M   0        19 310
 9  78  55  67   2   0   2 0.00  0.0    0  8.7 18 300   M    M   1        23 300
10  82  56  69   4   0   4 0.00  0.0    0  8.9 21 320   M    M   1        25 320
11  83  56  70   5   0   5 0.00  0.0    0  8.1 16 270   M    M   0        20 270
12  85  54  70   4   0   5 0.00  0.0    0  8.0 18 260   M    M   0        20 260
13  85  53  69   3   0   4 0.00  0.0    0  8.4 20 290   M    M   0        25 290
14  78  52  65  -1   0   0 0.00  0.0    0  8.7 17 310   M    M   0        21 320
15  69  55  62  -4   3   0 0.52  0.0    0  8.8 23 240   M    M   8 1      28 240
16  63  52  58  -8   7   0 0.44  0.0    0  9.3 24 260   M    M   7 1      30 260
17  69  51  60  -7   5   0 0.00  0.0    0  8.8 16 270   M    M   6        21 290
18  65  49  57 -10   8   0 0.45  0.0    0  7.3 22 110   M    M   5 1      30 120
19  61  50  56 -11   9   0 0.90  0.0    0  7.7 21 160   M    M   7 18     26 150
20  71  46  59  -8   6   0 0.00  0.0    0  7.8 21 260   M    M   6 128    26 270
21  67  53  60  -7   5   0 0.15  0.0    0 12.2 28 280   M    M   8 1      34 280
================================================================================
SM 1602 1073        47  25  2.46     0.0 171.0          M       52
================================================================================
AV 76.3 51.1                               8.1 FASTST   M    M   2    MAX(MPH)
                                 MISC ---->  # 28 280               # 34  280
================================================================================
NOTES:
# LAST OF SEVERAL OCCURRENCES

COLUMN 17 PEAK WIND IN M.P.H.

PRELIMINARY LOCAL CLIMATOLOGICAL DATA (WS FORM: F-6) , PAGE 2

                                          STATION:  STOCKTON AIRPORT CA
                                          MONTH:    MAY
                                          YEAR:     2019
                                          LATITUDE:   37 54 N
                                          LONGITUDE: 121 15 W

[TEMPERATURE DATA]      [PRECIPITATION DATA]       SYMBOLS USED IN COLUMN 16

AVERAGE MONTHLY: 63.7   TOTAL FOR MONTH:   2.46    1 = FOG OR MIST
DPTR FM NORMAL:  -1.6   DPTR FM NORMAL:    2.06    2 = FOG REDUCING VISIBILITY
HIGHEST:    86 ON  3    GRTST 24HR  0.90 ON 19-19      TO 1/4 MILE OR LESS
LOWEST:     46 ON 20, 2                            3 = THUNDER
                        SNOW, ICE PELLETS, HAIL    4 = ICE PELLETS
                        TOTAL MONTH:   0.0 INCH    5 = HAIL
                        GRTST 24HR     0.0         6 = FREEZING RAIN OR DRIZZLE
                        GRTST DEPTH:   0           7 = DUSTSTORM OR SANDSTORM:
                                                       VSBY 1/2 MILE OR LESS
                                                   8 = SMOKE OR HAZE
[NO. OF DAYS WITH]      [WEATHER - DAYS WITH]      9 = BLOWING SNOW
                                                   X = TORNADO
MAX 32 OR BELOW:   0    0.01 INCH OR MORE:   5
MAX 90 OR ABOVE:   0    0.10 INCH OR MORE:   5
MIN 32 OR BELOW:   0    0.50 INCH OR MORE:   2
MIN  0 OR BELOW:   0    1.00 INCH OR MORE:   0

[HDD (BASE 65) ]
TOTAL THIS MO.    47    CLEAR  (SCALE 0-3)  14
DPTR FM NORMAL    -2    PTCLDY (SCALE 4-7)   7
TOTAL FM JUL 1  2050    CLOUDY (SCALE 8-10)  0
DPTR FM NORMAL  -575

[CDD (BASE 65) ]
TOTAL THIS MO.    25
DPTR FM NORMAL   -32    [PRESSURE DATA]
TOTAL FM JAN 1    70    HIGHEST SLP M ON M
DPTR FM NORMAL    -4    LOWEST  SLP 29.65 ON  9

[REMARKS]
