000
CXUS56 KLOX 231655
CF6SDB
PRELIMINARY LOCAL CLIMATOLOGICAL DATA (WS FORM: F-6)

                                          STATION:   SANDBERG CA
                                          MONTH:     MARCH
                                          YEAR:      2019
                                          LATITUDE:   34 45 N
                                          LONGITUDE: 118 44 W

  TEMPERATURE IN F:       :PCPN:    SNOW:  WIND      :SUNSHINE: SKY     :PK WND
================================================================================
1   2   3   4   5  6A  6B    7    8   9   10  11  12  13   14  15   16   17  18
                                     12Z  AVG MX 2MIN
DY MAX MIN AVG DEP HDD CDD  WTR  SNW DPTH SPD SPD DIR MIN PSBL S-S WX    SPD DR
================================================================================

 1  52  41  47   2  18   0    T    M    0 12.0 23 180   M    M   6 12     29 170
 2  49  42  46   1  19   0 0.57    M    0 18.2 26 200   M    M   9 12     37 210
 3  46  41  44  -1  21   0 0.02    M    0 11.4 26 210   M    M  10 12     37 210
 4  57  38  48   2  17   0 0.00  0.0    0 13.1 25 350   M    M   8 12     31 360
 5  58  39  49   3  16   0 0.27    M    0  9.4 25 180   M    M   8 128    33 170
 6  47  38  43  -3  22   0 0.99    M    0 18.7 31 200   M    M  10 12     44 190
 7  48  33  41  -5  24   0 0.03    M    0 12.3 24 220   M    M   9 12     32 170
 8  41  31  36 -10  29   0    T    M    0 16.3 33 320   M    M   5 12     39 320
 9  47  30  39  -7  26   0 0.00  0.0    0 11.5 24 170   M    M   3        33 170
10  43  33  38  -8  27   0 0.22    M    0  6.8 16 320   M    M   8 12     19 310
11  46  33  40  -6  25   0    T    M    0 18.0 39 340   M    M   5 1      49 360
12  51  36  44  -2  21   0    T    M    0 21.7 44 340   M    M   6 1      54 350
13  44  31  38  -8  27   0    T    M    0 20.8 44 340   M    M   3        58 340
14  48  32  40  -7  25   0 0.00    M    0 20.2 31  90   M    M   0        41  80
15  54  37  46  -1  19   0 0.00  0.0    0 15.5 28  70   M    M   0        36  80
16  60  41  51   4  14   0 0.00  0.0    0 14.2 31  80   M    M   0        41  70
17  64  49  57  10   8   0 0.00  0.0    0 11.8 23 110   M    M   0        30  80
18  68  52  60  13   5   0 0.00  0.0    0  8.2 18 180   M    M   0        24 190
19  64  41  53   6  12   0 0.01    M    0 14.7 28 180   M    M   2 12     35 170
20  51  35  43  -4  22   0 0.53    M    0 11.3 24 180   M    M   8 12     37 310
21  45  33  39  -8  26   0 0.02    M    0 13.1 33 330   M    M   7 12     39 330
22  53  38  46  -1  19   0 0.00  0.0    0 14.1 28 340   M    M   3        32 340
================================================================================
SM 1136  824       442   0  2.66     0.0 313.3          M      110
================================================================================
AV 51.6 37.5                              14.2 FASTST   M    M   5    MAX(MPH)
                                 MISC ---->  # 44 340               # 58  340
================================================================================
NOTES:
# LAST OF SEVERAL OCCURRENCES

COLUMN 17 PEAK WIND IN M.P.H.

PRELIMINARY LOCAL CLIMATOLOGICAL DATA (WS FORM: F-6) , PAGE 2

                                          STATION:  SANDBERG CA
                                          MONTH:    MARCH
                                          YEAR:     2019
                                          LATITUDE:   34 45 N
                                          LONGITUDE: 118 44 W

[TEMPERATURE DATA]      [PRECIPITATION DATA]       SYMBOLS USED IN COLUMN 16

AVERAGE MONTHLY: 44.6   TOTAL FOR MONTH:   2.66    1 = FOG OR MIST
DPTR FM NORMAL:  -1.7   DPTR FM NORMAL:    1.32    2 = FOG REDUCING VISIBILITY
HIGHEST:    68 ON 18    GRTST 24HR  0.99 ON  6- 6      TO 1/4 MILE OR LESS
LOWEST:     30 ON  9                               3 = THUNDER
                        SNOW, ICE PELLETS, HAIL    4 = ICE PELLETS
                        TOTAL MONTH:   0.0 INCH    5 = HAIL
                        GRTST 24HR     0.0         6 = FREEZING RAIN OR DRIZZLE
                        GRTST DEPTH:   0           7 = DUSTSTORM OR SANDSTORM:
                                                       VSBY 1/2 MILE OR LESS
                                                   8 = SMOKE OR HAZE
[NO. OF DAYS WITH]      [WEATHER - DAYS WITH]      9 = BLOWING SNOW
                                                   X = TORNADO
MAX 32 OR BELOW:   0    0.01 INCH OR MORE:   9
MAX 90 OR ABOVE:   0    0.10 INCH OR MORE:   5
MIN 32 OR BELOW:   4    0.50 INCH OR MORE:   3
MIN  0 OR BELOW:   0    1.00 INCH OR MORE:   0

[HDD (BASE 65) ]
TOTAL THIS MO.   442    CLEAR  (SCALE 0-3)   8
DPTR FM NORMAL    29    PTCLDY (SCALE 4-7)   7
TOTAL FM JUL 1  2809    CLOUDY (SCALE 8-10)  7
DPTR FM NORMAL  -363

[CDD (BASE 65) ]
TOTAL THIS MO.     0
DPTR FM NORMAL     0    [PRESSURE DATA]
TOTAL FM JAN 1     0    HIGHEST SLP M ON M
DPTR FM NORMAL     0    LOWEST  SLP 29.66 ON 12

[REMARKS]
