000
CXUS55 KPSR 201005
CF6SDL
PRELIMINARY LOCAL CLIMATOLOGICAL DATA (WS FORM: F-6)

                                          STATION:   SCOTTSDALE AZ
                                          MONTH:     MAY
                                          YEAR:      2018
                                          LATITUDE:   33 37 N
                                          LONGITUDE: 111 55 W

  TEMPERATURE IN F:       :PCPN:    SNOW:  WIND      :SUNSHINE: SKY     :PK WND
================================================================================
1   2   3   4   5  6A  6B    7    8   9   10  11  12  13   14  15   16   17  18
                                     12Z  AVG MX 2MIN
DY MAX MIN AVG DEP HDD CDD  WTR  SNW DPTH SPD SPD DIR MIN PSBL S-S WX    SPD DR
================================================================================

 1  74  61  68  -6   0   3 0.04  0.0    0  6.6 17 180   M    M   2        26 250
 2  73  55  64 -11   1   0 0.02  0.0    0  4.7 17 110   M    M   4 3      24 110
 3  82  51  67  -8   0   2 0.00  0.0    0  3.4 13 240   M    M   0        16 230
 4  94  59  77   2   0  12 0.00  0.0    0  4.2 14  30   M    M   0        23  20
 5 100  65  83   7   0  18 0.00  0.0    0  4.9 16  70   M    M   0        26  70
 6 104  70  87  11   0  22 0.00  0.0    0  3.4 14 180   M    M   0        16 180
 7 100  76  88  12   0  23 0.00  0.0    0  2.7  9 240   M    M   0        13 270
 8 103  69  86   9   0  21 0.00  0.0    0  3.8  8 260   M    M   0         M  M
 9 103  73  88  11   0  23 0.00  0.0    0  2.9 14 260   M    M   0        19 220
10 103  70  87  10   0  22 0.00  0.0    0  5.8 17 250   M    M   0        24 250
11  99  72  86   8   0  21 0.00  0.0    0  6.7 23 260   M    M   0        33 240
12  89  69  79   1   0  14 0.00  0.0    0  5.2 17 240   M    M   0        22 240
13  86  64  75  -3   0  10 0.00  0.0    0  3.9 13 240   M    M   0        18 200
14  92  67  80   2   0  15 0.00  0.0    0  4.9 13 230   M    M   0        18 170
15  93  69  81   2   0  16 0.00  0.0    0  3.7 12 260   M    M   0        16 240
16  97  66  82   3   0  17 0.00  0.0    0  2.8 13 270   M    M   0        17 230
17  96  70  83   4   0  18 0.00  0.0    0  5.8 17 260   M    M   0        27 270
18  91  68  80   0   0  15 0.00  0.0    0  3.4 14 250   M    M   0        19 240
19  94  68  81   1   0  16 0.00  0.0    0  2.3 13 210   M    M   0        17 210
================================================================================
SM 1773 1262         1 288  0.06     0.0  81.1          M        6
================================================================================
AV 93.3 66.4                               4.3 FASTST   M    M   0    MAX(MPH)
                                 MISC ---->  # 23 260               # 33  240
================================================================================
NOTES:
# LAST OF SEVERAL OCCURRENCES

COLUMN 17 PEAK WIND IN M.P.H.

PRELIMINARY LOCAL CLIMATOLOGICAL DATA (WS FORM: F-6) , PAGE 2

                                          STATION:  SCOTTSDALE AZ
                                          MONTH:    MAY
                                          YEAR:     2018
                                          LATITUDE:   33 37 N
                                          LONGITUDE: 111 55 W

[TEMPERATURE DATA]      [PRECIPITATION DATA]       SYMBOLS USED IN COLUMN 16

AVERAGE MONTHLY: 79.9   TOTAL FOR MONTH:   0.06    1 = FOG OR MIST
DPTR FM NORMAL:   2.7   DPTR FM NORMAL:   -0.05    2 = FOG REDUCING VISIBILITY
HIGHEST:   104 ON  6    GRTST 24HR  0.04 ON  1- 1      TO 1/4 MILE OR LESS
LOWEST:     51 ON  3                               3 = THUNDER
                        SNOW, ICE PELLETS, HAIL    4 = ICE PELLETS
                        TOTAL MONTH:   0.0 INCH    5 = HAIL
                        GRTST 24HR     0.0         6 = FREEZING RAIN OR DRIZZLE
                        GRTST DEPTH:   0           7 = DUSTSTORM OR SANDSTORM:
                                                       VSBY 1/2 MILE OR LESS
                                                   8 = SMOKE OR HAZE
[NO. OF DAYS WITH]      [WEATHER - DAYS WITH]      9 = BLOWING SNOW
                                                   X = TORNADO
MAX 32 OR BELOW:   0    0.01 INCH OR MORE:   2
MAX 90 OR ABOVE:  14    0.10 INCH OR MORE:   0
MIN 32 OR BELOW:   0    0.50 INCH OR MORE:   0
MIN  0 OR BELOW:   0    1.00 INCH OR MORE:   0

[HDD (BASE 65) ]
TOTAL THIS MO.     1    CLEAR  (SCALE 0-3)  18
DPTR FM NORMAL     1    PTCLDY (SCALE 4-7)   1
TOTAL FM JUL 1   689    CLOUDY (SCALE 8-10)  0
DPTR FM NORMAL  -506

[CDD (BASE 65) ]
TOTAL THIS MO.   288
DPTR FM NORMAL    56    [PRESSURE DATA]
TOTAL FM JAN 1   658    HIGHEST SLP M ON M
DPTR FM NORMAL   202    LOWEST  SLP 29.52 ON 11

[REMARKS]
