000
CXUS55 KPSR 261005
CF6SDL
PRELIMINARY LOCAL CLIMATOLOGICAL DATA (WS FORM: F-6)

                                          STATION:   SCOTTSDALE AZ
                                          MONTH:     MARCH
                                          YEAR:      2019
                                          LATITUDE:   33 37 N
                                          LONGITUDE: 111 55 W

  TEMPERATURE IN F:       :PCPN:    SNOW:  WIND      :SUNSHINE: SKY     :PK WND
================================================================================
1   2   3   4   5  6A  6B    7    8   9   10  11  12  13   14  15   16   17  18
                                     12Z  AVG MX 2MIN
DY MAX MIN AVG DEP HDD CDD  WTR  SNW DPTH SPD SPD DIR MIN PSBL S-S WX    SPD DR
================================================================================

 1  76  52  64   4   1   0 0.00  0.0    0  2.2 10 150   M    M   0        14 170
 2  72  56  64   4   1   0    T  0.0    0  2.3 14 320   M    M   3        22 330
 3  73  52  63   3   2   0 0.00  0.0    0  2.9 12 260   M    M   1        16 260
 4  73  52  63   3   2   0 0.00  0.0    0  2.7 10 190   M    M   0        16 220
 5  79  47  63   3   2   0 0.00  0.0    0  1.9  7 180   M    M   0        10 140
 6  83  57  70  10   0   5    T  0.0    0  4.4 14 230   M    M   1        22 200
 7  74  59  67   6   0   2 0.00  0.0    0  3.3 10 160   M    M   0        14 160
 8  66  54  60  -1   5   0 0.00  0.0    0  8.0 21 240   M    M   6 8      32 230
 9  64  46  55  -6  10   0 0.00  0.0    0  2.8 10 220   M    M   0        15 210
10  69  43  56  -5   9   0 0.00  0.0    0  3.0 12 220   M    M   1        17 150
11  69  51  60  -2   5   0 0.09  0.0    0  3.0 14 290   M    M   6 1      21 300
12  58  49  54  -8  11   0 0.84    M    0  4.0 18  50   M    M   9 13     23  60
13  64  48  56  -6   9   0 0.06    M    0 11.9 26 270   M    M   4 1      36 240
14  63  40  52 -10  13   0 0.00  0.0    0  3.5 12  20   M    M   0        15  20
15  74  48  61  -1   4   0 0.00  0.0    0  9.3 21  70   M    M   0        27  70
16  77  59  68   5   0   3 0.00  0.0    0  7.0 18 110   M    M   0        25 110
17  79  54  67   4   0   2 0.00  0.0    0  3.5 15 110   M    M   0        19 110
18  82  54  68   5   0   3 0.00  0.0    0  1.9 12 150   M    M   0        16 180
19  83  56  70   7   0   5 0.00  0.0    0  3.1 12 140   M    M   2        15 150
20  83  58  71   8   0   6 0.00  0.0    0  5.0 16 260   M    M   1        21 250
21  68  53  61  -3   4   0 0.02  0.0    0  4.0 15 230   M    M   3        19 230
22  71  48  60  -4   5   0 0.00  0.0    0  2.4 12 280   M    M   0        16 280
23  76  50  63  -1   2   0 0.00  0.0    0  2.3 12 270   M    M   0        16 280
24  79  52  66   2   0   1 0.00  0.0    0  2.6 10 260   M    M   0        14 270
25  85  51  68   4   0   3 0.00  0.0    0  2.3 10 190   M    M   0        14 190
================================================================================
SM 1840 1289        85  30  1.01     0.0  99.3          M       37
================================================================================
AV 73.6 51.6                               4.0 FASTST   M    M   1    MAX(MPH)
                                 MISC ---->  # 26 270               # 36  240
================================================================================
NOTES:
# LAST OF SEVERAL OCCURRENCES

COLUMN 17 PEAK WIND IN M.P.H.

PRELIMINARY LOCAL CLIMATOLOGICAL DATA (WS FORM: F-6) , PAGE 2

                                          STATION:  SCOTTSDALE AZ
                                          MONTH:    MARCH
                                          YEAR:     2019
                                          LATITUDE:   33 37 N
                                          LONGITUDE: 111 55 W

[TEMPERATURE DATA]      [PRECIPITATION DATA]       SYMBOLS USED IN COLUMN 16

AVERAGE MONTHLY: 62.6   TOTAL FOR MONTH:   1.01    1 = FOG OR MIST
DPTR FM NORMAL:   0.6   DPTR FM NORMAL:   -0.03    2 = FOG REDUCING VISIBILITY
HIGHEST:    85 ON 25    GRTST 24HR  0.84 ON 12-12      TO 1/4 MILE OR LESS
LOWEST:     40 ON 14                               3 = THUNDER
                        SNOW, ICE PELLETS, HAIL    4 = ICE PELLETS
                        TOTAL MONTH:   0.0 INCH    5 = HAIL
                        GRTST 24HR     0.0         6 = FREEZING RAIN OR DRIZZLE
                        GRTST DEPTH:   0           7 = DUSTSTORM OR SANDSTORM:
                                                       VSBY 1/2 MILE OR LESS
                                                   8 = SMOKE OR HAZE
[NO. OF DAYS WITH]      [WEATHER - DAYS WITH]      9 = BLOWING SNOW
                                                   X = TORNADO
MAX 32 OR BELOW:   0    0.01 INCH OR MORE:   4
MAX 90 OR ABOVE:   0    0.10 INCH OR MORE:   1
MIN 32 OR BELOW:   0    0.50 INCH OR MORE:   1
MIN  0 OR BELOW:   0    1.00 INCH OR MORE:   0

[HDD (BASE 65) ]
TOTAL THIS MO.    85    CLEAR  (SCALE 0-3)  20
DPTR FM NORMAL   -29    PTCLDY (SCALE 4-7)   4
TOTAL FM JUL 1  1165    CLOUDY (SCALE 8-10)  1
DPTR FM NORMAL     6

[CDD (BASE 65) ]
TOTAL THIS MO.    30
DPTR FM NORMAL    -8    [PRESSURE DATA]
TOTAL FM JAN 1    30    HIGHEST SLP M ON M
DPTR FM NORMAL   -14    LOWEST  SLP 29.64 ON 12

[REMARKS]
