000
CXUS56 KSGX 221445
CF6SDM
PRELIMINARY LOCAL CLIMATOLOGICAL DATA (WS FORM: F-6)

                                          STATION:   SAN DIEGO/BROWN
                                          MONTH:     MARCH
                                          YEAR:      2019
                                          LATITUDE:   32 34 N
                                          LONGITUDE: 116 59 W

  TEMPERATURE IN F:       :PCPN:    SNOW:  WIND      :SUNSHINE: SKY     :PK WND
================================================================================
1   2   3   4   5  6A  6B    7    8   9   10  11  12  13   14  15   16   17  18
                                     12Z  AVG MX 2MIN
DY MAX MIN AVG DEP HDD CDD  WTR  SNW DPTH SPD SPD DIR MIN PSBL S-S WX    SPD DR
================================================================================

 1  65  52  59   3   6   0 0.00  0.0    0  4.1 14 270   M    M   2 1      17 270
 2  63  53  58   2   7   0 0.14  0.0    0  8.2 17 190   M    M   8 1      23 180
 3  62  54  58   2   7   0 0.01  0.0    0  5.0 12 270   M    M   9 1      16 250
 4  60  50  55  -1  10   0    T  0.0    0  3.4 12 270   M    M   8        15 280
 5  70  42  56   0   9   0 0.01    M    0  7.5 22 100   M    M   4 1      31 280
 6  67  57  62   6   3   0 0.10  0.0    0  5.9 20 170   M    M   8 13     25 170
 7  63  46  55  -2  10   0 0.03    M    0  5.4 14 260   M    M   6 1      18 290
 8  59  49  54  -3  11   0 0.12    M    0  5.4 16 280   M    M   7 1      23 310
 9  59  43  51  -6  14   0    T    M    0  5.0 15 280   M    M   7 1      19 270
10  59  43  51  -6  14   0 0.00  0.0    0  3.5 12 260   M    M   5        16 260
11  57  42  50  -7  15   0 0.40    M    0  3.0  9 280   M    M   7 128    12 270
12  63  47  55  -2  10   0 0.04    M    0  5.5 15 250   M    M   7 128    21 260
13  63  47  55  -2  10   0 0.00  0.0    0  5.8 12 260   M    M   5 18     17 280
14  70  41  56  -1   9   0 0.00  0.0    0  3.0 13 120   M    M   0 1      17 120
15  69  42  56  -1   9   0 0.00  0.0    0  3.9 10 280   M    M   0        16 280
16  76  43  60   3   5   0 0.00  0.0    0  6.6 15 280   M    M   0        19 280
17  76  45  61   4   4   0 0.00  0.0    0  5.1 10 250   M    M   0        14 270
18  74  47  61   4   4   0 0.00  0.0    0  4.2 13 280   M    M   0 18     19 280
19  70  45  58   1   7   0 0.00  0.0    0  3.9 18 210   M    M   1 128    23 210
20  66  47  57   0   8   0 0.02    M    0  4.6 16 240   M    M   7 138    21 230
21  63  47  55  -2  10   0 0.05    M    0  4.3 17 230   M    M   6 1      20 260
================================================================================
SM 1374  982       182   0  0.92     0.0 103.3          M       97
================================================================================
AV 65.4 46.8                               4.9 FASTST   M    M   5    MAX(MPH)
                                 MISC ---->  # 22 100               # 31  280
================================================================================
NOTES:
# LAST OF SEVERAL OCCURRENCES

COLUMN 17 PEAK WIND IN M.P.H.

PRELIMINARY LOCAL CLIMATOLOGICAL DATA (WS FORM: F-6) , PAGE 2

                                          STATION:  SAN DIEGO/BROWN
                                          MONTH:    MARCH
                                          YEAR:     2019
                                          LATITUDE:   32 34 N
                                          LONGITUDE: 116 59 W

[TEMPERATURE DATA]      [PRECIPITATION DATA]       SYMBOLS USED IN COLUMN 16

AVERAGE MONTHLY: 56.1   TOTAL FOR MONTH:   0.92    1 = FOG OR MIST
DPTR FM NORMAL:  -0.6   DPTR FM NORMAL:   -1.06    2 = FOG REDUCING VISIBILITY
HIGHEST:    76 ON 17,16 GRTST 24HR  0.40 ON 11-11      TO 1/4 MILE OR LESS
LOWEST:     41 ON 14                               3 = THUNDER
                        SNOW, ICE PELLETS, HAIL    4 = ICE PELLETS
                        TOTAL MONTH:   0.0 INCH    5 = HAIL
                        GRTST 24HR     0.0         6 = FREEZING RAIN OR DRIZZLE
                        GRTST DEPTH:   0           7 = DUSTSTORM OR SANDSTORM:
                                                       VSBY 1/2 MILE OR LESS
                                                   8 = SMOKE OR HAZE
[NO. OF DAYS WITH]      [WEATHER - DAYS WITH]      9 = BLOWING SNOW
                                                   X = TORNADO
MAX 32 OR BELOW:   0    0.01 INCH OR MORE:  10
MAX 90 OR ABOVE:   0    0.10 INCH OR MORE:   4
MIN 32 OR BELOW:   0    0.50 INCH OR MORE:   0
MIN  0 OR BELOW:   0    1.00 INCH OR MORE:   0

[HDD (BASE 65) ]
TOTAL THIS MO.   182    CLEAR  (SCALE 0-3)   7
DPTR FM NORMAL    -3    PTCLDY (SCALE 4-7)  12
TOTAL FM JUL 1  1183    CLOUDY (SCALE 8-10)  2
DPTR FM NORMAL  -171

[CDD (BASE 65) ]
TOTAL THIS MO.     0
DPTR FM NORMAL     0    [PRESSURE DATA]
TOTAL FM JAN 1     0    HIGHEST SLP M ON M
DPTR FM NORMAL    -6    LOWEST  SLP 29.67 ON 11

[REMARKS]
