000
CXUS56 KTFX 220915
CF6SDY
21
PRELIMINARY LOCAL CLIMATOLOGICAL DATA (WS FORM: F-6)

                                          STATION:   SIDNEY APT MT
                                          MONTH:     May
                                          YEAR:      2019
                                          LATITUDE:   47.72  N
                                          LONGITUDE: 104.18  W

  TEMPERATURE IN F:       :PCPN:    SNOW:  WIND      :SUNSHINE: SKY     :PK WND
================================================================================
1   2   3   4   5  6A  6B    7    8   9   10  11  12  13   14  15   16   17  18
                                     12Z  AVG MX 2MIN
DY MAX MIN AVG DEP HDD CDD  WTR  SNW DPTH SPD SPD DIR MIN PSBL S-S WX    SPD DR
================================================================================

01  50  30  40 -13  25   0 T      M    M  3.3  M   M   M    M   M        M     M
02  62  26  44 -10  21   0 T      M    M  9.0  M   M   M    M   M        31  330
03  66  27  46  -8  19   0 T      M    M 10.8  M   M   M    M   M        28  350
04  48  34  41 -13  24   0 T      M    M  8.0  M   M   M    M   M        M     M
05  43  30  36 -19  29   0 T      M    M  7.2  M   M   M    M   M        M     M
06  55  26  40 -15  25   0  0.00  M    M  2.6  M   M   M    M   M        M     M
07  54  31  42 -13  23   0  0.00  M    M  9.4  M   M   M    M   M        20  220
08  58  32  45 -11  20   0  0.00  M    M  9.3  M   M   M    M   M        23  360
09  55  27  41 -15  24   0 T      M    M  6.0  M   M   M    M   M        M     M
10  67  36  51  -5  14   0 T      M    M 11.8  M   M   M    M   M        28  310
11  54  39  46 -11  19   0 T      M    M 17.8  M   M   M    M   M        32  350
12  72  27  49  -8  16   0  0.00  M    M  5.3  M   M   M    M   M        M     M
13  76  46  61   4   4   0 T      M    M  7.6  M   M   M    M   M        38  360
14  77  47  62   4   3   0  0.00  M    M  8.3  M   M   M    M   M        16  360
15  80  48  64   6   1   0 T      M    M 11.9  M   M   M    M   M        26  360
16  63  44  53  -5  12   0 T      M    M 12.8  M   M   M    M   M        23  360
17  52  32  42 -16  23   0  1.05  M    M 12.0  M   M   M    M   M        23  110
18  48  36  42 -17  23   0  0.24  M    M 10.0  M   M   M    M   M        26  350
19  55  36  45 -14  20   0  0.00  M    M  6.3  M   M   M    M   M        20  360
20  61  40  50  -9  15   0  0.00  M    M  9.7  M   M   M    M   M        28  340
21  63  43  53  -7  12   0 T      M    M 11.4  M   M   M    M   M        26  360
================================================================================
SM 1259 737         372  0  1.29         190.5
================================================================================
AV 60.0 35.1                              9.1                        MAX(MPH)
                                                                      38

[TEMPERATURE DATA]      [PRECIPITATION DATA]

Average Monthly:  47.5  Total for Month:  1.29
Dptr fm Normal:    -9.3  Dptr fm Normal:  0
