000
CXUS56 KTFX 220915
CF6SDY
21
PRELIMINARY LOCAL CLIMATOLOGICAL DATA (WS FORM: F-6)

                                          STATION:   SIDNEY APT MT
                                          MONTH:     March
                                          YEAR:      2019
                                          LATITUDE:   47.72  N
                                          LONGITUDE: 104.18  W

  TEMPERATURE IN F:       :PCPN:    SNOW:  WIND      :SUNSHINE: SKY     :PK WND
================================================================================
1   2   3   4   5  6A  6B    7    8   9   10  11  12  13   14  15   16   17  18
                                     12Z  AVG MX 2MIN
DY MAX MIN AVG DEP HDD CDD  WTR  SNW DPTH SPD SPD DIR MIN PSBL S-S WX    SPD DR
================================================================================

01  -5 -17 -11 -39  76   0 T      M    M 10.3  M   M   M    M   M        22  360
02  -1 -17  -9 -37  74   0  0.00  M    M 12.9  M   M   M    M   M        22  350
03  10  -7   1 -27  64   0 T      M    M 24.5  M   M   M    M   M        40  300
04  20   2  11 -18  54   0 T      M    M 26.6  M   M   M    M   M        44  300
05  13  -3   5 -24  60   0  0.00  M    M 17.4  M   M   M    M   M        35  310
06  24   0  12 -18  53   0  0.00  M    M  7.2  M   M   M    M   M        M     M
07  35   6  20 -10  45   0  0.00  M    M 10.7  M   M   M    M   M        25  200
08  28  12  20 -11  45   0 T      M    M  4.5  M   M   M    M   M        M     M
09  28  14  21 -10  44   0 T      M    M  9.1  M   M   M    M   M        M     M
10  24   5  14 -17  51   0 T      M    M  5.3  M   M   M    M   M        M     M
11  34   3  18 -14  47   0 T      M    M 11.7  M   M   M    M   M        M     M
12  37  13  25  -7  40   0  0.00  M    M  9.0  M   M   M    M   M        M     M
13  35  19  27  -6  38   0  0.00  M    M 13.3  M   M   M    M   M        31  350
14  35  21  28  -5  37   0  0.00  M    M 19.7  M   M   M    M   M        30  320
15  37  13  25  -9  40   0  0.00  M    M  9.2  M   M   M    M   M        M     M
16  39  22  30  -4  35   0  0.00  M    M 11.0  M   M   M    M   M        M     M
17  41  21  31  -4  34   0  0.00  M    M  3.9  M   M   M    M   M        M     M
18  42  21  31  -4  34   0  0.00  M    M 11.0  M   M   M    M   M        29  330
19  46  26  36   0  29   0  0.00  M    M 11.2  M   M   M    M   M        26  310
20  55  27  41   5  24   0  0.00  M    M  6.3  M   M   M    M   M        M     M
21  56  24  40   4  25   0  0.00  M    M  5.3  M   M   M    M   M        M     M
================================================================================
SM 633 205         949  0  0         240.1
================================================================================
AV 30.1 9.8                              11.4                        MAX(MPH)
                                                                      44

[TEMPERATURE DATA]      [PRECIPITATION DATA]

Average Monthly:  20.0  Total for Month:  0
Dptr fm Normal:    -12.1  Dptr fm Normal:  -0.38
