000
CXUS54 KFWD 260730
CF6SEP
PRELIMINARY LOCAL CLIMATOLOGICAL DATA (WS FORM: F-6)

                                          STATION:   STEPHENVILLE
                                          MONTH:     MARCH
                                          YEAR:      2019
                                          LATITUDE:   32 13 N
                                          LONGITUDE:  98 11 W

  TEMPERATURE IN F:       :PCPN:    SNOW:  WIND      :SUNSHINE: SKY     :PK WND
================================================================================
1   2   3   4   5  6A  6B    7    8   9   10  11  12  13   14  15   16   17  18
                                     12Z  AVG MX 2MIN
DY MAX MIN AVG DEP HDD CDD  WTR  SNW DPTH SPD SPD DIR MIN PSBL S-S WX    SPD DR
================================================================================

 1  50  34  42  -9  23   0 0.00  0.0    0  4.6  9  70   M    M   8         M  M
 2  42  37  40 -11  25   0 0.00  0.0    0  6.8 10 350   M    M  10         M  M
 3  40  26  33 -18  32   0 0.00  0.0    0 14.2 21 340   M    M   8        29 360
 4  30  19  25 -26  40   0 0.00  0.0    0 11.6 18 360   M    M   8        24 360
 5  45  19  32 -20  33   0 0.00  0.0    0  7.2 14 360   M    M   0        23 350
 6  56  22  39 -13  26   0 0.00  0.0    0  6.9 17 170   M    M   0        23 170
 7  75  40  58   6   7   0 0.00  0.0    0 11.2 17 200   M    M   0        27 200
 8  79  57  68  16   0   3 0.00  0.0    0  7.5 13 180   M    M   0         M  M
 9  78  50  64  11   1   0 0.23  0.0    0  9.9 23 280   M    M   3 3      32 280
10  55  47  51  -2  14   0 0.00  0.0    0  8.0 14 360   M    M   6        20 360
11  58  50  54   1  11   0 0.00  0.0    0  6.8 10 350   M    M  10         M  M
12  70  55  63   9   2   0 0.09  0.0    0 11.3 30 150   M    M   8        37 140
13  75  51  63   9   2   0 0.76  0.0    0 14.6 28 280   M    M   4 3      40 280
14  64  47  56   2   9   0 0.00  0.0    0 12.4 17 310   M    M   1        31 260
15  59  39  49  -5  16   0 0.00  0.0    0 11.0 18  10   M    M   0        28 360
16  60  35  48  -7  17   0 0.00  0.0    0  5.5 12  40   M    M   1        17  30
17  65  34  50  -5  15   0 0.00  0.0    0  3.2  8 130   M    M   0         M  M
18  69  38  54  -1  11   0 0.00  0.0    0  4.7 12 120   M    M   0        16 110
19  70  47  59   3   6   0 0.00  0.0    0  6.2 14 170   M    M   2        27 180
20  67  43  55  -1  10   0 0.00  0.0    0  5.7 13 340   M    M   2        20 340
21  76  40  58   2   7   0 0.00  0.0    0  2.9  9 270   M    M   0         M  M
22  77  46  62   6   3   0 0.00  0.0    0  6.6 16 150   M    M   2        27 150
23  71  58  65   8   0   0 0.00  0.0    0 10.7 18 190   M    M   6        23 190
24  82  58  70  13   0   5 0.00  0.0    0  8.5 14 220   M    M   3        22 220
25  73  55  64   7   1   0 0.00  0.0    0  8.8 13  30   M    M   2        21  10
================================================================================
SM 1586 1047       311   8  1.08     0.0 206.8          M       84
================================================================================
AV 63.4 41.9                               8.3 FASTST   M    M   3    MAX(MPH)
                                 MISC ---->  # 30 150               # 40  280
================================================================================
NOTES:
# LAST OF SEVERAL OCCURRENCES

COLUMN 17 PEAK WIND IN M.P.H.

PRELIMINARY LOCAL CLIMATOLOGICAL DATA (WS FORM: F-6) , PAGE 2

                                          STATION:  STEPHENVILLE
                                          MONTH:    MARCH
                                          YEAR:     2019
                                          LATITUDE:   32 13 N
                                          LONGITUDE:  98 11 W

[TEMPERATURE DATA]      [PRECIPITATION DATA]       SYMBOLS USED IN COLUMN 16

AVERAGE MONTHLY: 52.7   TOTAL FOR MONTH:   1.08    1 = FOG OR MIST
DPTR FM NORMAL:  -1.2   DPTR FM NORMAL:   -1.26    2 = FOG REDUCING VISIBILITY
HIGHEST:    82 ON 24    GRTST 24HR  0.76 ON 13-13      TO 1/4 MILE OR LESS
LOWEST:     19 ON  5, 4                            3 = THUNDER
                        SNOW, ICE PELLETS, HAIL    4 = ICE PELLETS
                        TOTAL MONTH:   0.0 INCH    5 = HAIL
                        GRTST 24HR     0.0         6 = FREEZING RAIN OR DRIZZLE
                        GRTST DEPTH:   0           7 = DUSTSTORM OR SANDSTORM:
                                                       VSBY 1/2 MILE OR LESS
                                                   8 = SMOKE OR HAZE
[NO. OF DAYS WITH]      [WEATHER - DAYS WITH]      9 = BLOWING SNOW
                                                   X = TORNADO
MAX 32 OR BELOW:   1    0.01 INCH OR MORE:   3
MAX 90 OR ABOVE:   0    0.10 INCH OR MORE:   2
MIN 32 OR BELOW:   4    0.50 INCH OR MORE:   1
MIN  0 OR BELOW:   0    1.00 INCH OR MORE:   0

[HDD (BASE 65) ]
TOTAL THIS MO.   311    CLEAR  (SCALE 0-3)  16
DPTR FM NORMAL    22    PTCLDY (SCALE 4-7)   7
TOTAL FM JUL 1  2346    CLOUDY (SCALE 8-10)  2
DPTR FM NORMAL  -185

[CDD (BASE 65) ]
TOTAL THIS MO.     8
DPTR FM NORMAL     1    [PRESSURE DATA]
TOTAL FM JAN 1    22    HIGHEST SLP M ON M
DPTR FM NORMAL    12    LOWEST  SLP M ON M

[REMARKS]
