000
CXUS52 KMLB 260627
CF6SFB
PRELIMINARY LOCAL CLIMATOLOGICAL DATA (WS FORM: F-6)

                                          STATION:   SANFORD
                                          MONTH:     MAY
                                          YEAR:      2019
                                          LATITUDE:   28 46 N
                                          LONGITUDE:  81 15 W

  TEMPERATURE IN F:       :PCPN:    SNOW:  WIND      :SUNSHINE: SKY     :PK WND
================================================================================
1   2   3   4   5  6A  6B    7    8   9   10  11  12  13   14  15   16   17  18
                                     12Z  AVG MX 2MIN
DY MAX MIN AVG DEP HDD CDD  WTR  SNW DPTH SPD SPD DIR MIN PSBL S-S WX    SPD DR
================================================================================

 1  86  68  77   3   0  12 0.00  0.0    0 11.3 22  80   M    M   2        26  60
 2  87  72  80   6   0  15 0.10  0.0    0  9.5 25 110   M    M   6 1      32 120
 3  90  73  82   7   0  17    T  0.0    0  8.7 23 280   M    M   7 3      27 270
 4  93  68  81   6   0  16 0.07  0.0    0  6.4 33 300   M    M   1 13     41 270
 5  86  69  78   3   0  13 1.12  0.0    0  7.8 22 270   M    M   3 13     30 300
 6  89  70  80   5   0  15    T  0.0    0  5.5 16  80   M    M   3        18  80
 7  89  70  80   4   0  15 0.00  0.0    0  7.5 18  70   M    M   2        24  90
 8  87  68  78   2   0  13 0.00  0.0    0  8.4 20  70   M    M   1        24  70
 9  86  68  77   1   0  12    T  0.0    0  8.6 20 100   M    M   4        24 110
10  88  70  79   3   0  14 0.00  0.0    0  8.0 18  70   M    M   3        22  80
11  92  69  81   5   0  16 0.63  0.0    0  6.2 23 240   M    M   2 13     27 220
12  91  73  82   6   0  17 0.05  0.0    0  8.0 26 230   M    M   3 3      34 230
13  85  71  78   1   0  13 0.57  0.0    0  6.8 22 320   M    M   2 13     27 320
14  81  70  76  -1   0  11    T  0.0    0  6.2 14  20   M    M   6        17  40
15  84  68  76  -1   0  11 0.00  0.0    0  6.6 18  70   M    M   5        23 100
16  85  64  75  -2   0  10 0.00  0.0    0  6.2 20  80   M    M   1        23  80
17  87  65  76  -2   0  11 0.00  0.0    0  5.3 15  90   M    M   1        21 110
18  88  65  77  -1   0  12 0.00  0.0    0  6.4 17 120   M    M   0        21 110
19  90  64  77  -1   0  12 0.00  0.0    0  6.2 17 110   M    M   1        22 110
20  91  70  81   3   0  16 0.00  0.0    0  5.3 20  50   M    M   1        23  70
21  93  73  83   5   0  18 0.00  0.0    0  6.6 17 120   M    M   1        20 120
22  91  70  81   3   0  16 0.00  0.0    0  8.4 18  90   M    M   0        24 100
23  90  69  80   1   0  15 0.00  0.0    0  7.8 21  70   M    M   2        27  90
24  89  66  78  -1   0  13 0.00  0.0    0  6.1 16  60   M    M   1        21  70
25  94  69  82   3   0  17 0.00  0.0    0  6.9 17 100   M    M   0        22  70
================================================================================
SM 2212 1722         0 350  2.54     0.0 180.7          M       58
================================================================================
AV 88.5 68.9                               7.2 FASTST   M    M   2    MAX(MPH)
                                 MISC ---->  # 33 300               # 41  270
================================================================================
NOTES:
# LAST OF SEVERAL OCCURRENCES

COLUMN 17 PEAK WIND IN M.P.H.

PRELIMINARY LOCAL CLIMATOLOGICAL DATA (WS FORM: F-6) , PAGE 2

                                          STATION:  SANFORD
                                          MONTH:    MAY
                                          YEAR:     2019
                                          LATITUDE:   28 46 N
                                          LONGITUDE:  81 15 W

[TEMPERATURE DATA]      [PRECIPITATION DATA]       SYMBOLS USED IN COLUMN 16

AVERAGE MONTHLY: 78.7   TOTAL FOR MONTH:   2.54    1 = FOG OR MIST
DPTR FM NORMAL:   2.0   DPTR FM NORMAL:    0.29    2 = FOG REDUCING VISIBILITY
HIGHEST:    94 ON 25    GRTST 24HR  1.12 ON  5- 5      TO 1/4 MILE OR LESS
LOWEST:     64 ON 19,16                            3 = THUNDER
                        SNOW, ICE PELLETS, HAIL    4 = ICE PELLETS
                        TOTAL MONTH:   0.0 INCH    5 = HAIL
                        GRTST 24HR     0.0         6 = FREEZING RAIN OR DRIZZLE
                        GRTST DEPTH:   0           7 = DUSTSTORM OR SANDSTORM:
                                                       VSBY 1/2 MILE OR LESS
                                                   8 = SMOKE OR HAZE
[NO. OF DAYS WITH]      [WEATHER - DAYS WITH]      9 = BLOWING SNOW
                                                   X = TORNADO
MAX 32 OR BELOW:   0    0.01 INCH OR MORE:   6
MAX 90 OR ABOVE:  10    0.10 INCH OR MORE:   4
MIN 32 OR BELOW:   0    0.50 INCH OR MORE:   3
MIN  0 OR BELOW:   0    1.00 INCH OR MORE:   1

[HDD (BASE 65) ]
TOTAL THIS MO.     0    CLEAR  (SCALE 0-3)  19
DPTR FM NORMAL     0    PTCLDY (SCALE 4-7)   6
TOTAL FM JUL 1   448    CLOUDY (SCALE 8-10)  0
DPTR FM NORMAL  -150

[CDD (BASE 65) ]
TOTAL THIS MO.   350
DPTR FM NORMAL    56    [PRESSURE DATA]
TOTAL FM JAN 1   928    HIGHEST SLP M ON M
DPTR FM NORMAL   222    LOWEST  SLP 29.82 ON 13

[REMARKS]
