000
CXUS56 KOTX 260900
CF6SFF
PRELIMINARY LOCAL CLIMATOLOGICAL DATA (WS FORM: F-6)

                                          STATION:   SPOKANE WA FELTS AIRPORT
                                          MONTH:     MARCH
                                          YEAR:      2019
                                          LATITUDE:   47 40 N
                                          LONGITUDE: 117 20 W

  TEMPERATURE IN F:       :PCPN:    SNOW:  WIND      :SUNSHINE: SKY     :PK WND
================================================================================
1   2   3   4   5  6A  6B    7    8   9   10  11  12  13   14  15   16   17  18
                                     12Z  AVG MX 2MIN
DY MAX MIN AVG DEP HDD CDD  WTR  SNW DPTH SPD SPD DIR MIN PSBL S-S WX    SPD DR
================================================================================

 1  32  10  21 -16  44   0 0.00    M    M  1.2  7 250   M    M   6 128     9 260
 2  27  12  20 -17  45   0 0.00    M    M  9.7 21  70   M    M   5 1      27  60
 3  27   5  16 -21  49   0 0.00    M    M  7.3 21  60   M    M   0        27  60
 4  35   5  20 -18  45   0 0.00    M    M  2.4 13 100   M    M   0        15  90
 5  39  16  28 -10  37   0 0.00    M    M  3.3 16  90   M    M   6        20  90
 6  42  28  35  -3  30   0 0.06    M    M  7.6 17  80   M    M  10 1      24  80
 7  38  24  31  -7  34   0 0.02    M    M  7.6 20 220   M    M   7 18     23 230
 8  35  24  30  -9  35   0 0.00    M    M  4.1 12 180   M    M  10        15 190
 9  37  21  29 -10  36   0 0.00    M    M  1.9  8  70   M    M   5 8       9  70
10  38  16  27 -12  38   0 0.00    M    M  2.2 12 290   M    M   1 1      15 280
11  41  19  30 -10  35   0 0.00    M    M  3.0 15 220   M    M   5 128    17 220
12  37  29  33  -7  32   0 0.43    M    M  5.6 16 220   M    M  10 18     19 230
13  38  24  31  -9  34   0 0.04    M    M  3.3 12 240   M    M   3 1      16 230
14  41  19  30 -10  35   0 0.00    M    M  2.2 13 190   M    M   3 12     15 220
15  50  25  38  -3  27   0 0.00    M    M  1.9  7 200   M    M   3         8 220
16  53  27  40  -1  25   0 0.00    M    M  0.9  5  30   M    M   0         6 230
17  55  29  42   1  23   0 0.00    M    M  2.3  9 240   M    M   0        11 240
18  62  26  44   2  21   0 0.00    M    M  1.5  7 350   M    M   0 1      10  10
19  65  30  48   6  17   0 0.00    M    M  0.3  7  70   M    M   0         8 250
20  70  32  51   9  14   0 0.00    M    M  1.2  7  50   M    M   0 18      9  50
21  66  30  48   6  17   0 0.00    M    M  1.9  9 210   0    0   0         M  M
22  59  32  46   4  19   0 0.00    M    M  4.6 13 190   M    M   0        15 190
23  59  40  50   7  15   0 0.00    M    M  3.5 12 200   M    M   4 8      15 200
24  49  35  42  -1  23   0 0.01    M    M  4.9 16 210   M    M   7        19 210
25  59  35  47   4  18   0    T    M    M  6.4 22 230   M    M   3 1      29 220
================================================================================
SM 1154  593       748   0  0.56    M     90.8            0     88
================================================================================
AV 46.2 23.7                               3.6 FASTST    0   0   4    MAX(MPH)
                                 MISC ---->  # 22 230               # 29  220
================================================================================
NOTES:
# LAST OF SEVERAL OCCURRENCES

COLUMN 17 PEAK WIND IN M.P.H.

PRELIMINARY LOCAL CLIMATOLOGICAL DATA (WS FORM: F-6) , PAGE 2

                                          STATION:  SPOKANE WA FELTS AIRPORT
                                          MONTH:    MARCH
                                          YEAR:     2019
                                          LATITUDE:   47 40 N
                                          LONGITUDE: 117 20 W

[TEMPERATURE DATA]      [PRECIPITATION DATA]       SYMBOLS USED IN COLUMN 16

AVERAGE MONTHLY: 34.9   TOTAL FOR MONTH:   0.56    1 = FOG OR MIST
DPTR FM NORMAL:  -5.1   DPTR FM NORMAL:   -0.65    2 = FOG REDUCING VISIBILITY
HIGHEST:    70 ON 20    GRTST 24HR  0.43 ON 12-12      TO 1/4 MILE OR LESS
LOWEST:      5 ON  4, 3                            3 = THUNDER
                        SNOW, ICE PELLETS, HAIL    4 = ICE PELLETS
                        TOTAL MONTH:    M          5 = HAIL
                        GRTST 24HR    M  ON   M    6 = FREEZING RAIN OR DRIZZLE
                        GRTST DEPTH:  M  ON   M    7 = DUSTSTORM OR SANDSTORM:
                                                       VSBY 1/2 MILE OR LESS
                                                   8 = SMOKE OR HAZE
[NO. OF DAYS WITH]      [WEATHER - DAYS WITH]      9 = BLOWING SNOW
                                                   X = TORNADO
MAX 32 OR BELOW:   3    0.01 INCH OR MORE:   5
MAX 90 OR ABOVE:   0    0.10 INCH OR MORE:   1
MIN 32 OR BELOW:  22    0.50 INCH OR MORE:   0
MIN  0 OR BELOW:   0    1.00 INCH OR MORE:   0

[HDD (BASE 65) ]
TOTAL THIS MO.   748    CLEAR  (SCALE 0-3)  12
DPTR FM NORMAL   124    PTCLDY (SCALE 4-7)  10
TOTAL FM JUL 1  5248    CLOUDY (SCALE 8-10)  3
DPTR FM NORMAL    53

[CDD (BASE 65) ]
TOTAL THIS MO.     0
DPTR FM NORMAL     0    [PRESSURE DATA]
TOTAL FM JAN 1     0    HIGHEST SLP  0.00 ON 21
DPTR FM NORMAL     0    LOWEST  SLP  0.00 ON 21

[REMARKS]
