000
CXUS56 KOTX 250900
CF6SFF
PRELIMINARY LOCAL CLIMATOLOGICAL DATA (WS FORM: F-6)

                                          STATION:   SPOKANE WA FELTS AIRPORT
                                          MONTH:     JUNE
                                          YEAR:      2019
                                          LATITUDE:   47 40 N
                                          LONGITUDE: 117 20 W

  TEMPERATURE IN F:       :PCPN:    SNOW:  WIND      :SUNSHINE: SKY     :PK WND
================================================================================
1   2   3   4   5  6A  6B    7    8   9   10  11  12  13   14  15   16   17  18
                                     12Z  AVG MX 2MIN
DY MAX MIN AVG DEP HDD CDD  WTR  SNW DPTH SPD SPD DIR MIN PSBL S-S WX    SPD DR
================================================================================

 1  87  56  72  13   0   7 0.00    M    M  3.1 15 240   M    M   1 18     21 230
 2  87  57  72  13   0   7 0.00    M    M  6.1 18 210   M    M   0        22 210
 3  82  54  68   8   0   3 0.00    M    M 11.0 24 220   M    M   0        30 220
 4  78  50  64   4   1   0 0.00    M    M  7.4 20 220   M    M   1 8      27 200
 5  77  51  64   4   1   0 0.19    M    M  6.1 18 200   M    M   5 13     26 340
 6  61  50  56  -4   9   0 0.00    M    M  8.9 21 230   M    M   6        25 220
 7  64  44  54  -6  11   0 0.09    M    M  7.8 21 220   M    M   5 3      34 290
 8  66  46  56  -5   9   0 0.08    M    M  7.2 17 220   M    M   8 3      28 320
 9  75  44  60  -1   5   0 0.00    M    M  4.3 17 210   M    M   1 1      21 210
10  80  50  65   4   0   0 0.00    M    M  3.7 14 240   M    M   4        19 220
11  84  51  68   7   0   3 0.00    M    M  2.3  9 290   M    M   0        14 350
12  87  56  72  10   0   7 0.00    M    M  1.6  8 350   M    M   0        11 350
13  92  58  75  13   0  10 0.00    M    M  7.6 22 230   M    M   1        29 230
14  85  61  73  11   0   8 0.00    M    M  8.3 18 210   M    M   0        23 210
15  85  57  71   9   0   6 0.00    M    M  3.9 13 210   M    M   0        15 240
16  89  60  75  13   0  10 0.00    M    M  2.8 16 220   M    M   2        22 260
17  87  60  74  11   0   9 0.00    M    M  3.1 10 280   M    M   2        14 220
18  86  62  74  11   0   9 0.00    M    M  9.5 23 220   M    M   1        27 210
19  71  52  62  -1   3   0 0.40    M    M  6.7 21 220   M    M   5 13     27 260
20  64  48  56  -7   9   0 0.01    M    M  4.6 20 270   M    M   6        29 260
21  67  48  58  -6   7   0 0.00    M    M  3.5 15 200   M    M   7        19 200
22  77  52  65   1   0   0 0.00    M    M  7.0 18 230   M    M   5        26 220
23  75  55  65   1   0   0 0.00    M    M 10.7 22 210   M    M   7        29 240
24  73  52  63  -1   2   0 0.00    M    M  7.8 21 200   M    M   3        23 210
================================================================================
SM 1879 1274        57  79  0.77    M    145.0          M       70
================================================================================
AV 78.3 53.1                               6.0 FASTST   M    M   3    MAX(MPH)
                                 MISC ---->  # 24 220               # 34  290
================================================================================
NOTES:
# LAST OF SEVERAL OCCURRENCES

COLUMN 17 PEAK WIND IN M.P.H.

PRELIMINARY LOCAL CLIMATOLOGICAL DATA (WS FORM: F-6) , PAGE 2

                                          STATION:  SPOKANE WA FELTS AIRPORT
                                          MONTH:    JUNE
                                          YEAR:     2019
                                          LATITUDE:   47 40 N
                                          LONGITUDE: 117 20 W

[TEMPERATURE DATA]      [PRECIPITATION DATA]       SYMBOLS USED IN COLUMN 16

AVERAGE MONTHLY: 65.7   TOTAL FOR MONTH:   0.77    1 = FOG OR MIST
DPTR FM NORMAL:   4.0   DPTR FM NORMAL:   -0.41    2 = FOG REDUCING VISIBILITY
HIGHEST:    92 ON 13    GRTST 24HR  0.40 ON 19-19      TO 1/4 MILE OR LESS
LOWEST:     44 ON  9, 7                            3 = THUNDER
                        SNOW, ICE PELLETS, HAIL    4 = ICE PELLETS
                        TOTAL MONTH:    M          5 = HAIL
                        GRTST 24HR    M  ON   M    6 = FREEZING RAIN OR DRIZZLE
                        GRTST DEPTH:  M  ON   M    7 = DUSTSTORM OR SANDSTORM:
                                                       VSBY 1/2 MILE OR LESS
                                                   8 = SMOKE OR HAZE
[NO. OF DAYS WITH]      [WEATHER - DAYS WITH]      9 = BLOWING SNOW
                                                   X = TORNADO
MAX 32 OR BELOW:   0    0.01 INCH OR MORE:   5
MAX 90 OR ABOVE:   1    0.10 INCH OR MORE:   2
MIN 32 OR BELOW:   0    0.50 INCH OR MORE:   0
MIN  0 OR BELOW:   0    1.00 INCH OR MORE:   0

[HDD (BASE 65) ]
TOTAL THIS MO.    57    CLEAR  (SCALE 0-3)  13
DPTR FM NORMAL   -48    PTCLDY (SCALE 4-7)  11
TOTAL FM JUL 1  6059    CLOUDY (SCALE 8-10)  0
DPTR FM NORMAL  -221

[CDD (BASE 65) ]
TOTAL THIS MO.    79
DPTR FM NORMAL    51    [PRESSURE DATA]
TOTAL FM JAN 1    92    HIGHEST SLP M ON M
DPTR FM NORMAL    57    LOWEST  SLP 29.69 ON M

[REMARKS]
