000
CXUS56 KMTR 181000
CF6SFO
PRELIMINARY LOCAL CLIMATOLOGICAL DATA (WS FORM: F-6)

                                          STATION:   SAN FRANCISCO AIRPORT
                                          MONTH:     MARCH
                                          YEAR:      2019
                                          LATITUDE:   37 37 N
                                          LONGITUDE: 122 23 W

  TEMPERATURE IN F:       :PCPN:    SNOW:  WIND      :SUNSHINE: SKY     :PK WND
================================================================================
1   2   3   4   5  6A  6B    7    8   9   10  11  12  13   14  15   16   17  18
                                     12Z  AVG MX 2MIN
DY MAX MIN AVG DEP HDD CDD  WTR  SNW DPTH SPD SPD DIR MIN PSBL S-S WX    SPD DR
================================================================================

 1  55  44  50  -4  15   0 0.05  0.0    0  3.2  8  70   M    M   8         9  70
 2  57  48  53  -1  12   0 0.91  0.0    0  6.4 15 360   M    M  10 18     16 360
 3  58  50  54   0  11   0 0.01  0.0    0  7.1 20 270   M    M   9 18     23 290
 4  56  49  53  -1  12   0 0.01  0.0    0  6.3 12 280   M    M   9 18     15 240
 5  60  49  55   1  10   0 0.32    M    0  8.5 31 160   M    M   9 18     41 140
 6  59  50  55   1  10   0 1.07  0.0    0 14.3 32 170   M    M   9 18     39 170
 7  55  47  51  -3  14   0 0.08  0.0    0  9.2 18 300   M    M   8 18     23 280
 8  58  45  52  -2  13   0    T    M    0 14.2 23 270   M    M   6        29 270
 9  56  44  50  -5  15   0 0.22    M    0 12.6 22 210   M    M   8 18     27 170
10  56  46  51  -4  14   0 0.25  0.0    0  7.4 18 140   M    M   6 13     23 140
11  64  41  53  -2  12   0 0.00  0.0    0  9.6 26 270   M    M   1 18     31 270
12  58  47  53  -2  12   0 0.00  0.0    0 21.8 41 290   M    M   2 18     50 280
13  61  44  53  -2  12   0 0.00  0.0    0 12.0 22 270   M    M   0        26 280
14  66  43  55   0  10   0 0.00  0.0    0  7.6 22 260   M    M   1 8      25 280
15  67  41  54  -1  11   0 0.00  0.0    0  6.4 21 280   M    M   2        25 280
16  69  44  57   2   8   0 0.00  0.0    0  7.2 22 280   M    M   2        25 280
17  71  47  59   4   6   0 0.00  0.0    0  4.9 14 280   M    M   5 18     15 280
================================================================================
SM 1026  779       197   0  2.92     0.0 158.7          M       95
================================================================================
AV 60.4 45.8                               9.3 FASTST   M    M   6    MAX(MPH)
                                 MISC ---->  # 41 290               # 50  280
================================================================================
NOTES:
# LAST OF SEVERAL OCCURRENCES

COLUMN 17 PEAK WIND IN M.P.H.

PRELIMINARY LOCAL CLIMATOLOGICAL DATA (WS FORM: F-6) , PAGE 2

                                          STATION:  SAN FRANCISCO AIRPORT
                                          MONTH:    MARCH
                                          YEAR:     2019
                                          LATITUDE:   37 37 N
                                          LONGITUDE: 122 23 W

[TEMPERATURE DATA]      [PRECIPITATION DATA]       SYMBOLS USED IN COLUMN 16

AVERAGE MONTHLY: 53.1   TOTAL FOR MONTH:   2.92    1 = FOG OR MIST
DPTR FM NORMAL:  -1.4   DPTR FM NORMAL:    1.06    2 = FOG REDUCING VISIBILITY
HIGHEST:    71 ON 17    GRTST 24HR  1.07 ON  6- 6      TO 1/4 MILE OR LESS
LOWEST:     41 ON 15,11                            3 = THUNDER
                        SNOW, ICE PELLETS, HAIL    4 = ICE PELLETS
                        TOTAL MONTH:   0.0 INCH    5 = HAIL
                        GRTST 24HR     0.0         6 = FREEZING RAIN OR DRIZZLE
                        GRTST DEPTH:   0           7 = DUSTSTORM OR SANDSTORM:
                                                       VSBY 1/2 MILE OR LESS
                                                   8 = SMOKE OR HAZE
[NO. OF DAYS WITH]      [WEATHER - DAYS WITH]      9 = BLOWING SNOW
                                                   X = TORNADO
MAX 32 OR BELOW:   0    0.01 INCH OR MORE:   9
MAX 90 OR ABOVE:   0    0.10 INCH OR MORE:   5
MIN 32 OR BELOW:   0    0.50 INCH OR MORE:   2
MIN  0 OR BELOW:   0    1.00 INCH OR MORE:   1

[HDD (BASE 65) ]
TOTAL THIS MO.   197    CLEAR  (SCALE 0-3)   6
DPTR FM NORMAL    20    PTCLDY (SCALE 4-7)   6
TOTAL FM JUL 1  1817    CLOUDY (SCALE 8-10)  5
DPTR FM NORMAL  -166

[CDD (BASE 65) ]
TOTAL THIS MO.     0
DPTR FM NORMAL     0    [PRESSURE DATA]
TOTAL FM JAN 1     0    HIGHEST SLP M ON M
DPTR FM NORMAL     0    LOWEST  SLP 29.57 ON  6

[REMARKS]
