000
CXUS53 KSGF 191353 CCA
CF6SGF

PRELIMINARY LOCAL CLIMATOLOGICAL DATA (WS FORM: F-6)

                                          STATION:   SPRINGFIELD MO
                                          MONTH:     APRIL
                                          YEAR:      2018
                                          LATITUDE:   37 13 N
                                          LONGITUDE:  93 23 W

  TEMPERATURE IN F:       :PCPN:    SNOW:  WIND      :SUNSHINE: SKY     :PK WND
================================================================================
1   2   3   4   5  6A  6B    7    8   9   10  11  12  13   14  15   16   17  18
                                     12Z  AVG MX 2MIN
DY MAX MIN AVG DEP HDD CDD  WTR  SNW DPTH SPD SPD DIR MIN PSBL S-S WX    SPD DR
================================================================================

 1  42  29  36 -15  29   0 0.24  0.0    0 11.9 21  40   M    M   8 136    26  50
 2  53  31  42 -10  23   0 0.03  0.0    0 11.1 20 150   M    M  10 12     26 140
 3  70  32  51  -1  14   0 0.03  0.0    0 17.6 28 330   M    M   8 1      38 220
 4  47  24  36 -16  29   0 0.00  0.0    0  6.9 17 330   M    M   0        28 330
 5  65  36  51  -1  14   0 0.00  0.0    0 11.4 20 190   M    M   2        27 190
 6  59  27  43 -10  22   0 0.04  0.3    0 13.6 28  30   M    M   5 14     36  30
 7  45  22  34 -19  31   0 0.06  0.4    1 10.4 23  20   M    M   4 1      29  10
 8  41  30  36 -17  29   0 0.04    T    0  9.6 21 110   M    M   7 4      28 130
 9  60  30  45  -9  20   0 0.00  0.0    0  9.5 18 340   M    M   2        25 350
10  58  28  43 -11  22   0 0.00  0.0    0  5.4 13 150   M    M   2 1      17 160
11  75  46  61   7   4   0 0.00  0.0    0 15.3 29 220   M    M   0        37 200
12  86  56  71  16   0   6 0.00  0.0    0 18.9 30 190   M    M   0        42 180
13  78  60  69  14   0   4 0.53  0.0    0 18.4 32 190   M    M   2 13     41 180
14  61  35  48  -7  17   0 0.00  0.0    0 16.2 28 250   M    M   8        38 260
15  35  30  33 -23  32   0    T    T    0 14.5 23 290   M    M  10 1      38 280
16  55  30  43 -13  22   0 0.00  0.0    0  8.5 24 320   M    M   4        31 330
17  79  38  59   3   6   0 0.00  0.0    0 11.0 20 180   M    M   0        27 190
18  70  38  54  -2  11   0 0.00  0.0    0 18.1 28 270   M    M   3        40 290
================================================================================
SM 1079  622       325  10  0.97     0.7 228.3          M       75
================================================================================
AV 59.9 34.6                              12.7 FASTST   M    M   4    MAX(MPH)
                                 MISC ---->  # 32 190               # 42  180
================================================================================
NOTES:
# LAST OF SEVERAL OCCURRENCES

COLUMN 17 PEAK WIND IN M.P.H.

PRELIMINARY LOCAL CLIMATOLOGICAL DATA (WS FORM: F-6) , PAGE 2

                                          STATION:  SPRINGFIELD MO
                                          MONTH:    APRIL
                                          YEAR:     2018
                                          LATITUDE:   37 13 N
                                          LONGITUDE:  93 23 W

[TEMPERATURE DATA]      [PRECIPITATION DATA]       SYMBOLS USED IN COLUMN 16

AVERAGE MONTHLY: 47.3   TOTAL FOR MONTH:   0.97    1 = FOG OR MIST
DPTR FM NORMAL:  -6.6   DPTR FM NORMAL:   -1.40    2 = FOG REDUCING VISIBILITY
HIGHEST:    86 ON 12    GRTST 24HR  0.53 ON 13-13      TO 1/4 MILE OR LESS
LOWEST:     22 ON  7                               3 = THUNDER
                        SNOW, ICE PELLETS, HAIL    4 = ICE PELLETS
                        TOTAL MONTH:   0.7 INCH    5 = HAIL
                        GRTST 24HR   0.4 ON  7- 7  6 = FREEZING RAIN OR DRIZZLE
                        GRTST DEPTH:   1 ON  7     7 = DUSTSTORM OR SANDSTORM:
                                                       VSBY 1/2 MILE OR LESS
                                                   8 = SMOKE OR HAZE
[NO. OF DAYS WITH]      [WEATHER - DAYS WITH]      9 = BLOWING SNOW
                                                   X = TORNADO
MAX 32 OR BELOW:   0    0.01 INCH OR MORE:   7
MAX 90 OR ABOVE:   0    0.10 INCH OR MORE:   2
MIN 32 OR BELOW:  11    0.50 INCH OR MORE:   1
MIN  0 OR BELOW:   0    1.00 INCH OR MORE:   0

[HDD (BASE 65) ]
TOTAL THIS MO.   325    CLEAR  (SCALE 0-3)   9
DPTR FM NORMAL   114    PTCLDY (SCALE 4-7)   6
TOTAL FM JUL 1  4150    CLOUDY (SCALE 8-10)  3
DPTR FM NORMAL  -235

[CDD (BASE 65) ]
TOTAL THIS MO.    10
DPTR FM NORMAL    -1    [PRESSURE DATA]
TOTAL FM JAN 1    11    HIGHEST SLP M ON M
DPTR FM NORMAL    -3    LOWEST  SLP 29.45 ON 13

[REMARKS]ASOS UNDER REPORTED WTR ON APRIL 6TH AND 7TH SO VALUES
WERE FROM RAIN GAUGE AT ALTERNATE SITE AT THE SGF WFO.
