000
CXUS53 KSGF 220800
CF6SGF
PRELIMINARY LOCAL CLIMATOLOGICAL DATA (WS FORM: F-6)

                                          STATION:   SPRINGFIELD MO
                                          MONTH:     MAY
                                          YEAR:      2019
                                          LATITUDE:   37 13 N
                                          LONGITUDE:  93 23 W

  TEMPERATURE IN F:       :PCPN:    SNOW:  WIND      :SUNSHINE: SKY     :PK WND
================================================================================
1   2   3   4   5  6A  6B    7    8   9   10  11  12  13   14  15   16   17  18
                                     12Z  AVG MX 2MIN
DY MAX MIN AVG DEP HDD CDD  WTR  SNW DPTH SPD SPD DIR MIN PSBL S-S WX    SPD DR
================================================================================

 1  76  59  68   8   0   3 0.59  0.0    0  9.5 22 170   M    M   5 13     27 170
 2  69  58  64   3   1   0 0.04  0.0    0  9.5 21 340   M    M   8 1      26 320
 3  70  57  64   3   1   0 1.04  0.0    0  6.5 21 330   M    M  10 13     27 330
 4  66  48  57  -4   8   0    T  0.0    0  6.7 12  30   M    M   7 12     17  30
 5  74  43  59  -3   6   0 0.00  0.0    0  6.1 12 150   M    M   0 1      17 160
 6  77  58  68   6   0   3 0.09  0.0    0  8.5 39 330   M    M   4 3      55 320
 7  80  57  69   7   0   4 0.31  0.0    0  8.4 25  60   M    M   4 13     32  70
 8  71  58  65   2   0   0 0.52  0.0    0 12.3 28 150   M    M   5 13     36 150
 9  62  47  55  -8  10   0 0.06  0.0    0  9.5 16 320   M    M   9 1      22 340
10  61  42  52 -11  13   0 0.00  0.0    0  8.4 15  40   M    M   6        20  90
11  60  49  55  -8  10   0 0.59  0.0    0  6.8 13  80   M    M  10 1      18  90
12  67  46  57  -7   8   0    T  0.0    0  3.4 22 350   M    M   7        29 330
13  70  42  56  -8   9   0 0.00  0.0    0  3.7 10 330   M    M   0 1      14 350
14  79  51  65   1   0   0 0.00  0.0    0 10.4 17 210   M    M   2        24 130
15  84  62  73   8   0   8 0.00  0.0    0  7.7 17 260   M    M   1        25 260
16  86  65  76  11   0  11 0.00  0.0    0 11.5 22 220   M    M   0        30 240
17  84  63  74   9   0   9 0.00  0.0    0 12.6 22 180   M    M   0        31 190
18  79  62  71   6   0   6 0.30  0.0    0 14.6 32 260   M    M   5 13     42 260
19  73  53  63  -3   2   0 0.16  0.0    0  9.2 23 260   M    M   4 13     33 260
20  76  50  63  -3   2   0 2.33  0.0    0 10.7 37 290   M    M   4 138    56 280
21  70  57  64  -2   1   0 1.58  0.0    0 13.6 31 140   M    M   7 13     44 170
================================================================================
SM 1534 1127        71  44  7.61     0.0 189.6          M       98
================================================================================
AV 73.1 53.7                               9.0 FASTST   M    M   5    MAX(MPH)
                                 MISC ---->  # 39 330               # 56  280
================================================================================
NOTES:
# LAST OF SEVERAL OCCURRENCES

COLUMN 17 PEAK WIND IN M.P.H.

PRELIMINARY LOCAL CLIMATOLOGICAL DATA (WS FORM: F-6) , PAGE 2

                                          STATION:  SPRINGFIELD MO
                                          MONTH:    MAY
                                          YEAR:     2019
                                          LATITUDE:   37 13 N
                                          LONGITUDE:  93 23 W

[TEMPERATURE DATA]      [PRECIPITATION DATA]       SYMBOLS USED IN COLUMN 16

AVERAGE MONTHLY: 63.4   TOTAL FOR MONTH:   7.61    1 = FOG OR MIST
DPTR FM NORMAL:  -0.0   DPTR FM NORMAL:    4.01    2 = FOG REDUCING VISIBILITY
HIGHEST:    86 ON 16    GRTST 24HR  2.33 ON 20-20      TO 1/4 MILE OR LESS
LOWEST:     42 ON 13,10                            3 = THUNDER
                        SNOW, ICE PELLETS, HAIL    4 = ICE PELLETS
                        TOTAL MONTH:   0.0 INCH    5 = HAIL
                        GRTST 24HR     0.0         6 = FREEZING RAIN OR DRIZZLE
                        GRTST DEPTH:   0           7 = DUSTSTORM OR SANDSTORM:
                                                       VSBY 1/2 MILE OR LESS
                                                   8 = SMOKE OR HAZE
[NO. OF DAYS WITH]      [WEATHER - DAYS WITH]      9 = BLOWING SNOW
                                                   X = TORNADO
MAX 32 OR BELOW:   0    0.01 INCH OR MORE:  12
MAX 90 OR ABOVE:   0    0.10 INCH OR MORE:   9
MIN 32 OR BELOW:   0    0.50 INCH OR MORE:   6
MIN  0 OR BELOW:   0    1.00 INCH OR MORE:   3

[HDD (BASE 65) ]
TOTAL THIS MO.    71    CLEAR  (SCALE 0-3)   6
DPTR FM NORMAL    -8    PTCLDY (SCALE 4-7)  12
TOTAL FM JUL 1  4479    CLOUDY (SCALE 8-10)  3
DPTR FM NORMAL   -74

[CDD (BASE 65) ]
TOTAL THIS MO.    44
DPTR FM NORMAL    -1    [PRESSURE DATA]
TOTAL FM JAN 1    69    HIGHEST SLP M ON M
DPTR FM NORMAL    -1    LOWEST  SLP 29.51 ON 21

[REMARKS]
