999
CXUS54 KHGX 251515
CF6SGR
PRELIMINARY LOCAL CLIMATOLOGICAL DATA (WS FORM: F-6)

                                          STATION:   SUGAR LAND/HULL FLD
                                          MONTH:     MAY
                                          YEAR:      2019
                                          LATITUDE:   29 37 N
                                          LONGITUDE:  95 39 W

  TEMPERATURE IN F:       :PCPN:    SNOW:  WIND      :SUNSHINE: SKY     :PK WND
================================================================================
1   2   3   4   5  6A  6B    7    8   9   10  11  12  13   14  15   16   17  18
                                     12Z  AVG MX 2MIN
DY MAX MIN AVG DEP HDD CDD  WTR  SNW DPTH SPD SPD DIR MIN PSBL S-S WX    SPD DR
================================================================================

 1  85  74  80   7   0  15    T  0.0    0 14.9 25 150   M    M  10 18     32 150
 2  87  71  79   6   0  14 0.02  0.0    0 11.9 24 150   M    M   6 3      32 160
 3  80  72  76   3   0  11 0.02  0.0    0  9.2 20 160   M    M   7 13     23 140
 4  85  65  75   1   0  10 1.26  0.0    0  6.5 31 290   M    M   2 13     40 300
 5  86  64  75   1   0  10 0.00  0.0    0  6.6 13 130   M    M   2        18 110
 6  83  63  73  -1   0   8 0.00  0.0    0  7.2 21  70   M    M   1 1      25  70
 7  80  66  73  -1   0   8 7.82  0.0    0  9.9 32 170   M    M   8 13     41 160
 8  83  70  77   2   0  12 0.02  0.0    0 12.0 21 160   M    M   9 1      26 140
 9  90  69  80   5   0  15 1.30  0.0    0  7.7 25  10   M    M   9 13     29 360
10  77  67  72  -3   0   7 0.51  0.0    0  7.7 25  90   M    M   8 13     34  90
11  72  67  70  -5   0   5 0.85  0.0    0  5.9 15 340   M    M   9 13     18 330
12  79  63  71  -5   0   6 0.00  0.0    0  7.4 20  10   M    M   6 1      24  10
13  83  59  71  -5   0   6 0.00  0.0    0  6.9 14 140   M    M   0        19 130
14  86  64  75  -1   0  10 0.00  0.0    0  7.1 18 150   M    M   3        25 140
15  85  63  74  -2   0   9 0.00  0.0    0  6.8 16 140   M    M   1        20 150
16  86  64  75  -1   0  10 0.00  0.0    0  7.0 17 150   M    M   4        21 130
17  86  67  77   0   0  12    T  0.0    0 12.6 24 150   M    M   5        31 150
18  84  76  80   3   0  15 0.02  0.0    0 13.2 22 170   M    M  10 1      28 170
19  91  78  85   8   0  20    T  0.0    0  9.9 18 160   M    M   7 18     22 160
20  89  77  83   6   0  18    T  0.0    0 17.1 26 160   M    M   8        33 160
21  88  77  83   5   0  18    T  0.0    0 17.3 30 170   M    M   9        35 160
22  90  78  84   6   0  19 0.00  0.0    0 16.8 24 160   M    M   8        30 160
23  88  77  83   5   0  18 0.01  0.0    0 15.3 23 140   M    M  10        30 150
24  89  76  83   5   0  18 0.00  0.0    0 13.6 23 140   M    M   4        28 160
================================================================================
SM 2032 1667         0 294 11.83     0.0 250.5          M      146
================================================================================
AV 84.7 69.5                              10.4 FASTST   M    M   6    MAX(MPH)
                                 MISC ---->  # 32 170               # 41  160
================================================================================
NOTES:
# LAST OF SEVERAL OCCURRENCES

COLUMN 17 PEAK WIND IN M.P.H.

PRELIMINARY LOCAL CLIMATOLOGICAL DATA (WS FORM: F-6) , PAGE 2

                                          STATION:  SUGAR LAND/HULL FLD
                                          MONTH:    MAY
                                          YEAR:     2019
                                          LATITUDE:   29 37 N
                                          LONGITUDE:  95 39 W

[TEMPERATURE DATA]      [PRECIPITATION DATA]       SYMBOLS USED IN COLUMN 16

AVERAGE MONTHLY: 77.1   TOTAL FOR MONTH:  11.83    1 = FOG OR MIST
DPTR FM NORMAL:   1.4   DPTR FM NORMAL:    8.19    2 = FOG REDUCING VISIBILITY
HIGHEST:    91 ON 19    GRTST 24HR  7.82 ON  7- 7      TO 1/4 MILE OR LESS
LOWEST:     59 ON 13                               3 = THUNDER
                        SNOW, ICE PELLETS, HAIL    4 = ICE PELLETS
                        TOTAL MONTH:   0.0 INCH    5 = HAIL
                        GRTST 24HR     0.0         6 = FREEZING RAIN OR DRIZZLE
                        GRTST DEPTH:   0           7 = DUSTSTORM OR SANDSTORM:
                                                       VSBY 1/2 MILE OR LESS
                                                   8 = SMOKE OR HAZE
[NO. OF DAYS WITH]      [WEATHER - DAYS WITH]      9 = BLOWING SNOW
                                                   X = TORNADO
MAX 32 OR BELOW:   0    0.01 INCH OR MORE:  10
MAX 90 OR ABOVE:   3    0.10 INCH OR MORE:   5
MIN 32 OR BELOW:   0    0.50 INCH OR MORE:   5
MIN  0 OR BELOW:   0    1.00 INCH OR MORE:   3

[HDD (BASE 65) ]
TOTAL THIS MO.     0    CLEAR  (SCALE 0-3)   6
DPTR FM NORMAL     0    PTCLDY (SCALE 4-7)  10
TOTAL FM JUL 1  1131    CLOUDY (SCALE 8-10)  8
DPTR FM NORMAL  -288

[CDD (BASE 65) ]
TOTAL THIS MO.   294
DPTR FM NORMAL    38    [PRESSURE DATA]
TOTAL FM JAN 1   648    HIGHEST SLP M ON M
DPTR FM NORMAL   151    LOWEST  SLP 29.61 ON 21

[REMARKS]
