000
CXUS55 KBYZ 261057
CF6SHR
PRELIMINARY LOCAL CLIMATOLOGICAL DATA (WS FORM: F-6)

                                          STATION:   SHERIDAN WY
                                          MONTH:     MAY
                                          YEAR:      2019
                                          LATITUDE:   44 46 N
                                          LONGITUDE: 106 58 W

  TEMPERATURE IN F:       :PCPN:    SNOW:  WIND      :SUNSHINE: SKY     :PK WND
================================================================================
1   2   3   4   5  6A  6B    7    8   9   10  11  12  13   14  15   16   17  18
                                     12Z  AVG MX 2MIN
DY MAX MIN AVG DEP HDD CDD  WTR  SNW DPTH SPD SPD DIR MIN PSBL S-S WX    SPD DR
================================================================================

 1  43  23  33 -15  32   0 0.26    M    M  7.6 17 310   M    M   7 18     20 310
 2  60  24  42  -6  23   0 0.10    M    M  7.2 22 310   M    M   4 1      26 320
 3  62  28  45  -4  20   0 0.00    M    M  4.4 13 360   M    M   2        21 280
 4  66  37  52   3  13   0 0.00    M    M  3.4 12 350   M    M   3        15  30
 5  57  36  47  -2  18   0 0.15    M    M  8.8 26 310   M    M  10 1      30 300
 6  46  33  40 -10  25   0 0.05    M    M  5.5 16  10   M    M  10 18     18  10
 7  46  39  43  -7  22   0 0.80    M    M  7.1 20 300   M    M  10 1      23 300
 8  49  39  44  -6  21   0 0.21    M    M  8.1 18 350   M    M   9 1      23  10
 9  55  31  43  -7  22   0 0.09    M    M  5.5 16 240   M    M   7        20 260
10  63  26  45  -6  20   0 0.13    M    M  8.1 32 310   M    M   4 1      38 300
11  62  35  49  -2  16   0 0.14    M    M 15.3 32 340   M    M   5 1      37 270
12  76  32  54   3  11   0 0.00    M    M  5.8 22 320   M    M   1        26 330
13  79  42  61   9   4   0 0.00    M    M  5.9 18 340   M    M   0        24 340
14  81  41  61   9   4   0 0.00    M    M  4.1 20  30   M    M   1        25  40
15  76  45  61   9   4   0 0.00    M    M  5.4 20 320   M    M   2 3      25 320
16  71  45  58   6   7   0 0.04    M    M  5.8 15 120   M    M   6 38     18 110
17  59  44  52  -1  13   0 0.33    M    M  9.6 17 310   M    M   9 13     24 120
18  44  33  39 -14  26   0 0.38    M    M 12.2 24 320   M    M  10 1      28 320
19  43  33  38 -15  27   0 0.00    M    M  7.9 16 140   M    M  10        21 140
20  48  37  43 -11  22   0 0.00    M    M 15.8 24 120   M    M  10        31 120
21  44  33  39 -15  26   0 0.50    M    M  7.7 17 140   M    M  10 1      20 140
22  48  33  41 -13  24   0 0.56    M    M 12.4 22 260   M    M  10 1      28 300
23  57  31  44 -10  21   0 0.08    M    M  6.6 17 130   M    M   8        24 130
24  56  39  48  -7  17   0 0.08    M    M  9.8 24 320   M    M   9        31 330
25  71  32  52  -3  13   0 0.00    M    M  5.4 17 130   M    M   2        22 130
================================================================================
SM 1462  871       451   0  3.90    M    195.4          M      159
================================================================================
AV 58.5 34.8                               7.8 FASTST   M    M   6    MAX(MPH)
                                 MISC ---->  # 32 310               # 38  300
================================================================================
NOTES:
# LAST OF SEVERAL OCCURRENCES

COLUMN 17 PEAK WIND IN M.P.H.

PRELIMINARY LOCAL CLIMATOLOGICAL DATA (WS FORM: F-6) , PAGE 2

                                          STATION:  SHERIDAN WY
                                          MONTH:    MAY
                                          YEAR:     2019
                                          LATITUDE:   44 46 N
                                          LONGITUDE: 106 58 W

[TEMPERATURE DATA]      [PRECIPITATION DATA]       SYMBOLS USED IN COLUMN 16

AVERAGE MONTHLY: 46.7   TOTAL FOR MONTH:   3.90    1 = FOG OR MIST
DPTR FM NORMAL:  -4.9   DPTR FM NORMAL:    2.01    2 = FOG REDUCING VISIBILITY
HIGHEST:    81 ON 14    GRTST 24HR  0.80 ON  7- 7      TO 1/4 MILE OR LESS
LOWEST:     23 ON  1                               3 = THUNDER
                        SNOW, ICE PELLETS, HAIL    4 = ICE PELLETS
                        TOTAL MONTH:    M          5 = HAIL
                        GRTST 24HR    M  ON   M    6 = FREEZING RAIN OR DRIZZLE
                        GRTST DEPTH:  M  ON   M    7 = DUSTSTORM OR SANDSTORM:
                                                       VSBY 1/2 MILE OR LESS
                                                   8 = SMOKE OR HAZE
[NO. OF DAYS WITH]      [WEATHER - DAYS WITH]      9 = BLOWING SNOW
                                                   X = TORNADO
MAX 32 OR BELOW:   0    0.01 INCH OR MORE:  16
MAX 90 OR ABOVE:   0    0.10 INCH OR MORE:  11
MIN 32 OR BELOW:   8    0.50 INCH OR MORE:   3
MIN  0 OR BELOW:   0    1.00 INCH OR MORE:   0

[HDD (BASE 65) ]
TOTAL THIS MO.   451    CLEAR  (SCALE 0-3)   6
DPTR FM NORMAL   114    PTCLDY (SCALE 4-7)   8
TOTAL FM JUL 1  7854    CLOUDY (SCALE 8-10) 11
DPTR FM NORMAL   416

[CDD (BASE 65) ]
TOTAL THIS MO.     0
DPTR FM NORMAL     0    [PRESSURE DATA]
TOTAL FM JAN 1     0    HIGHEST SLP M ON M
DPTR FM NORMAL     0    LOWEST  SLP 29.47 ON 17

[REMARKS]
