000
CXUS54 KSHV 261500
CF6SHV
PRELIMINARY LOCAL CLIMATOLOGICAL DATA (WS FORM: F-6)

                                          STATION:   SHREVEPORT
                                          MONTH:     MARCH
                                          YEAR:      2019
                                          LATITUDE:   32 28 N
                                          LONGITUDE:  93 49 W

  TEMPERATURE IN F:       :PCPN:    SNOW:  WIND      :SUNSHINE: SKY     :PK WND
================================================================================
1   2   3   4   5  6A  6B    7    8   9   10  11  12  13   14  15   16   17  18
                                     12Z  AVG MX 2MIN
DY MAX MIN AVG DEP HDD CDD  WTR  SNW DPTH SPD SPD DIR MIN PSBL S-S WX    SPD DR
================================================================================

 1  53  37  45  -9  20   0    T  0.0    0  5.2 12 360   M    M  10 18     14 350
 2  54  47  51  -3  14   0 0.03  0.0    0  6.4 12  30   M    M  10 1      14  40
 3  51  36  44 -11  21   0 0.34  0.0    0 12.4 21 360   M    M  10 1      27 350
 4  38  29  34 -21  31   0 0.00  0.0    0 12.3 20 350   M    M   8        24  10
 5  49  24  37 -18  28   0 0.00  0.0    0  7.8 15 350   M    M   1        20 360
 6  54  26  40 -15  25   0 0.00  0.0    0  5.8 12 170   M    M   3        15 170
 7  63  46  55  -1  10   0 0.01  0.0    0 11.6 22 180   M    M  10 1      29 170
 8  80  59  70  14   0   5    T  0.0    0 11.2 21 210   M    M   9 1      29 210
 9  77  51  64   8   1   0 0.07  0.0    0 10.6 29 280   M    M   8 13     39 210
10  77  46  62   6   3   0    T  0.0    0  6.8 16  60   M    M   7        21  60
11  63  50  57   0   8   0 0.04  0.0    0  9.6 22  20   M    M   9        27  10
12  67  56  62   5   3   0    T  0.0    0  7.2 17 150   M    M  10        24 140
13  74  55  65   8   0   0 0.74  0.0    0 11.5 36 250   M    M  10 13     45 230
14  72  53  63   5   2   0 0.39  0.0    0 12.9 33 280   M    M   7 13     43 280
15  62  46  54  -4  11   0 0.00  0.0    0 11.6 21 330   M    M   7        28 320
16  63  41  52  -6  13   0 0.00  0.0    0  7.3 16  40   M    M   5        22  80
17  69  37  53  -5  12   0 0.00  0.0    0  3.1 13  50   M    M   3        16  60
18  72  38  55  -3  10   0 0.00  0.0    0  3.5 14  90   M    M   3        18 100
19  70  46  58  -1   7   0 0.00  0.0    0  4.5 14 140   M    M   4        18 150
20  73  42  58  -1   7   0 0.00  0.0    0  6.2 29 320   M    M   4        35 330
21  77  41  59   0   6   0 0.00  0.0    0  8.2 21 310   M    M   0        26 300
22  77  42  60   1   5   0 0.00  0.0    0  2.4 12 320   M    M   5 8      14 320
23  78  48  63   3   2   0 0.00  0.0    0  8.8 22 130   M    M   7        29 150
24  74  57  66   6   0   1    T  0.0    0  7.8 15 190   M    M   9        19 180
25  77  56  67   7   0   2 0.62  0.0    0  9.2 26 320   M    M   5 13     36 330
================================================================================
SM 1664 1109       239   8  2.24     0.0 203.9          M      164
================================================================================
AV 66.6 44.4                               8.2 FASTST   M    M   7    MAX(MPH)
                                 MISC ---->  # 36 250               # 45  230
================================================================================
NOTES:
# LAST OF SEVERAL OCCURRENCES

COLUMN 17 PEAK WIND IN M.P.H.

PRELIMINARY LOCAL CLIMATOLOGICAL DATA (WS FORM: F-6) , PAGE 2

                                          STATION:  SHREVEPORT
                                          MONTH:    MARCH
                                          YEAR:     2019
                                          LATITUDE:   32 28 N
                                          LONGITUDE:  93 49 W

[TEMPERATURE DATA]      [PRECIPITATION DATA]       SYMBOLS USED IN COLUMN 16

AVERAGE MONTHLY: 55.5   TOTAL FOR MONTH:   2.24    1 = FOG OR MIST
DPTR FM NORMAL:  -1.7   DPTR FM NORMAL:   -1.07    2 = FOG REDUCING VISIBILITY
HIGHEST:    80 ON  8    GRTST 24HR  0.74 ON 13-13      TO 1/4 MILE OR LESS
LOWEST:     24 ON  5                               3 = THUNDER
                        SNOW, ICE PELLETS, HAIL    4 = ICE PELLETS
                        TOTAL MONTH:   0.0 INCH    5 = HAIL
                        GRTST 24HR     0.0         6 = FREEZING RAIN OR DRIZZLE
                        GRTST DEPTH:   0           7 = DUSTSTORM OR SANDSTORM:
                                                       VSBY 1/2 MILE OR LESS
                                                   8 = SMOKE OR HAZE
[NO. OF DAYS WITH]      [WEATHER - DAYS WITH]      9 = BLOWING SNOW
                                                   X = TORNADO
MAX 32 OR BELOW:   0    0.01 INCH OR MORE:   8
MAX 90 OR ABOVE:   0    0.10 INCH OR MORE:   4
MIN 32 OR BELOW:   3    0.50 INCH OR MORE:   2
MIN  0 OR BELOW:   0    1.00 INCH OR MORE:   0

[HDD (BASE 65) ]
TOTAL THIS MO.   239    CLEAR  (SCALE 0-3)   3
DPTR FM NORMAL    22    PTCLDY (SCALE 4-7)  13
TOTAL FM JUL 1  2048    CLOUDY (SCALE 8-10)  9
DPTR FM NORMAL   -51

[CDD (BASE 65) ]
TOTAL THIS MO.     8
DPTR FM NORMAL   -15    [PRESSURE DATA]
TOTAL FM JAN 1    28    HIGHEST SLP M ON M
DPTR FM NORMAL    -5    LOWEST  SLP 29.61 ON 13

[REMARKS]
