000
CXUS56 KMFR 261000
CF6SIY
PRELIMINARY LOCAL CLIMATOLOGICAL DATA (WS FORM: F-6)

                                          STATION:   MONTAGUE CA
                                          MONTH:     MAY
                                          YEAR:      2019
                                          LATITUDE:   41 46 N
                                          LONGITUDE: 122 28 W

  TEMPERATURE IN F:       :PCPN:    SNOW:  WIND      :SUNSHINE: SKY     :PK WND
================================================================================
1   2   3   4   5  6A  6B    7    8   9   10  11  12  13   14  15   16   17  18
                                     12Z  AVG MX 2MIN
DY MAX MIN AVG DEP HDD CDD  WTR  SNW DPTH SPD SPD DIR MIN PSBL S-S WX    SPD DR
================================================================================

 1  70  25  48  -4  17   0 0.00    M    M  6.2 16  10   M    M   0        26  20
 2  73  29  51  -1  14   0 0.00    M    M  4.5 15  10   M    M   0        31 350
 3  79  31  55   2  10   0 0.00    M    M  2.6 14  10   M    M   0 8      23  20
 4  82  33  58   5   7   0 0.00    M    M  3.0 14  10   M    M   0        16 350
 5  82  38  60   7   5   0 0.00    M    M  5.9 22 350   M    M   0        27 340
 6  81  37  59   5   6   0 0.00    M    M  5.4 20 360   M    M   0        26 360
 7  77  41  59   5   6   0 0.00    M    M  8.9 25 350   M    M   0        31 360
 8  81  39  60   6   5   0 0.00    M    M  6.1 18  10   M    M   0        22  20
 9  80  51  66  12   0   1 0.00    M    M  9.0 20  10   M    M   1        24  50
10  83  47  65  10   0   0 0.00    M    M  5.8 17 350   M    M   0 8      23 350
11  88  40  64   9   1   0 0.00    M    M  4.5 15 340   M    M   0        18 350
12  87  39  63   8   2   0 0.00    M    M  5.0 16 300   M    M   0        20 300
13  79  45  62   6   3   0 0.00    M    M  5.8 15 260   M    M   0        23 260
14  66  54  60   4   5   0 0.01    M    M  9.0 16 180   M    M   6        22 180
15  64  51  58   2   7   0 0.02    M    M 17.8 36 160   M    M   7        44 170
16  60  44  52  -4  13   0 0.10    M    M 13.3 35 180   M    M   5 1      46 180
17  66  44  55  -1  10   0 0.02    M    M  4.5 22 300   M    M   8 1      27 300
18  56  41  49  -8  16   0 0.01    M    M 14.1 37 170   M    M   5        48 180
19  64  38  51  -6  14   0 0.01    M    M  5.7 22 340   M    M   9        25 340
20  68  43  56  -1   9   0    T    M    M  7.1 21 180   M    M   7        31 180
21  57  43  50  -7  15   0 0.17    M    M  4.3 15 280   M    M   9 1      19 270
22  65  45  55  -3  10   0    T    M    M  9.0 21 360   M    M   9        26 360
23  72  47  60   2   5   0 0.00    M    M 10.1 24 340   M    M   5        30 340
24  78  39  59   1   6   0 0.00    M    M  7.1 23 350   M    M   2 1      30  30
25  68  35  52  -6  13   0 0.35    M    M  6.9 20 360   M    M   3 1      24 360
================================================================================
SM 1826 1019       199   1  0.69    M    181.6          M       76
================================================================================
AV 73.0 40.8                               7.3 FASTST   M    M   3    MAX(MPH)
                                 MISC ---->  # 37 170               # 48  180
================================================================================
NOTES:
# LAST OF SEVERAL OCCURRENCES

COLUMN 17 PEAK WIND IN M.P.H.

PRELIMINARY LOCAL CLIMATOLOGICAL DATA (WS FORM: F-6) , PAGE 2

                                          STATION:  MONTAGUE CA
                                          MONTH:    MAY
                                          YEAR:     2019
                                          LATITUDE:   41 46 N
                                          LONGITUDE: 122 28 W

[TEMPERATURE DATA]      [PRECIPITATION DATA]       SYMBOLS USED IN COLUMN 16

AVERAGE MONTHLY: 56.9   TOTAL FOR MONTH:   0.69    1 = FOG OR MIST
DPTR FM NORMAL:   1.5   DPTR FM NORMAL:   -0.60    2 = FOG REDUCING VISIBILITY
HIGHEST:    88 ON 11    GRTST 24HR  0.35 ON 25-25      TO 1/4 MILE OR LESS
LOWEST:     25 ON  1                               3 = THUNDER
                        SNOW, ICE PELLETS, HAIL    4 = ICE PELLETS
                        TOTAL MONTH:    M          5 = HAIL
                        GRTST 24HR    M  ON   M    6 = FREEZING RAIN OR DRIZZLE
                        GRTST DEPTH:  M  ON   M    7 = DUSTSTORM OR SANDSTORM:
                                                       VSBY 1/2 MILE OR LESS
                                                   8 = SMOKE OR HAZE
[NO. OF DAYS WITH]      [WEATHER - DAYS WITH]      9 = BLOWING SNOW
                                                   X = TORNADO
MAX 32 OR BELOW:   0    0.01 INCH OR MORE:   8
MAX 90 OR ABOVE:   0    0.10 INCH OR MORE:   3
MIN 32 OR BELOW:   3    0.50 INCH OR MORE:   0
MIN  0 OR BELOW:   0    1.00 INCH OR MORE:   0

[HDD (BASE 65) ]
TOTAL THIS MO.   199    CLEAR  (SCALE 0-3)  15
DPTR FM NORMAL   -50    PTCLDY (SCALE 4-7)   7
TOTAL FM JUL 1  4731    CLOUDY (SCALE 8-10)  3
DPTR FM NORMAL  -616

[CDD (BASE 65) ]
TOTAL THIS MO.     1
DPTR FM NORMAL    -9    [PRESSURE DATA]
TOTAL FM JAN 1     1    HIGHEST SLP M ON M
DPTR FM NORMAL    -9    LOWEST  SLP 29.50 ON 16

[REMARKS]
