000
CXUS56 KMTR 181000
CF6SJC
PRELIMINARY LOCAL CLIMATOLOGICAL DATA (WS FORM: F-6)

                                          STATION:   SAN JOSE AIRPORT
                                          MONTH:     MARCH
                                          YEAR:      2019
                                          LATITUDE:   37 21 N
                                          LONGITUDE: 121 55 W

  TEMPERATURE IN F:       :PCPN:    SNOW:  WIND      :SUNSHINE: SKY     :PK WND
================================================================================
1   2   3   4   5  6A  6B    7    8   9   10  11  12  13   14  15   16   17  18
                                     12Z  AVG MX 2MIN
DY MAX MIN AVG DEP HDD CDD  WTR  SNW DPTH SPD SPD DIR MIN PSBL S-S WX    SPD DR
================================================================================

 1  59  44  52  -3  13   0    T  0.0    0  1.4  9 310   M    M   7         9 310
 2  65  51  58   3   7   0 0.57  0.0    0  8.3 14 160   M    M   9 18     14 160
 3  63  51  57   2   8   0 0.08  0.0    0  5.4 17 330   M    M   7 1      22 310
 4  58  49  54  -1  11   0    T  0.0    0  4.6 13 320   M    M   9        16 350
 5  59  50  55   0  10   0 0.12  0.0    0  9.6 26 130   M    M   9 1      35 130
 6  62  53  58   2   7   0 0.54  0.0    0 13.0 29 140   M    M   8 18     37 150
 7  55  46  51  -5  14   0 0.05  0.0    0  5.2 17 310   M    M   9 1      17 330
 8  56  41  49  -7  16   0 0.01    M    0  7.4 18 330   M    M   6        23 320
 9  53  41  47  -9  18   0 0.06    M    0 11.6 22 130   M    M   8 1      27 160
10  58  44  51  -5  14   0 0.04  0.0    0  9.4 18 150   M    M   7 3      21 150
11  63  40  52  -4  13   0 0.00  0.0    0  5.6 16 330   M    M   2 18     21  10
12  61  39  50  -6  15   0    T  0.0    0 10.7 28 300   M    M   3        37 300
13  61  43  52  -4  13   0 0.00  0.0    0 10.5 22 320   M    M   0        26 320
14  65  39  52  -4  13   0 0.00  0.0    0  7.1 15 350   M    M   3        27 310
15  68  39  54  -2  11   0 0.00  0.0    0  4.7 18 330   M    M   2        21 330
16  71  42  57   1   8   0 0.00  0.0    0  4.8 14 330   M    M   2        16 320
17  74  44  59   3   6   0 0.00  0.0    0  3.1 13 330   M    M   6        16 330
================================================================================
SM 1051  756       197   0  1.47     0.0 122.4          M       97
================================================================================
AV 61.8 44.5                               7.2 FASTST   M    M   6    MAX(MPH)
                                 MISC ---->  # 29 140               # 37  150
================================================================================
NOTES:
# LAST OF SEVERAL OCCURRENCES

COLUMN 17 PEAK WIND IN M.P.H.

PRELIMINARY LOCAL CLIMATOLOGICAL DATA (WS FORM: F-6) , PAGE 2

                                          STATION:  SAN JOSE AIRPORT
                                          MONTH:    MARCH
                                          YEAR:     2019
                                          LATITUDE:   37 21 N
                                          LONGITUDE: 121 55 W

[TEMPERATURE DATA]      [PRECIPITATION DATA]       SYMBOLS USED IN COLUMN 16

AVERAGE MONTHLY: 53.2   TOTAL FOR MONTH:   1.47    1 = FOG OR MIST
DPTR FM NORMAL:  -2.6   DPTR FM NORMAL:   -0.14    2 = FOG REDUCING VISIBILITY
HIGHEST:    74 ON 17    GRTST 24HR  0.57 ON  2- 2      TO 1/4 MILE OR LESS
LOWEST:     39 ON 15,14                            3 = THUNDER
                        SNOW, ICE PELLETS, HAIL    4 = ICE PELLETS
                        TOTAL MONTH:   0.0 INCH    5 = HAIL
                        GRTST 24HR     0.0         6 = FREEZING RAIN OR DRIZZLE
                        GRTST DEPTH:   0           7 = DUSTSTORM OR SANDSTORM:
                                                       VSBY 1/2 MILE OR LESS
                                                   8 = SMOKE OR HAZE
[NO. OF DAYS WITH]      [WEATHER - DAYS WITH]      9 = BLOWING SNOW
                                                   X = TORNADO
MAX 32 OR BELOW:   0    0.01 INCH OR MORE:   8
MAX 90 OR ABOVE:   0    0.10 INCH OR MORE:   3
MIN 32 OR BELOW:   0    0.50 INCH OR MORE:   2
MIN  0 OR BELOW:   0    1.00 INCH OR MORE:   0

[HDD (BASE 65) ]
TOTAL THIS MO.   197    CLEAR  (SCALE 0-3)   6
DPTR FM NORMAL    38    PTCLDY (SCALE 4-7)   7
TOTAL FM JUL 1  1646    CLOUDY (SCALE 8-10)  4
DPTR FM NORMAL  -178

[CDD (BASE 65) ]
TOTAL THIS MO.     0
DPTR FM NORMAL     0    [PRESSURE DATA]
TOTAL FM JAN 1     0    HIGHEST SLP M ON M
DPTR FM NORMAL     0    LOWEST  SLP 29.57 ON  6

[REMARKS]
