000
CXUS56 KMTR 241000
CF6SJC
PRELIMINARY LOCAL CLIMATOLOGICAL DATA (WS FORM: F-6)

                                          STATION:   SAN JOSE AIRPORT
                                          MONTH:     MAY
                                          YEAR:      2019
                                          LATITUDE:   37 21 N
                                          LONGITUDE: 121 55 W

  TEMPERATURE IN F:       :PCPN:    SNOW:  WIND      :SUNSHINE: SKY     :PK WND
================================================================================
1   2   3   4   5  6A  6B    7    8   9   10  11  12  13   14  15   16   17  18
                                     12Z  AVG MX 2MIN
DY MAX MIN AVG DEP HDD CDD  WTR  SNW DPTH SPD SPD DIR MIN PSBL S-S WX    SPD DR
================================================================================

 1  75  48  62   1   3   0 0.00  0.0    0  7.0 20 340   M    M   2        24 340
 2  76  49  63   2   2   0 0.00  0.0    0  6.3 18 340   M    M   2        22 340
 3  76  51  64   2   1   0 0.00  0.0    0  6.6 16 330   M    M   3        22 340
 4  70  50  60  -2   5   0 0.00  0.0    0  6.9 22 330   M    M   5        24 320
 5  67  53  60  -2   5   0 0.01  0.0    0  7.2 20 340   M    M   8 3      23 330
 6  69  53  61  -1   4   0 0.02  0.0    0  5.6 15 220   M    M   8 3      19 220
 7  70  56  63   1   2   0 0.00  0.0    0  7.5 17 330   M    M   6        23 340
 8  74  56  65   3   0   0 0.00  0.0    0  8.1 20 320   M    M   6        24 360
 9  69  57  63   1   2   0 0.00  0.0    0  6.4 14 340   M    M   9        17 350
10  75  56  66   4   0   1 0.00  0.0    0  7.9 18 330   M    M   6        22 330
11  72  55  64   1   1   0 0.00  0.0    0  7.5 16 330   M    M   3        21 310
12  72  54  63   0   2   0 0.00  0.0    0  6.8 15 320   M    M   5        19 320
13  72  52  62  -1   3   0 0.00  0.0    0  7.9 20 330   M    M   5        24 320
14  68  56  62  -1   3   0 0.00  0.0    0  6.6 16 330   M    M  10        20 310
15  69  53  61  -2   4   0 0.36  0.0    0 10.9 21 140   M    M   9 1      29 140
16  62  51  57  -6   8   0 0.11  0.0    0  8.2 20 290   M    M   7 1      28 270
17  66  50  58  -6   7   0    T  0.0    0  7.5 20 340   M    M   8        24 330
18  60  45  53 -11  12   0 0.26  0.0    0  9.9 23 130   M    M   8 1      28 130
19  62  48  55  -9  10   0 0.47    M    0  4.9 16 340   M    M   7 13     19 300
20  66  48  57  -7   8   0 0.00  0.0    0  6.1 20 280   M    M   7        26 290
21  62  50  56  -8   9   0 0.14  0.0    0 11.5 25 290   M    M   8 1      32 290
22  72  53  63  -1   2   0 0.01  0.0    0 10.5 20 330   M    M   6        23 330
23  74  54  64   0   1   0 0.00  0.0    0  9.4 17 200   M    M   5        20 170
================================================================================
SM 1598 1198        94   1  1.38     0.0 177.2          M      143
================================================================================
AV 69.5 52.1                               7.7 FASTST   M    M   6    MAX(MPH)
                                 MISC ---->  # 25 290               # 32  290
================================================================================
NOTES:
# LAST OF SEVERAL OCCURRENCES

COLUMN 17 PEAK WIND IN M.P.H.

PRELIMINARY LOCAL CLIMATOLOGICAL DATA (WS FORM: F-6) , PAGE 2

                                          STATION:  SAN JOSE AIRPORT
                                          MONTH:    MAY
                                          YEAR:     2019
                                          LATITUDE:   37 21 N
                                          LONGITUDE: 121 55 W

[TEMPERATURE DATA]      [PRECIPITATION DATA]       SYMBOLS USED IN COLUMN 16

AVERAGE MONTHLY: 60.8   TOTAL FOR MONTH:   1.38    1 = FOG OR MIST
DPTR FM NORMAL:  -2.0   DPTR FM NORMAL:    0.96    2 = FOG REDUCING VISIBILITY
HIGHEST:    76 ON  3, 2 GRTST 24HR  0.47 ON 19-19      TO 1/4 MILE OR LESS
LOWEST:     45 ON 18                               3 = THUNDER
                        SNOW, ICE PELLETS, HAIL    4 = ICE PELLETS
                        TOTAL MONTH:   0.0 INCH    5 = HAIL
                        GRTST 24HR     0.0         6 = FREEZING RAIN OR DRIZZLE
                        GRTST DEPTH:   0           7 = DUSTSTORM OR SANDSTORM:
                                                       VSBY 1/2 MILE OR LESS
                                                   8 = SMOKE OR HAZE
[NO. OF DAYS WITH]      [WEATHER - DAYS WITH]      9 = BLOWING SNOW
                                                   X = TORNADO
MAX 32 OR BELOW:   0    0.01 INCH OR MORE:   8
MAX 90 OR ABOVE:   0    0.10 INCH OR MORE:   5
MIN 32 OR BELOW:   0    0.50 INCH OR MORE:   0
MIN  0 OR BELOW:   0    1.00 INCH OR MORE:   0

[HDD (BASE 65) ]
TOTAL THIS MO.    94    CLEAR  (SCALE 0-3)   3
DPTR FM NORMAL    12    PTCLDY (SCALE 4-7)  16
TOTAL FM JUL 1  1974    CLOUDY (SCALE 8-10)  4
DPTR FM NORMAL  -245

[CDD (BASE 65) ]
TOTAL THIS MO.     1
DPTR FM NORMAL   -29    [PRESSURE DATA]
TOTAL FM JAN 1    20    HIGHEST SLP M ON M
DPTR FM NORMAL   -27    LOWEST  SLP 29.65 ON 15

[REMARKS]
