000
CXUS56 KFGZ 190900
CF6SJN
PRELIMINARY LOCAL CLIMATOLOGICAL DATA (WS FORM: F-6)

                                          STATION:   SAINT JOHNS AZ AIRPORT
                                          MONTH:     MAY
                                          YEAR:      2019
                                          LATITUDE:   34 31 N
                                          LONGITUDE: 109 23 W

  TEMPERATURE IN F:       :PCPN:    SNOW:  WIND      :SUNSHINE: SKY     :PK WND
================================================================================
1   2   3   4   5  6A  6B    7    8   9   10  11  12  13   14  15   16   17  18
                                     12Z  AVG MX 2MIN
DY MAX MIN AVG DEP HDD CDD  WTR  SNW DPTH SPD SPD DIR MIN PSBL S-S WX    SPD DR
================================================================================

 1  73  37  55  -3  10   0 0.00    M    M 11.1 28 280   M    M   0        35 270
 2  76  39  58  -1   7   0 0.00    M    M  9.7 25 260   M    M   0        33 270
 3  75  38  57  -2   8   0 0.00    M    M  5.9 20 290   M    M   0        26 300
 4  80  36  58  -1   7   0 0.00    M    M  6.3 21 260   M    M   0        27 260
 5  80  43  62   3   3   0 0.00    M    M  8.7 23 260   M    M   0        31 250
 6  74  39  57  -3   8   0 0.00    M    M  6.8 22 250   M    M   0        27 250
 7  66  42  54  -6  11   0 0.00    M    M 12.2 37 240   M    M   3        49 250
 8  60  41  51  -9  14   0 0.17    M    M 11.9 35 290   M    M   7 13     44 280
 9  69  37  53  -8  12   0 0.11    M    M  6.8 28 300   M    M   4 1      34 300
10  55  46  51 -10  14   0 0.51    M    M  5.5 24 260   M    M   9 13     28 260
11  69  45  57  -4   8   0 0.39    M    M  6.8 25 360   M    M   7 13     31 360
12  66  47  57  -4   8   0 0.01    M    M  5.1 23 190   M    M   6 3      28 190
13  77  43  60  -2   5   0 0.00    M    M  5.8 15 250   M    M   1        21 260
14  81  48  65   3   0   0 0.04    M    M  6.1 22  30   M    M   2 3      32 330
15  82  47  65   3   0   0 0.00    M    M  5.9 22 240   M    M   2        26 250
16  82  55  69   7   0   4 0.00    M    M 12.5 32 250   M    M   0        41 250
17  68  46  57  -6   8   0 0.00    M    M 14.4 35 250   M    M   1        44 250
18  68  38  53 -10  12   0 0.00    M    M 10.4 23 300   M    M   0        30 330
================================================================================
SM 1301  767       135   4  1.23    M    151.9          M       42
================================================================================
AV 72.3 42.6                               8.4 FASTST   M    M   2    MAX(MPH)
                                 MISC ---->  # 37 240               # 49  250
================================================================================
NOTES:
# LAST OF SEVERAL OCCURRENCES

COLUMN 17 PEAK WIND IN M.P.H.

PRELIMINARY LOCAL CLIMATOLOGICAL DATA (WS FORM: F-6) , PAGE 2

                                          STATION:  SAINT JOHNS AZ AIRPORT
                                          MONTH:    MAY
                                          YEAR:     2019
                                          LATITUDE:   34 31 N
                                          LONGITUDE: 109 23 W

[TEMPERATURE DATA]      [PRECIPITATION DATA]       SYMBOLS USED IN COLUMN 16

AVERAGE MONTHLY: 57.4   TOTAL FOR MONTH:   1.23    1 = FOG OR MIST
DPTR FM NORMAL:  -3.2   DPTR FM NORMAL:    0.92    2 = FOG REDUCING VISIBILITY
HIGHEST:    82 ON 16,15 GRTST 24HR  0.51 ON 10-10      TO 1/4 MILE OR LESS
LOWEST:     36 ON  4                               3 = THUNDER
                        SNOW, ICE PELLETS, HAIL    4 = ICE PELLETS
                        TOTAL MONTH:    M          5 = HAIL
                        GRTST 24HR    M  ON   M    6 = FREEZING RAIN OR DRIZZLE
                        GRTST DEPTH:  M  ON   M    7 = DUSTSTORM OR SANDSTORM:
                                                       VSBY 1/2 MILE OR LESS
                                                   8 = SMOKE OR HAZE
[NO. OF DAYS WITH]      [WEATHER - DAYS WITH]      9 = BLOWING SNOW
                                                   X = TORNADO
MAX 32 OR BELOW:   0    0.01 INCH OR MORE:   6
MAX 90 OR ABOVE:   0    0.10 INCH OR MORE:   4
MIN 32 OR BELOW:   0    0.50 INCH OR MORE:   1
MIN  0 OR BELOW:   0    1.00 INCH OR MORE:   0

[HDD (BASE 65) ]
TOTAL THIS MO.   135    CLEAR  (SCALE 0-3)  12
DPTR FM NORMAL    40    PTCLDY (SCALE 4-7)   5
TOTAL FM JUL 1  4881    CLOUDY (SCALE 8-10)  1
DPTR FM NORMAL   219

[CDD (BASE 65) ]
TOTAL THIS MO.     4
DPTR FM NORMAL   -11    [PRESSURE DATA]
TOTAL FM JAN 1     4    HIGHEST SLP M ON M
DPTR FM NORMAL   -11    LOWEST  SLP 29.64 ON 16

[REMARKS]
