000
CXUS54 KSJT 261000
CF6SJT
PRELIMINARY LOCAL CLIMATOLOGICAL DATA (WS FORM: F-6)

                                          STATION:   SAN ANGELO
                                          MONTH:     MAY
                                          YEAR:      2019
                                          LATITUDE:   31 21 N
                                          LONGITUDE: 100 30 W

  TEMPERATURE IN F:       :PCPN:    SNOW:  WIND      :SUNSHINE: SKY     :PK WND
================================================================================
1   2   3   4   5  6A  6B    7    8   9   10  11  12  13   14  15   16   17  18
                                     12Z  AVG MX 2MIN
DY MAX MIN AVG DEP HDD CDD  WTR  SNW DPTH SPD SPD DIR MIN PSBL S-S WX    SPD DR
================================================================================

 1  87  67  77   7   0  12 0.00  0.0    0  7.9 20 140   M    M   4 18     28 150
 2  76  61  69  -2   0   4 0.19  0.0    0  8.9 32 110   M    M   7 138    41 110
 3  77  57  67  -4   0   2 0.04  0.0    0  6.3 17 120   M    M   5 138    22 110
 4  77  57  67  -4   0   2 0.00  0.0    0  6.2 14  50   M    M   6 1      18  70
 5  84  56  70  -2   0   5 0.00  0.0    0  9.9 33 170   M    M   5 1      43 170
 6  85  62  74   2   0   9 0.00  0.0    0  9.0 28 140   M    M   0        35 300
 7  84  65  75   3   0  10 0.00  0.0    0  8.6 17 150   M    M   7 18     23 140
 8  82  60  71  -1   0   6 2.68  0.0    0  8.4 38 240   M    M   2 123    56 240
 9  72  56  64  -9   1   0 0.00  0.0    0 12.4 23  30   M    M   6        29  40
10  57  48  53 -20  12   0 0.00  0.0    0 10.9 23  40   M    M   9 13     28  50
11  66  48  57 -16   8   0 0.42  0.0    0  5.1 17 280   M    M   8 13     19 280
12  77  46  62 -12   3   0 0.00  0.0    0  4.3 13  50   M    M   2 18     15  50
13  81  55  68  -6   0   3 0.00  0.0    0  6.2 24 260   M    M   2 1      27 270
14  81  53  67  -7   0   2 0.00  0.0    0  3.8 14 130   M    M   2 1      18 140
15  85  55  70  -4   0   5 0.00  0.0    0  4.7 12 200   M    M   2 1      15 200
16  84  65  75   0   0  10 0.00  0.0    0  9.4 20 190   M    M   2 18     25 190
17  86  70  78   3   0  13 0.00  0.0    0 10.6 21 170   M    M   6        27 170
18  87  57  72  -3   0   7 1.65  0.0    0 11.6 37 170   M    M   2 13     52 160
19  86  50  68  -7   0   3 0.00  0.0    0  8.3 16 100   M    M   0        22  80
20  86  68  77   1   0  12 0.00  0.0    0 16.7 30 170   M    M   4 18     43 180
21  82  56  69  -7   0   4 0.27  0.0    0 12.3 29 260   M    M   2 13     37 270
22  90  56  73  -3   0   8 0.00  0.0    0  9.6 22 170   M    M   3 8      30 170
23  88  75  82   6   0  17 0.00  0.0    0 14.6 30 160   M    M   5 8      40 150
24  84  73  79   2   0  14 0.00  0.0    0  9.3 20 140   M    M   7 8      27 160
25  88  73  81   4   0  16 0.01  0.0    0  9.5 22 150   M    M   6 18     29 190
================================================================================
SM 2032 1489        24 164  5.26     0.0 224.5          M      104
================================================================================
AV 81.3 59.6                               9.0 FASTST   M    M   4    MAX(MPH)
                                 MISC ---->  # 38 240               # 56  240
================================================================================
NOTES:
# LAST OF SEVERAL OCCURRENCES

COLUMN 17 PEAK WIND IN M.P.H.

PRELIMINARY LOCAL CLIMATOLOGICAL DATA (WS FORM: F-6) , PAGE 2

                                          STATION:  SAN ANGELO
                                          MONTH:    MAY
                                          YEAR:     2019
                                          LATITUDE:   31 21 N
                                          LONGITUDE: 100 30 W

[TEMPERATURE DATA]      [PRECIPITATION DATA]       SYMBOLS USED IN COLUMN 16

AVERAGE MONTHLY: 70.4   TOTAL FOR MONTH:   5.26    1 = FOG OR MIST
DPTR FM NORMAL:  -3.3   DPTR FM NORMAL:    3.10    2 = FOG REDUCING VISIBILITY
HIGHEST:    90 ON 22    GRTST 24HR  2.68 ON  8- 8      TO 1/4 MILE OR LESS
LOWEST:     46 ON 12                               3 = THUNDER
                        SNOW, ICE PELLETS, HAIL    4 = ICE PELLETS
                        TOTAL MONTH:   0.0 INCH    5 = HAIL
                        GRTST 24HR     0.0         6 = FREEZING RAIN OR DRIZZLE
                        GRTST DEPTH:   0           7 = DUSTSTORM OR SANDSTORM:
                                                       VSBY 1/2 MILE OR LESS
                                                   8 = SMOKE OR HAZE
[NO. OF DAYS WITH]      [WEATHER - DAYS WITH]      9 = BLOWING SNOW
                                                   X = TORNADO
MAX 32 OR BELOW:   0    0.01 INCH OR MORE:   7
MAX 90 OR ABOVE:   1    0.10 INCH OR MORE:   5
MIN 32 OR BELOW:   0    0.50 INCH OR MORE:   2
MIN  0 OR BELOW:   0    1.00 INCH OR MORE:   2

[HDD (BASE 65) ]
TOTAL THIS MO.    24    CLEAR  (SCALE 0-3)  11
DPTR FM NORMAL    16    PTCLDY (SCALE 4-7)  13
TOTAL FM JUL 1  2376    CLOUDY (SCALE 8-10)  1
DPTR FM NORMAL    62

[CDD (BASE 65) ]
TOTAL THIS MO.   164
DPTR FM NORMAL   -65    [PRESSURE DATA]
TOTAL FM JAN 1   309    HIGHEST SLP M ON M
DPTR FM NORMAL   -76    LOWEST  SLP 29.38 ON 20

[REMARKS]
