000
CXUS54 KEWX 270910
CF6SKF
PRELIMINARY LOCAL CLIMATOLOGICAL DATA (WS FORM: F-6)

                                          STATION:   LACKLAND AFB
                                          MONTH:     MAY
                                          YEAR:      2019
                                          LATITUDE:   29 22 N
                                          LONGITUDE:  98 35 W

  TEMPERATURE IN F:       :PCPN:    SNOW:  WIND      :SUNSHINE: SKY     :PK WND
================================================================================
1   2   3   4   5  6A  6B    7    8   9   10  11  12  13   14  15   16   17  18
                                     12Z  AVG MX 2MIN
DY MAX MIN AVG DEP HDD CDD  WTR  SNW DPTH SPD SPD DIR MIN PSBL S-S WX    SPD DR
================================================================================

 1  81  74  78   M   0  13    T    M    M 10.6 15 120   M    M   8        23 130
 2  83  67  75   M   0  10    T    M    M 11.3 18  70   M    M   8        32  30
 3  81  63  72   M   0   7 1.47    M    M  8.2 28 330   M    M   6 13     41 330
 4  85  59  72   M   0   7 0.00    M    M  4.0 10  70   M    M   1         M  M
 5  86  61  74   M   0   9 0.00    M    M  8.0 15 130   M    M   1        21 110
 6   M   M   M   M   M   M 0.07    M    M  6.4 20 150   M    M   6 1      37 160
 7   M   M   M   M   M   M 0.05    M    M  9.5 21 110   M    M   7 1      27 110
 8  87  71  79   M   0  14 0.13    M    M  9.4 20 160   M    M   6 13     27 160
 9  84  65  75   M   0  10 0.02    M    M  9.5 22  30   M    M   9 138    37  30
10   M   M   M   M   M   M    T    M    M 12.9 17  10   M    M  10        31 360
11  73  58  66   M   0   1 0.02    M    M  7.4 14  10   M    M   8 1       M  M
12  82  57  70   M   0   5 0.00    M    M  5.3 14  90   M    M   3         M  M
13  80  57  69   M   0   4 0.00    M    M  5.2  9  50   M    M   3         M  M
14  85  64  75   M   0  10 1.24    M    M  5.4 31 330   M    M   5 13     56 360
15  84  66  75   M   0  10    T    M    M  4.5  9 130   M    M   6 1       M  M
16  86  69  78   M   0  13 0.00    M    M  6.8 15 140   M    M   6        17 140
17  87  73  80   M   0  15    T    M    M 14.3 20 120   M    M   7 1      30 140
18  84  75  80   M   0  15 0.04    M    M  7.9 12 130   M    M   5 18      M  M
19  89  75  82   M   0  17    T    M    M  6.7 14 110   M    M   6 18      M  M
20  89  77  83   M   0  18    T    M    M 15.8 22 130   M    M   6 1      36 150
21  89  70  80   M   0  15 0.01    M    M 11.4 22 140   M    M   6        37 150
22  89  77  83   M   0  18    T    M    M 15.5 21 120   M    M   7 8      32 130
23  92  77  85   M   0  20    T    M    M 17.9 25 140   M    M   6        35 150
24  91  76  84   M   0  19 0.00    M    M 16.0 22 110   M    M   5        31 160
25  91  76  84   M   0  19    T    M    M 15.6 22 120   M    M   6        25 120
26  91  74  83   M   0  18    T    M    M 13.5 20 120   M    M   5        22 110
================================================================================
SM 1969 1581         0 287  3.05    M    259.0          M      152
================================================================================
AV 85.6 68.7                              10.0 FASTST   M    M   6    MAX(MPH)
                                 MISC ---->  # 31 330               # 56  360
================================================================================
NOTES:
# LAST OF SEVERAL OCCURRENCES

COLUMN 17 PEAK WIND IN M.P.H.

PRELIMINARY LOCAL CLIMATOLOGICAL DATA (WS FORM: F-6) , PAGE 2

                                          STATION:  LACKLAND AFB
                                          MONTH:    MAY
                                          YEAR:     2019
                                          LATITUDE:   29 22 N
                                          LONGITUDE:  98 35 W

[TEMPERATURE DATA]      [PRECIPITATION DATA]       SYMBOLS USED IN COLUMN 16

AVERAGE MONTHLY: 77.2   TOTAL FOR MONTH:   3.05    1 = FOG OR MIST
DPTR FM NORMAL:     M   DPTR FM NORMAL:       M    2 = FOG REDUCING VISIBILITY
HIGHEST:    92 ON 23    GRTST 24HR  1.47 ON  3- 3      TO 1/4 MILE OR LESS
LOWEST:     57 ON 13,12                            3 = THUNDER
                        SNOW, ICE PELLETS, HAIL    4 = ICE PELLETS
                        TOTAL MONTH:    M          5 = HAIL
                        GRTST 24HR    M  ON   M    6 = FREEZING RAIN OR DRIZZLE
                        GRTST DEPTH:  M  ON   M    7 = DUSTSTORM OR SANDSTORM:
                                                       VSBY 1/2 MILE OR LESS
                                                   8 = SMOKE OR HAZE
[NO. OF DAYS WITH]      [WEATHER - DAYS WITH]      9 = BLOWING SNOW
                                                   X = TORNADO
MAX 32 OR BELOW:   0    0.01 INCH OR MORE:   9
MAX 90 OR ABOVE:   4    0.10 INCH OR MORE:   3
MIN 32 OR BELOW:   0    0.50 INCH OR MORE:   2
MIN  0 OR BELOW:   0    1.00 INCH OR MORE:   2

[HDD (BASE 65) ]
TOTAL THIS MO.     0    CLEAR  (SCALE 0-3)   4
DPTR FM NORMAL     M    PTCLDY (SCALE 4-7)  19
TOTAL FM JUL 1  1385    CLOUDY (SCALE 8-10)  3
DPTR FM NORMAL     M

[CDD (BASE 65) ]
TOTAL THIS MO.   287
DPTR FM NORMAL     M    [PRESSURE DATA]
TOTAL FM JAN 1   537    HIGHEST SLP M ON M
DPTR FM NORMAL     M    LOWEST  SLP M ON M

[REMARKS]
