000
CXUS54 KEWX 220910
CF6SKF
PRELIMINARY LOCAL CLIMATOLOGICAL DATA (WS FORM: F-6)

                                          STATION:   LACKLAND AFB
                                          MONTH:     MARCH
                                          YEAR:      2019
                                          LATITUDE:   29 22 N
                                          LONGITUDE:  98 35 W

  TEMPERATURE IN F:       :PCPN:    SNOW:  WIND      :SUNSHINE: SKY     :PK WND
================================================================================
1   2   3   4   5  6A  6B    7    8   9   10  11  12  13   14  15   16   17  18
                                     12Z  AVG MX 2MIN
DY MAX MIN AVG DEP HDD CDD  WTR  SNW DPTH SPD SPD DIR MIN PSBL S-S WX    SPD DR
================================================================================

 1  58  46  52   M  13   0    T    M    M  4.5  8  60   M    M  10 18      M  M
 2  62  55  59   M   6   0    T    M    M  6.8 10  60   M    M  10 18      M  M
 3  55  51  53   M  12   0    T    M    M 13.5 20  30   M    M   9 1      32 350
 4  41  31  36   M  29   0 0.00    M    M 12.8 20  30   M    M   7        30 350
 5  50  29  40   M  25   0 0.00    M    M  9.9 14  30   M    M   3        22  20
 6  56  36  46   M  19   0 0.00    M    M  5.8 12 140   M    M   7        21 130
 7  69  51  60   M   5   0 0.00    M    M  4.8 12 190   M    M   6         M  M
 8  83  58  71   M   0   6 0.00    M    M  8.7 15 130   M    M   5 1       M  M
 9  87  63  75   M   0  10 0.00    M    M  6.3 15 150   M    M   5 1      24 150
10  78  57  68   M   0   3    T    M    M  7.7 14 110   M    M   5 1      20 120
11  71  58  65   M   0   0 0.02    M    M 10.1 14  60   M    M   9 1      20  60
12  79  61  70   M   0   5 0.01    M    M 13.6 27 130   M    M   9 1      37 120
13  84  60  72   M   0   7 0.00    M    M 14.5 21 150   M    M   5        37 150
14  77  58  68   M   0   3    T    M    M 11.4 18  40   M    M   3 1      24 350
15  62   M   M   M   M   M 0.00    M    M 13.9 20  40   M    M   2        35  40
16  59  48  54   M  11   0 0.00    M    M  7.2 14  60   M    M   6         M  M
17  64  43  54   M  11   0 0.00    M    M  3.5  8  60   M    M   1         M  M
18  67  43  55   M  10   0 0.00    M    M  5.9 12  90   M    M   2        22  90
19  68  41  55   M  10   0 0.00    M    M  5.5 10 130   M    M   6         M  M
20  74  57  66   M   0   1 0.01    M    M  5.1 10 160   M    M   6         M  M
21  76  51  64   M   1   0 0.00    M    M  2.8  7  40   M    M   4 1       M  M
================================================================================
SM 1420  997       152  35  0.04    M    174.3          M      120
================================================================================
AV 67.6 49.9                               8.3 FASTST   M    M   6    MAX(MPH)
                                 MISC ---->  # 27 130               # 37  120
================================================================================
NOTES:
# LAST OF SEVERAL OCCURRENCES

COLUMN 17 PEAK WIND IN M.P.H.

PRELIMINARY LOCAL CLIMATOLOGICAL DATA (WS FORM: F-6) , PAGE 2

                                          STATION:  LACKLAND AFB
                                          MONTH:    MARCH
                                          YEAR:     2019
                                          LATITUDE:   29 22 N
                                          LONGITUDE:  98 35 W

[TEMPERATURE DATA]      [PRECIPITATION DATA]       SYMBOLS USED IN COLUMN 16

AVERAGE MONTHLY: 58.7   TOTAL FOR MONTH:   0.04    1 = FOG OR MIST
DPTR FM NORMAL:     M   DPTR FM NORMAL:       M    2 = FOG REDUCING VISIBILITY
HIGHEST:    87 ON  9    GRTST 24HR  0.02 ON 11-11      TO 1/4 MILE OR LESS
LOWEST:     29 ON  5                               3 = THUNDER
                        SNOW, ICE PELLETS, HAIL    4 = ICE PELLETS
                        TOTAL MONTH:    M          5 = HAIL
                        GRTST 24HR    M  ON   M    6 = FREEZING RAIN OR DRIZZLE
                        GRTST DEPTH:  M  ON   M    7 = DUSTSTORM OR SANDSTORM:
                                                       VSBY 1/2 MILE OR LESS
                                                   8 = SMOKE OR HAZE
[NO. OF DAYS WITH]      [WEATHER - DAYS WITH]      9 = BLOWING SNOW
                                                   X = TORNADO
MAX 32 OR BELOW:   0    0.01 INCH OR MORE:   3
MAX 90 OR ABOVE:   0    0.10 INCH OR MORE:   0
MIN 32 OR BELOW:   2    0.50 INCH OR MORE:   0
MIN  0 OR BELOW:   0    1.00 INCH OR MORE:   0

[HDD (BASE 65) ]
TOTAL THIS MO.   152    CLEAR  (SCALE 0-3)   5
DPTR FM NORMAL     M    PTCLDY (SCALE 4-7)  11
TOTAL FM JUL 1  1325    CLOUDY (SCALE 8-10)  5
DPTR FM NORMAL     M

[CDD (BASE 65) ]
TOTAL THIS MO.    35
DPTR FM NORMAL     M    [PRESSURE DATA]
TOTAL FM JAN 1    60    HIGHEST SLP M ON M
DPTR FM NORMAL     M    LOWEST  SLP M ON M

[REMARKS]
