000
CXUS56 KPQR 221200
CF6SLE
PRELIMINARY LOCAL CLIMATOLOGICAL DATA (WS FORM: F-6)

                                          STATION:   SALEM OR
                                          MONTH:     MAY
                                          YEAR:      2019
                                          LATITUDE:   44 55 N
                                          LONGITUDE: 123  0 W

  TEMPERATURE IN F:       :PCPN:    SNOW:  WIND      :SUNSHINE: SKY     :PK WND
================================================================================
1   2   3   4   5  6A  6B    7    8   9   10  11  12  13   14  15   16   17  18
                                     12Z  AVG MX 2MIN
DY MAX MIN AVG DEP HDD CDD  WTR  SNW DPTH SPD SPD DIR MIN PSBL S-S WX    SPD DR
================================================================================

 1  68  36  52  -1  13   0 0.00    M    M  6.4 20 290   M    M   0        26 270
 2  64  38  51  -2  14   0 0.00    M    M  4.2 13 310   M    M   3        15 320
 3  70  40  55   1  10   0 0.00    M    M  6.5 13  40   M    M   0        16  30
 4  73  42  58   4   7   0 0.00    M    M  5.3 13  20   M    M   0        17  10
 5  77  44  61   7   4   0 0.00    M    M  3.6 14 320   M    M   0        16 310
 6  82  44  63   9   2   0 0.00    M    M  4.6 16 310   M    M   0        20 290
 7  77  45  61   7   4   0 0.00    M    M  4.8 20 290   M    M   0        23 290
 8  76  44  60   5   5   0 0.00    M    M  5.5 15  30   M    M   0        19  30
 9  86  51  69  14   0   4 0.00    M    M  7.1 23  40   M    M   0        29  60
10  87  45  66  11   0   1 0.00    M    M  3.2  9 300   M    M   0        13 350
11  83  48  66  11   0   1 0.00    M    M  5.4 18 300   M    M   0        24 310
12  74  45  60   4   5   0 0.00    M    M  4.5 13 280   M    M   2        15 270
13  68  44  56   0   9   0 0.00    M    M  4.4 13 260   M    M   3        15 260
14  60  50  55  -1  10   0 0.11    M    M  7.1 15 190   M    M   8        19 200
15  61  48  55  -1  10   0 0.04    M    M  4.9 10 310   M    M   8        12 260
16  61  50  56   0   9   0 0.06    M    M  5.7 12 190   M    M   9 1      16 210
17  61  51  56  -1   9   0 0.04    M    M  8.5 16 190   M    M   9 1      23 180
18  71  49  60   3   5   0 0.64    M    M  5.3 24 220   M    M   7 13     34 220
19  63  48  56  -1   9   0 0.07    M    M  5.4 14 320   M    M   8        18 320
20  66  49  58   1   7   0 0.04    M    M  6.4 18 280   M    M   7        25 130
21  66  50  58   1   7   0 0.04    M    M  3.7 14  50   M    M   8        18  60
================================================================================
SM 1494  961       139   6  1.04    M    112.5          M       72
================================================================================
AV 71.1 45.8                               5.4 FASTST   M    M   3    MAX(MPH)
                                 MISC ---->  # 24 220               # 34  220
================================================================================
NOTES:
# LAST OF SEVERAL OCCURRENCES

COLUMN 17 PEAK WIND IN M.P.H.

PRELIMINARY LOCAL CLIMATOLOGICAL DATA (WS FORM: F-6) , PAGE 2

                                          STATION:  SALEM OR
                                          MONTH:    MAY
                                          YEAR:     2019
                                          LATITUDE:   44 55 N
                                          LONGITUDE: 123  0 W

[TEMPERATURE DATA]      [PRECIPITATION DATA]       SYMBOLS USED IN COLUMN 16

AVERAGE MONTHLY: 58.5   TOTAL FOR MONTH:   1.04    1 = FOG OR MIST
DPTR FM NORMAL:   3.2   DPTR FM NORMAL:   -0.44    2 = FOG REDUCING VISIBILITY
HIGHEST:    87 ON 10    GRTST 24HR  0.64 ON 18-18      TO 1/4 MILE OR LESS
LOWEST:     36 ON  1                               3 = THUNDER
                        SNOW, ICE PELLETS, HAIL    4 = ICE PELLETS
                        TOTAL MONTH:    M          5 = HAIL
                        GRTST 24HR    M  ON   M    6 = FREEZING RAIN OR DRIZZLE
                        GRTST DEPTH:  M  ON   M    7 = DUSTSTORM OR SANDSTORM:
                                                       VSBY 1/2 MILE OR LESS
                                                   8 = SMOKE OR HAZE
[NO. OF DAYS WITH]      [WEATHER - DAYS WITH]      9 = BLOWING SNOW
                                                   X = TORNADO
MAX 32 OR BELOW:   0    0.01 INCH OR MORE:   8
MAX 90 OR ABOVE:   0    0.10 INCH OR MORE:   2
MIN 32 OR BELOW:   0    0.50 INCH OR MORE:   1
MIN  0 OR BELOW:   0    1.00 INCH OR MORE:   0

[HDD (BASE 65) ]
TOTAL THIS MO.   139    CLEAR  (SCALE 0-3)  13
DPTR FM NORMAL   -69    PTCLDY (SCALE 4-7)   5
TOTAL FM JUL 1  4067    CLOUDY (SCALE 8-10)  3
DPTR FM NORMAL  -384

[CDD (BASE 65) ]
TOTAL THIS MO.     6
DPTR FM NORMAL     6    [PRESSURE DATA]
TOTAL FM JAN 1     6    HIGHEST SLP M ON M
DPTR FM NORMAL     6    LOWEST  SLP 29.49 ON 16

[REMARKS]
