000
CXUS56 KPQR 231200
CF6SLE
PRELIMINARY LOCAL CLIMATOLOGICAL DATA (WS FORM: F-6)

                                          STATION:   SALEM OR
                                          MONTH:     MARCH
                                          YEAR:      2019
                                          LATITUDE:   44 55 N
                                          LONGITUDE: 123  0 W

  TEMPERATURE IN F:       :PCPN:    SNOW:  WIND      :SUNSHINE: SKY     :PK WND
================================================================================
1   2   3   4   5  6A  6B    7    8   9   10  11  12  13   14  15   16   17  18
                                     12Z  AVG MX 2MIN
DY MAX MIN AVG DEP HDD CDD  WTR  SNW DPTH SPD SPD DIR MIN PSBL S-S WX    SPD DR
================================================================================

 1  53  32  43  -2  22   0    T    M    M  2.5  9 140   M    M   7 1      13 200
 2  51  30  41  -4  24   0 0.00    M    M 10.6 21 360   M    M   0        24 350
 3  47  28  38  -7  27   0 0.00    M    M 11.7 21 360   M    M   0        26 360
 4  47  25  36  -9  29   0 0.00    M    M  6.1 14  10   M    M   0        16  30
 5  45  25  35 -10  30   0 0.00    M    M  6.9 12  20   M    M   2        14  20
 6  37  32  35 -11  30   0 0.18    M    M  5.5 15 190   M    M  10 1      18 180
 7  48  32  40  -6  25   0 0.12    M    M  8.6 21 290   M    M   8 1      25 290
 8  43  32  38  -8  27   0 0.05    M    M  6.9 17 220   M    M   9 1      22 210
 9  50  33  42  -4  23   0 0.02    M    M  6.8 14  20   M    M   7 1      16  60
10  54  30  42  -4  23   0 0.00    M    M  7.8 18 360   M    M   0        22  10
11  61  26  44  -2  21   0 0.08    M    M  5.1 17 250   M    M   2        22 250
12  51  40  46   0  19   0 0.23    M    M  9.7 22 280   M    M   7 1      28 160
13  57  37  47   0  18   0    T    M    M  4.0 10 260   M    M   7        13 280
14  59  31  45  -2  20   0 0.00    M    M  2.5  7  60   M    M   1         9  70
15  63  30  47   0  18   0 0.00    M    M  2.5 10  10   M    M   0        12  10
16  62  33  48   1  17   0 0.00    M    M  3.0  8  40   M    M   0        10 360
17  71  35  53   6  12   0 0.00    M    M  5.8 16  10   M    M   0        22  20
18  76  40  58  11   7   0 0.00  0.0    M  9.2 24  20   M    M   0        30  30
19  77  43  60  13   5   0 0.00    M    M  7.3 18 360   M    M   0        23 350
20  75  43  59  11   6   0 0.00    M    M  4.8 16 210   M    M   1        20 200
21  56  40  48   0  17   0 0.02  0.0    0  3.7  9 140   M    M   6 1      12 140
22  55  34  45  -3  20   0 0.28    M    M  3.0 14 230   M    M   7 12     18 180
================================================================================
SM 1238  731       440   0  0.98     0.0 134.0          M       74
================================================================================
AV 56.3 33.2                               6.1 FASTST   M    M   3    MAX(MPH)
                                 MISC ---->  # 24  20               # 30   30
================================================================================
NOTES:
# LAST OF SEVERAL OCCURRENCES

COLUMN 17 PEAK WIND IN M.P.H.

PRELIMINARY LOCAL CLIMATOLOGICAL DATA (WS FORM: F-6) , PAGE 2

                                          STATION:  SALEM OR
                                          MONTH:    MARCH
                                          YEAR:     2019
                                          LATITUDE:   44 55 N
                                          LONGITUDE: 123  0 W

[TEMPERATURE DATA]      [PRECIPITATION DATA]       SYMBOLS USED IN COLUMN 16

AVERAGE MONTHLY: 44.8   TOTAL FOR MONTH:   0.98    1 = FOG OR MIST
DPTR FM NORMAL:  -1.6   DPTR FM NORMAL:   -1.95    2 = FOG REDUCING VISIBILITY
HIGHEST:    77 ON 19    GRTST 24HR  0.28 ON 22-22      TO 1/4 MILE OR LESS
LOWEST:     25 ON  5, 4                            3 = THUNDER
                        SNOW, ICE PELLETS, HAIL    4 = ICE PELLETS
                        TOTAL MONTH:   0.0 INCH    5 = HAIL
                        GRTST 24HR     0.0         6 = FREEZING RAIN OR DRIZZLE
                        GRTST DEPTH:   0           7 = DUSTSTORM OR SANDSTORM:
                                                       VSBY 1/2 MILE OR LESS
                                                   8 = SMOKE OR HAZE
[NO. OF DAYS WITH]      [WEATHER - DAYS WITH]      9 = BLOWING SNOW
                                                   X = TORNADO
MAX 32 OR BELOW:   0    0.01 INCH OR MORE:   8
MAX 90 OR ABOVE:   0    0.10 INCH OR MORE:   4
MIN 32 OR BELOW:  12    0.50 INCH OR MORE:   0
MIN  0 OR BELOW:   0    1.00 INCH OR MORE:   0

[HDD (BASE 65) ]
TOTAL THIS MO.   440    CLEAR  (SCALE 0-3)  13
DPTR FM NORMAL    29    PTCLDY (SCALE 4-7)   6
TOTAL FM JUL 1  3439    CLOUDY (SCALE 8-10)  3
DPTR FM NORMAL  -212

[CDD (BASE 65) ]
TOTAL THIS MO.     0
DPTR FM NORMAL     0    [PRESSURE DATA]
TOTAL FM JAN 1     0    HIGHEST SLP M ON M
DPTR FM NORMAL     0    LOWEST  SLP 29.61 ON  6

[REMARKS]
