000
CXUS51 KBTV 240700
CF6SLK
PRELIMINARY LOCAL CLIMATOLOGICAL DATA (WS FORM: F-6)

                                          STATION:   SARANAC LAKE NY
                                          MONTH:     MAY
                                          YEAR:      2019
                                          LATITUDE:   44 23 N
                                          LONGITUDE:  74 12 W

  TEMPERATURE IN F:       :PCPN:    SNOW:  WIND      :SUNSHINE: SKY     :PK WND
================================================================================
1   2   3   4   5  6A  6B    7    8   9   10  11  12  13   14  15   16   17  18
                                     12Z  AVG MX 2MIN
DY MAX MIN AVG DEP HDD CDD  WTR  SNW DPTH SPD SPD DIR MIN PSBL S-S WX    SPD DR
================================================================================

 1  40  31  36  -9  29   0 0.22    M    0  6.0 13  60   M    M   8 1      15  60
 2  49  37  43  -2  22   0 0.11    M    0  4.0 10  50   M    M  10 1      12  50
 3  55  42  49   4  16   0 0.36    M    0  1.7  8 220   M    M  10 12     11  10
 4  53  35  44  -2  21   0 0.01    M    0  3.0  9  50   M    M  10 12     11  90
 5  65  33  49   3  16   0 0.00  0.0    0  3.2 14  60   M    M   3 12     17  70
 6  71  33  52   5  13   0 0.00  0.0    0  2.6 10 240   M    M   6 12     17 240
 7  55  40  48   1  17   0 0.17    M    0  3.8 12 230   M    M   9 1      17 240
 8  52  25  39  -8  26   0 0.00  0.0    0  4.6 14  50   M    M   1        20  40
 9  61  24  43  -5  22   0 0.10    M    0  9.7 20 190   M    M   6 13     27 190
10  60  44  52   4  13   0 1.09    M    0  9.4 20 240   M    M  10 1      29 250
11  50  34  42  -6  23   0 0.01    M    0  4.5 13 360   M    M   7 1      22 360
12  51  34  43  -6  22   0 0.00  0.0    0  6.7 18  70   M    M   5        26 100
13  50  37  44  -5  21   0 0.41    M    0  5.0 18  70   M    M  10 1      24 150
14  43  34  39 -11  26   0 0.21    M    0  4.8 10  60   M    M  10 1      14  60
15  56  36  46  -4  19   0 0.11    M    0  2.0 12 280   M    M   9 1      16 260
16  62  42  52   2  13   0 0.00  0.0    0  2.0 12 200   M    M   7 1      16 250
17  69  42  56   5   9   0 0.21    M    0  6.8 21 230   M    M   7 1      32 240
18  61  40  51   0  14   0 0.00  0.0    0  4.0  9 350   M    M   8        16 280
19  83  46  65  14   0   0 0.61    M    0  4.2 20 240   M    M   8 138    32 260
20  69  44  57   5   8   0 0.07    M    0 11.0 23 240   M    M   9 18     35 240
21  57  34  46  -6  19   0 0.03    M    0  7.3 18 300   M    M   9 1      34 290
22  65  28  47  -5  18   0    T    M    0  4.3 16  40   M    M   2        22  50
23  73  41  57   4   8   0 0.32    M    0  6.9 17 220   M    M   5 1      23 260
================================================================================
SM 1350  836       395   0  4.04     0.0 117.5          M      169
================================================================================
AV 58.7 36.4                               5.1 FASTST   M    M   7    MAX(MPH)
                                 MISC ---->  # 23 240               # 35  240
================================================================================
NOTES:
# LAST OF SEVERAL OCCURRENCES

COLUMN 17 PEAK WIND IN M.P.H.

PRELIMINARY LOCAL CLIMATOLOGICAL DATA (WS FORM: F-6) , PAGE 2

                                          STATION:  SARANAC LAKE NY
                                          MONTH:    MAY
                                          YEAR:     2019
                                          LATITUDE:   44 23 N
                                          LONGITUDE:  74 12 W

[TEMPERATURE DATA]      [PRECIPITATION DATA]       SYMBOLS USED IN COLUMN 16

AVERAGE MONTHLY: 47.5   TOTAL FOR MONTH:   4.04    1 = FOG OR MIST
DPTR FM NORMAL:  -1.3   DPTR FM NORMAL:    1.59    2 = FOG REDUCING VISIBILITY
HIGHEST:    83 ON 19    GRTST 24HR  1.09 ON 10-10      TO 1/4 MILE OR LESS
LOWEST:     24 ON  9                               3 = THUNDER
                        SNOW, ICE PELLETS, HAIL    4 = ICE PELLETS
                        TOTAL MONTH:   0.0 INCH    5 = HAIL
                        GRTST 24HR     0.0         6 = FREEZING RAIN OR DRIZZLE
                        GRTST DEPTH:   0           7 = DUSTSTORM OR SANDSTORM:
                                                       VSBY 1/2 MILE OR LESS
                                                   8 = SMOKE OR HAZE
[NO. OF DAYS WITH]      [WEATHER - DAYS WITH]      9 = BLOWING SNOW
                                                   X = TORNADO
MAX 32 OR BELOW:   0    0.01 INCH OR MORE:  16
MAX 90 OR ABOVE:   0    0.10 INCH OR MORE:  12
MIN 32 OR BELOW:   4    0.50 INCH OR MORE:   2
MIN  0 OR BELOW:   0    1.00 INCH OR MORE:   1

[HDD (BASE 65) ]
TOTAL THIS MO.   395    CLEAR  (SCALE 0-3)   2
DPTR FM NORMAL    21    PTCLDY (SCALE 4-7)   9
TOTAL FM JUL 1  8922    CLOUDY (SCALE 8-10) 12
DPTR FM NORMAL  -223

[CDD (BASE 65) ]
TOTAL THIS MO.     0
DPTR FM NORMAL     0    [PRESSURE DATA]
TOTAL FM JAN 1     0    HIGHEST SLP M ON M
DPTR FM NORMAL     0    LOWEST  SLP 29.63 ON 20

[REMARKS]
