975
CXUS56 KLOX 221655
CF6SMX
PRELIMINARY LOCAL CLIMATOLOGICAL DATA (WS FORM: F-6)

                                          STATION:   SANTA MARIA AIRPORT CA
                                          MONTH:     MAY
                                          YEAR:      2019
                                          LATITUDE:   34 54 N
                                          LONGITUDE: 120 27 W

  TEMPERATURE IN F:       :PCPN:    SNOW:  WIND      :SUNSHINE: SKY     :PK WND
================================================================================
1   2   3   4   5  6A  6B    7    8   9   10  11  12  13   14  15   16   17  18
                                     12Z  AVG MX 2MIN
DY MAX MIN AVG DEP HDD CDD  WTR  SNW DPTH SPD SPD DIR MIN PSBL S-S WX    SPD DR
================================================================================

 1  72  48  60   3   5   0 0.00  0.0    0  6.2 16 310   M    M   4 18     20 320
 2  77  46  62   5   3   0 0.00  0.0    0  6.9 22 310   M    M   1 18     28 290
 3  72  50  61   4   4   0 0.00  0.0    0  6.1 16 320   M    M   5 128    19 330
 4  70  49  60   3   5   0 0.00  0.0    0  5.2 16 320   M    M   5 18     20 320
 5  68  51  60   3   5   0    T  0.0    0  6.4 18 320   M    M   8        25 330
 6  68  53  61   4   4   0 0.05  0.0    0  6.2 16 290   M    M   9 1      21 290
 7  68  53  61   4   4   0 0.00  0.0    0  6.7 15 320   M    M   9        22 310
 8  65  56  61   4   4   0 0.00  0.0    0  5.8 13 290   M    M  10        16 290
 9  63  57  60   2   5   0 0.00  0.0    0  3.1 10 260   M    M  10        13 260
10  70  52  61   3   4   0 0.01  0.0    0  3.0 14 320   M    M   8 13     16 260
11  78  49  64   6   1   0    T    M    0  9.7 25 300   M    M   0 18     32 310
12  70  54  62   4   3   0 0.00  0.0    0  7.2 16 300   M    M   6 18     20 330
13  74  56  65   7   0   0 0.00  0.0    0  6.8 20 320   M    M   6 1      24 290
14  70  53  62   4   3   0    T  0.0    0  6.9 18 310   M    M   5        23 320
15  73  52  63   5   2   0 0.07  0.0    0  7.8 20 150   M    M   7 1      25 150
16  68  49  59   1   6   0 0.15    M    0 12.3 24 300   M    M   5 1      30 300
17  69  44  57  -1   8   0 0.00    M    0 11.0 29 300   M    M   0 1      36 300
18  68  47  58   0   7   0 0.33    M    0  5.8 22 120   M    M   6 1      26 120
19  67  54  61   3   4   0 0.17  0.0    0  7.7 21 260   M    M   8 18     28 260
20  68  48  58   0   7   0 0.00    M    0  9.8 28 300   M    M   5 12     32 310
21  67  50  59   1   6   0 0.01  0.0    0 13.9 31 300   M    M   6 1      40 310
================================================================================
SM 1465 1071        90   0  0.79     0.0 154.5          M      123
================================================================================
AV 69.8 51.0                               7.4 FASTST   M    M   6    MAX(MPH)
                                 MISC ---->    31   M                 40    M
================================================================================
NOTES:
# LAST OF SEVERAL OCCURRENCES

COLUMN 17 PEAK WIND IN M.P.H.

PRELIMINARY LOCAL CLIMATOLOGICAL DATA (WS FORM: F-6) , PAGE 2

                                          STATION:  SANTA MARIA AIRPORT CA
                                          MONTH:    MAY
                                          YEAR:     2019
                                          LATITUDE:   34 54 N
                                          LONGITUDE: 120 27 W

[TEMPERATURE DATA]      [PRECIPITATION DATA]       SYMBOLS USED IN COLUMN 16

AVERAGE MONTHLY: 60.4   TOTAL FOR MONTH:   0.79    1 = FOG OR MIST
DPTR FM NORMAL:   2.8   DPTR FM NORMAL:    0.53    2 = FOG REDUCING VISIBILITY
HIGHEST:    78 ON 11    GRTST 24HR  0.33 ON 18-18      TO 1/4 MILE OR LESS
LOWEST:     44 ON 17                               3 = THUNDER
                        SNOW, ICE PELLETS, HAIL    4 = ICE PELLETS
                        TOTAL MONTH:   0.0 INCH    5 = HAIL
                        GRTST 24HR     0.0         6 = FREEZING RAIN OR DRIZZLE
                        GRTST DEPTH:   0           7 = DUSTSTORM OR SANDSTORM:
                                                       VSBY 1/2 MILE OR LESS
                                                   8 = SMOKE OR HAZE
[NO. OF DAYS WITH]      [WEATHER - DAYS WITH]      9 = BLOWING SNOW
                                                   X = TORNADO
MAX 32 OR BELOW:   0    0.01 INCH OR MORE:   7
MAX 90 OR ABOVE:   0    0.10 INCH OR MORE:   3
MIN 32 OR BELOW:   0    0.50 INCH OR MORE:   0
MIN  0 OR BELOW:   0    1.00 INCH OR MORE:   0

[HDD (BASE 65) ]
TOTAL THIS MO.    90    CLEAR  (SCALE 0-3)   3
DPTR FM NORMAL   -67    PTCLDY (SCALE 4-7)  13
TOTAL FM JUL 1  1785    CLOUDY (SCALE 8-10)  5
DPTR FM NORMAL  -831

[CDD (BASE 65) ]
TOTAL THIS MO.     0
DPTR FM NORMAL     0    [PRESSURE DATA]
TOTAL FM JAN 1     2    HIGHEST SLP M ON M
DPTR FM NORMAL    -4    LOWEST  SLP 29.71 ON 21

[REMARKS]
