000
CXUS56 KSGX 201656
CF6SNA
PRELIMINARY LOCAL CLIMATOLOGICAL DATA (WS FORM: F-6)

                                          STATION:   JOHN WAYNE AIRPORT CA
                                          MONTH:     MARCH
                                          YEAR:      2019
                                          LATITUDE:   33 40 N
                                          LONGITUDE: 117 53 W

  TEMPERATURE IN F:       :PCPN:    SNOW:  WIND      :SUNSHINE: SKY     :PK WND
================================================================================
1   2   3   4   5  6A  6B    7    8   9   10  11  12  13   14  15   16   17  18
                                     12Z  AVG MX 2MIN
DY MAX MIN AVG DEP HDD CDD  WTR  SNW DPTH SPD SPD DIR MIN PSBL S-S WX    SPD DR
================================================================================

 1  67  57  62   4   3   0 0.00  0.0    0  4.5 12 220   M    M   9 18     14 220
 2  62  56  59   1   6   0 0.23  0.0    0  7.2 20 170   M    M   9 1      27 160
 3  63  56  60   2   5   0 0.48  0.0    0  5.2 13 220   M    M   9 1      16 220
 4  63  52  58  -1   7   0 0.00  0.0    0  3.5 12 220   M    M   6        16 200
 5  64  48  56  -3   9   0 0.01    M    0  3.6 13 240   M    M   4        18 120
 6  63  57  60   1   5   0 0.44  0.0    0  6.8 18 170   M    M   9 1      26 150
 7  63  54  59   0   6   0 0.02  0.0    0  4.5 14 220   M    M   7 1      21 220
 8  59  49  54  -5  11   0 0.05    M    0  6.1 18 230   M    M   4        25 230
 9  61  49  55  -4  10   0 0.00  0.0    0  6.0 15 190   M    M   5        21 200
10  60  47  54  -5  11   0 0.00  0.0    0  4.1 14 190   M    M   6        18 200
11  68  49  59   0   6   0 0.02    M    0  3.8 15  50   M    M   7        21  70
12  66  53  60   1   5   0 0.06  0.0    0  7.3 17 220   M    M   6 8      24 210
13  64  52  58  -1   7   0 0.00  0.0    0  5.8 13 210   M    M   5        17 190
14  73  49  61   2   4   0 0.00  0.0    0 10.5 21  60   M    M   0        29 110
15  77  57  67   8   0   2 0.00  0.0    0  8.3 20  20   M    M   2        28  60
16  80  55  68   8   0   3 0.00  0.0    0  6.4 17  70   M    M   0        23  70
17  79  53  66   6   0   1 0.00  0.0    0  4.8 14 190   M    M   1        17 200
18  73  53  63   3   2   0 0.00  0.0    0  5.1 14 220   M    M   1        17 180
19  65  52  59  -1   6   0 0.00  0.0    0  7.7 20 200   M    M   7 128    24 180
================================================================================
SM 1270  998       103   6  1.31     0.0 111.2          M       97
================================================================================
AV 66.8 52.5                               5.9 FASTST   M    M   5    MAX(MPH)
                                 MISC ---->  # 21  60               # 29  110
================================================================================
NOTES:
# LAST OF SEVERAL OCCURRENCES

COLUMN 17 PEAK WIND IN M.P.H.

PRELIMINARY LOCAL CLIMATOLOGICAL DATA (WS FORM: F-6) , PAGE 2

                                          STATION:  JOHN WAYNE AIRPORT CA
                                          MONTH:    MARCH
                                          YEAR:     2019
                                          LATITUDE:   33 40 N
                                          LONGITUDE: 117 53 W

[TEMPERATURE DATA]      [PRECIPITATION DATA]       SYMBOLS USED IN COLUMN 16

AVERAGE MONTHLY: 59.7   TOTAL FOR MONTH:   1.31    1 = FOG OR MIST
DPTR FM NORMAL:   0.6   DPTR FM NORMAL:   -0.24    2 = FOG REDUCING VISIBILITY
HIGHEST:    80 ON 16    GRTST 24HR  0.48 ON  3- 3      TO 1/4 MILE OR LESS
LOWEST:     47 ON 10                               3 = THUNDER
                        SNOW, ICE PELLETS, HAIL    4 = ICE PELLETS
                        TOTAL MONTH:   0.0 INCH    5 = HAIL
                        GRTST 24HR     0.0         6 = FREEZING RAIN OR DRIZZLE
                        GRTST DEPTH:   0           7 = DUSTSTORM OR SANDSTORM:
                                                       VSBY 1/2 MILE OR LESS
                                                   8 = SMOKE OR HAZE
[NO. OF DAYS WITH]      [WEATHER - DAYS WITH]      9 = BLOWING SNOW
                                                   X = TORNADO
MAX 32 OR BELOW:   0    0.01 INCH OR MORE:   8
MAX 90 OR ABOVE:   0    0.10 INCH OR MORE:   3
MIN 32 OR BELOW:   0    0.50 INCH OR MORE:   0
MIN  0 OR BELOW:   0    1.00 INCH OR MORE:   0

[HDD (BASE 65) ]
TOTAL THIS MO.   103    CLEAR  (SCALE 0-3)   5
DPTR FM NORMAL   -16    PTCLDY (SCALE 4-7)  10
TOTAL FM JUL 1   867    CLOUDY (SCALE 8-10)  4
DPTR FM NORMAL  -158

[CDD (BASE 65) ]
TOTAL THIS MO.     6
DPTR FM NORMAL     6    [PRESSURE DATA]
TOTAL FM JAN 1     8    HIGHEST SLP M ON M
DPTR FM NORMAL     0    LOWEST  SLP 29.67 ON 11

[REMARKS]
