000
CXUS54 KMAF 191100
CF6SNK
PRELIMINARY LOCAL CLIMATOLOGICAL DATA (WS FORM: F-6)

                                          STATION:   Snyder Winston Field
                                          MONTH:     MARCH
                                          YEAR:      2019
                                          LATITUDE:   32 41 N
                                          LONGITUDE: 100 57 W

  TEMPERATURE IN F:       :PCPN:    SNOW:  WIND      :SUNSHINE: SKY     :PK WND
================================================================================
1   2   3   4   5  6A  6B    7    8   9   10  11  12  13   14  15   16   17  18
                                     12Z  AVG MX 2MIN
DY MAX MIN AVG DEP HDD CDD  WTR  SNW DPTH SPD SPD DIR MIN PSBL S-S WX    SPD DR
================================================================================

 1  75  34  55   M  10   0 0.00  0.0    0  5.7 13  40   M    M   6 12      M  M
 2  42  33  38   M  27   0 0.00  0.0    0 13.0 22  40   M    M  10 18     28  40
 3  33  22  28   M  37   0 0.00  0.0    0  7.2 17  40   M    M   8 1      24  10
 4  28  17  23   M  42   0 0.00  0.0    0 11.2 17  30   M    M   7        23  40
 5  44  17  31   M  34   0 0.00  0.0    0  3.6  9 340   M    M   0        18 340
 6  58  26  42   M  23   0 0.00  0.0    0 10.7 18 180   M    M   0        25 180
 7  70  32  51   M  14   0 0.00  0.0    0  9.9 15 200   M    M   0         M  M
 8  72  50  61   M   4   0 0.00  0.0    0  8.2 18 250   M    M   1        25 250
 9  73  48  61   M   4   0 0.00  0.0    0 16.9 32 260   M    M   2        43 260
10  55  38  47   M  18   0 0.00  0.0    0 12.9 22 360   M    M   8 3      27 360
11  48  39  44   M  21   0 0.00  0.0    0  9.4 12  60   M    M  10 123     M  M
12  66  48  57   M   8   0 0.00  0.0    0 14.8 32 150   M    M   8 123    43 150
13  65  47  56   M   9   0 0.00  0.0    0 28.5 44 240   M    M   6 38     58 240
14  56  40  48   M  17   0 0.00  0.0    0 11.7 22 260   M    M   0 8      25 260
15  53  32  43   M  22   0 0.00  0.0    0  9.8 21  30   M    M   0        25  30
16  56  36  46   M  19   0 0.00  0.0    0  5.2 10 110   M    M   5        17  80
17  63  41  52   M  13   0 0.00    M    0  2.9  8 150   M    M   2         M  M
18  64  41  53   M  12   0 0.00  0.0    0  5.1 10  80   M    M   0        17  80
================================================================================
SM 1021  641       334   0  0.00     0.0 186.7          M       73
================================================================================
AV 56.7 35.6                              10.4 FASTST   M    M   4    MAX(MPH)
                                 MISC ---->  # 44 240               # 58  240
================================================================================
NOTES:
# LAST OF SEVERAL OCCURRENCES

COLUMN 17 PEAK WIND IN M.P.H.

PRELIMINARY LOCAL CLIMATOLOGICAL DATA (WS FORM: F-6) , PAGE 2

                                          STATION:  Snyder Winston Field
                                          MONTH:    MARCH
                                          YEAR:     2019
                                          LATITUDE:   32 41 N
                                          LONGITUDE: 100 57 W

[TEMPERATURE DATA]      [PRECIPITATION DATA]       SYMBOLS USED IN COLUMN 16

AVERAGE MONTHLY: 46.2   TOTAL FOR MONTH:   0.00    1 = FOG OR MIST
DPTR FM NORMAL:     M   DPTR FM NORMAL:       M    2 = FOG REDUCING VISIBILITY
HIGHEST:    75 ON  1    GRTST 24HR  0.00 ON 18-18      TO 1/4 MILE OR LESS
LOWEST:     17 ON  5, 4                            3 = THUNDER
                        SNOW, ICE PELLETS, HAIL    4 = ICE PELLETS
                        TOTAL MONTH:   0.0 INCH    5 = HAIL
                        GRTST 24HR     0.0         6 = FREEZING RAIN OR DRIZZLE
                        GRTST DEPTH:   0           7 = DUSTSTORM OR SANDSTORM:
                                                       VSBY 1/2 MILE OR LESS
                                                   8 = SMOKE OR HAZE
[NO. OF DAYS WITH]      [WEATHER - DAYS WITH]      9 = BLOWING SNOW
                                                   X = TORNADO
MAX 32 OR BELOW:   1    0.01 INCH OR MORE:   0
MAX 90 OR ABOVE:   0    0.10 INCH OR MORE:   0
MIN 32 OR BELOW:   6    0.50 INCH OR MORE:   0
MIN  0 OR BELOW:   0    1.00 INCH OR MORE:   0

[HDD (BASE 65) ]
TOTAL THIS MO.   334    CLEAR  (SCALE 0-3)   9
DPTR FM NORMAL     M    PTCLDY (SCALE 4-7)   6
TOTAL FM JUL 1  2771    CLOUDY (SCALE 8-10)  3
DPTR FM NORMAL     M

[CDD (BASE 65) ]
TOTAL THIS MO.     0
DPTR FM NORMAL     M    [PRESSURE DATA]
TOTAL FM JAN 1     2    HIGHEST SLP M ON M
DPTR FM NORMAL     M    LOWEST  SLP M ON M

[REMARKS]
