000
CXUS54 KMAF 231100
CF6SNK
PRELIMINARY LOCAL CLIMATOLOGICAL DATA (WS FORM: F-6)

                                          STATION:   Snyder Winston Field
                                          MONTH:     MAY
                                          YEAR:      2019
                                          LATITUDE:   32 41 N
                                          LONGITUDE: 100 57 W

  TEMPERATURE IN F:       :PCPN:    SNOW:  WIND      :SUNSHINE: SKY     :PK WND
================================================================================
1   2   3   4   5  6A  6B    7    8   9   10  11  12  13   14  15   16   17  18
                                     12Z  AVG MX 2MIN
DY MAX MIN AVG DEP HDD CDD  WTR  SNW DPTH SPD SPD DIR MIN PSBL S-S WX    SPD DR
================================================================================

 1  87  61  74   M   0   9 0.00  0.0    0  7.8 17 150   M    M   4 1      22 150
 2  71  59  65   M   0   0 0.04  0.0    0 10.3 16  80   M    M   9 1      24  50
 3  73  57  65   M   0   0 0.00  0.0    0  6.8 14  90   M    M   8 13      M  M
 4  69  55  62   M   3   0 0.00  0.0    0  5.5 10 100   M    M   5         M  M
 5  81  57  69   M   0   4 0.00  0.0    0 12.1 22  90   M    M   7 3      29 330
 6  84  58  71   M   0   6 0.00  0.0    0 11.6 20 140   M    M   0        24 170
 7  78  64  71   M   0   6 0.00  0.0    0 12.6 24 170   M    M   8 1      30 170
 8  65  62  64   M   1   0 0.60  0.0    0  7.4 16 280   M    M   2 38     33 290
 9  62  50  56   M   9   0 0.00  0.0    0 15.7 24 360   M    M   8        37 360
10  50  44  47   M  18   0 0.35    M    0 12.5 18  10   M    M   9 13     27  30
11  64  47  56   M   9   0 0.07    M    0  5.3  8 360   M    M   7 13      M  M
12  75  46  61   M   4   0 0.00  0.0    0  4.2  9 260   M    M   2 12      M  M
13  80  54  67   M   0   2 0.00  0.0    0  6.8 20 250   M    M   1        28 250
14  80  53  67   M   0   2 0.00  0.0    0  5.2  9 140   M    M   1         M  M
15  85  58  72   M   0   7 0.00  0.0    0  7.1 10 150   M    M   1         M  M
16  84  62  73   M   0   8 0.00  0.0    0 11.1 16 150   M    M   2 1      24 140
17  89  67  78   M   0  13 0.00  0.0    0 15.3 27 190   M    M   4        35 190
18  83  59  71   M   0   6 0.44  0.0    0 10.5 27 170   M    M   2 3      37 170
19  80  55  68   M   0   3 0.00  0.0    0  9.6 16 100   M    M   0        18 100
20  85  57  71   M   0   6 1.77  0.0    0 14.4 27 170   M    M   6 13     36 160
21  77  51  64   M   1   0 0.00  0.0    0 15.6 29 220   M    M   3 38     36 220
22  88  54  71   M   0   6 0.00  0.0    0  9.0 18 210   M    M   2        22 210
================================================================================
SM 1690 1230        45  78  3.27     0.0 216.4          M       91
================================================================================
AV 76.8 55.9                               9.8 FASTST   M    M   4    MAX(MPH)
                                 MISC ---->  # 29 220               # 37  360
================================================================================
NOTES:
# LAST OF SEVERAL OCCURRENCES

COLUMN 17 PEAK WIND IN M.P.H.

PRELIMINARY LOCAL CLIMATOLOGICAL DATA (WS FORM: F-6) , PAGE 2

                                          STATION:  Snyder Winston Field
                                          MONTH:    MAY
                                          YEAR:     2019
                                          LATITUDE:   32 41 N
                                          LONGITUDE: 100 57 W

[TEMPERATURE DATA]      [PRECIPITATION DATA]       SYMBOLS USED IN COLUMN 16

AVERAGE MONTHLY: 66.4   TOTAL FOR MONTH:   3.27    1 = FOG OR MIST
DPTR FM NORMAL:     M   DPTR FM NORMAL:       M    2 = FOG REDUCING VISIBILITY
HIGHEST:    89 ON 17    GRTST 24HR  1.77 ON 20-20      TO 1/4 MILE OR LESS
LOWEST:     44 ON 10                               3 = THUNDER
                        SNOW, ICE PELLETS, HAIL    4 = ICE PELLETS
                        TOTAL MONTH:   0.0 INCH    5 = HAIL
                        GRTST 24HR     0.0         6 = FREEZING RAIN OR DRIZZLE
                        GRTST DEPTH:   0           7 = DUSTSTORM OR SANDSTORM:
                                                       VSBY 1/2 MILE OR LESS
                                                   8 = SMOKE OR HAZE
[NO. OF DAYS WITH]      [WEATHER - DAYS WITH]      9 = BLOWING SNOW
                                                   X = TORNADO
MAX 32 OR BELOW:   0    0.01 INCH OR MORE:   6
MAX 90 OR ABOVE:   0    0.10 INCH OR MORE:   4
MIN 32 OR BELOW:   0    0.50 INCH OR MORE:   2
MIN  0 OR BELOW:   0    1.00 INCH OR MORE:   1

[HDD (BASE 65) ]
TOTAL THIS MO.    45    CLEAR  (SCALE 0-3)  11
DPTR FM NORMAL     M    PTCLDY (SCALE 4-7)   9
TOTAL FM JUL 1  2999    CLOUDY (SCALE 8-10)  2
DPTR FM NORMAL     M

[CDD (BASE 65) ]
TOTAL THIS MO.    78
DPTR FM NORMAL     M    [PRESSURE DATA]
TOTAL FM JAN 1   165    HIGHEST SLP M ON M
DPTR FM NORMAL     M    LOWEST  SLP M ON M

[REMARKS]
