000
CXUS56 KMTR 221000
CF6SNS
PRELIMINARY LOCAL CLIMATOLOGICAL DATA (WS FORM: F-6)

                                          STATION:   SALINAS AIRPORT
                                          MONTH:     MAY
                                          YEAR:      2019
                                          LATITUDE:   36 40 N
                                          LONGITUDE: 121 36 W

  TEMPERATURE IN F:       :PCPN:    SNOW:  WIND      :SUNSHINE: SKY     :PK WND
================================================================================
1   2   3   4   5  6A  6B    7    8   9   10  11  12  13   14  15   16   17  18
                                     12Z  AVG MX 2MIN
DY MAX MIN AVG DEP HDD CDD  WTR  SNW DPTH SPD SPD DIR MIN PSBL S-S WX    SPD DR
================================================================================

 1  70  44  57  -1   8   0 0.00  0.0    0  7.4 17 320   M    M   0        21 290
 2  72  45  59   1   6   0 0.00  0.0    0  7.3 17 310   M    M   0        21 310
 3  72  46  59   1   6   0 0.00  0.0    0  6.7 17 290   M    M   1 8      21 290
 4  65  49  57  -1   8   0 0.00  0.0    0  7.9 18 310   M    M   6        24 320
 5  63  52  58   0   7   0    T  0.0    0  7.7 20 280   M    M   8        26 320
 6  65  54  60   1   5   0 0.01  0.0    0  7.7 20 310   M    M   9 18     25 300
 7  66  53  60   1   5   0 0.08  0.0    0  6.5 17 320   M    M   7 1      22 320
 8  66  55  61   2   4   0 0.00  0.0    0  7.1 17 310   M    M   9        22 320
 9  62  55  59   0   6   0 0.00  0.0    0  5.7 14 320   M    M  10 18     16 320
10  70  56  63   4   2   0    T  0.0    0  6.0 16 310   M    M   5 18     22 320
11  72  53  63   4   2   0 0.00  0.0    0  7.3 17 310   M    M   2        23 330
12  68  56  62   3   3   0 0.00  0.0    0  9.0 17 310   M    M   6        24 330
13  69  53  61   2   4   0 0.00  0.0    0  8.6 17 310   M    M   5 18     22 310
14  68  55  62   3   3   0 0.00  0.0    0  7.6 16 300   M    M   5        21 280
15  72  55  64   5   1   0 0.29  0.0    0 11.4 28 150   M    M   7 1      35 140
16  62  53  58  -1   7   0 0.17  0.0    0 10.6 22 260   M    M   7 18     28 290
17  65  50  58  -2   7   0    T  0.0    0  6.4 17 290   M    M   4        22 290
18  60  45  53  -7  12   0 0.27  0.0    0 10.5 30 140   M    M   5 1      35 140
19  64  50  57  -3   8   0 0.51  0.0    0  8.1 23 140   M    M   7 1      27 130
20  65  50  58  -2   7   0    T  0.0    0  6.8 17 290   M    M   5 1      22 310
21  63  52  58  -2   7   0 0.06  0.0    0 12.5 26 290   M    M   9 18     33 290
================================================================================
SM 1399 1081       118   0  1.39     0.0 168.8          M      117
================================================================================
AV 66.6 51.5                               8.0 FASTST   M    M   6    MAX(MPH)
                                 MISC ---->  # 30 140               # 35  140
================================================================================
NOTES:
# LAST OF SEVERAL OCCURRENCES

COLUMN 17 PEAK WIND IN M.P.H.

PRELIMINARY LOCAL CLIMATOLOGICAL DATA (WS FORM: F-6) , PAGE 2

                                          STATION:  SALINAS AIRPORT
                                          MONTH:    MAY
                                          YEAR:     2019
                                          LATITUDE:   36 40 N
                                          LONGITUDE: 121 36 W

[TEMPERATURE DATA]      [PRECIPITATION DATA]       SYMBOLS USED IN COLUMN 16

AVERAGE MONTHLY: 59.1   TOTAL FOR MONTH:   1.39    1 = FOG OR MIST
DPTR FM NORMAL:   0.0   DPTR FM NORMAL:    1.12    2 = FOG REDUCING VISIBILITY
HIGHEST:    72 ON 15,11 GRTST 24HR  0.51 ON 19-19      TO 1/4 MILE OR LESS
LOWEST:     44 ON  1                               3 = THUNDER
                        SNOW, ICE PELLETS, HAIL    4 = ICE PELLETS
                        TOTAL MONTH:   0.0 INCH    5 = HAIL
                        GRTST 24HR     0.0         6 = FREEZING RAIN OR DRIZZLE
                        GRTST DEPTH:   0           7 = DUSTSTORM OR SANDSTORM:
                                                       VSBY 1/2 MILE OR LESS
                                                   8 = SMOKE OR HAZE
[NO. OF DAYS WITH]      [WEATHER - DAYS WITH]      9 = BLOWING SNOW
                                                   X = TORNADO
MAX 32 OR BELOW:   0    0.01 INCH OR MORE:   7
MAX 90 OR ABOVE:   0    0.10 INCH OR MORE:   4
MIN 32 OR BELOW:   0    0.50 INCH OR MORE:   1
MIN  0 OR BELOW:   0    1.00 INCH OR MORE:   0

[HDD (BASE 65) ]
TOTAL THIS MO.   118    CLEAR  (SCALE 0-3)   4
DPTR FM NORMAL   -15    PTCLDY (SCALE 4-7)  13
TOTAL FM JUL 1  2195    CLOUDY (SCALE 8-10)  4
DPTR FM NORMAL  -327

[CDD (BASE 65) ]
TOTAL THIS MO.     0
DPTR FM NORMAL     0    [PRESSURE DATA]
TOTAL FM JAN 1     8    HIGHEST SLP M ON M
DPTR FM NORMAL     1    LOWEST  SLP 29.65 ON 15

[REMARKS]
