000
CXUS55 KPIH 231200
CF6SNT

PRELIMINARY LOCAL CLIMATOLOGICAL DATA (WS FORM: F-6)

                                          STATION:   STANLEY_ID
                                          MONTH:     MARCH
                                          YEAR:      2019
                                          LATITUDE:   44 10 N
                                          LONGITUDE: 114 56 W

  TEMPERATURE IN F:       :PCPN:    SNOW:  WIND      :SUNSHINE: SKY     :PK WND
================================================================================
1   2   3   4   5  6A  6B    7    8   9   10  11  12  13   14  15   16   17  18
                                     12Z  AVG MX 2MIN
DY MAX MIN AVG DEP HDD CDD  WTR  SNW DPTH SPD SPD DIR MIN PSBL S-S WX    SPD DR
================================================================================

 1  27 -10   9 -14  56   0 0.00    M    M  1.9  8 170   M    M   0         9 170
 2  30 -12   9 -14  56   0 0.00    M    M  2.8  9 100   M    M   0        10 120
 3  29 -13   8 -15  57   0 0.00    M    M  3.0  9 160   M    M   0        12 350
 4  31 -12  10 -14  55   0 0.00    M    M  3.3  9 130   M    M   0        14 130
 5  36  -4  16  -8  49   0 0.00    M    M  2.6 12 150   M    M   0        16 160
 6  42  25  34  10  31   0 0.19    M    M  5.8 17 150   M    M   0        26 150
 7  35  23  29   4  36   0 0.34    M    M  5.3 15 170   M    M   0        23 180
 8  32   7  20  -5  45   0 0.00    M    M  3.4 10 310   M    M   0         M  M
 9  29 -10  10 -15  55   0 0.00    M    M  2.2  7 130   M    M   0         M  M
10  34 -10  12 -14  53   0 0.00    M    M  3.7  9  90   M    M   0        11 130
11  37 -18  10 -16  55   0 0.00    M    M  1.6  8 190   M    M   0         9 110
12  39 -12  14 -12  51   0 0.03    M    M  2.6 12 350   M    M   0        16 340
13  28   3  16 -10  49   0 0.00    M    M  6.8 12 340   M    M   0        21 340
14  36 -13  12 -15  53   0 0.00    M    M  2.1  8  90   M    M   0         9  80
15  43  -4  20  -7  45   0 0.00    M    M  1.8  8 110   M    M   0        10 100
16  45  -1  22  -5  43   0 0.00    M    M  2.1  8 180   M    M   0         9 180
17  47   3  25  -2  40   0 0.00    M    M  1.2  7 160   M    M   0         8 160
18  47   1  24  -4  41   0 0.00    M    M  1.6  7 180   M    M   0         9  10
19  51   2  27  -1  38   0 0.00    M    M  2.2  8 170   M    M   0        10 130
20  52   4  28   0  37   0 0.00    M    M  3.7 16 190   M    M   0        23 190
21  52   8  30   2  35   0 0.00    M    M  2.3 10  70   M    M   0        16  90
22  48  23  36   8  29   0 0.00    M    M  2.2 13 320   M    M   0        21 320
================================================================================
SM  850  -20      1009   0  0.56    M     64.2          M        0
================================================================================
AV 38.6 -0.9                               2.9 FASTST   M    M   0    MAX(MPH)
                                 MISC ---->  # 17 150               # 26  150
================================================================================
NOTES:
# LAST OF SEVERAL OCCURRENCES
PRECIPITATION SUSPECT DURING FREEZING/FROZEN EVENTS

COLUMN 17 PEAK WIND IN M.P.H.

PRELIMINARY LOCAL CLIMATOLOGICAL DATA (WS FORM: F-6) , PAGE 2

                                          STATION:  STANLEY_ID
                                          MONTH:    MARCH
                                          YEAR:     2019
                                          LATITUDE:   44 10 N
                                          LONGITUDE: 114 56 W

[TEMPERATURE DATA]      [PRECIPITATION DATA]       SYMBOLS USED IN COLUMN 16

AVERAGE MONTHLY: 18.9   TOTAL FOR MONTH:   0.56    1 = FOG OR MIST
DPTR FM NORMAL:  -7.0   DPTR FM NORMAL:   -0.66    2 = FOG REDUCING VISIBILITY
HIGHEST:    52 ON 21,20 GRTST 24HR  0.34 ON  7- 7      TO 1/4 MILE OR LESS
LOWEST:    -18 ON 11                               3 = THUNDER
                        SNOW, ICE PELLETS, HAIL    4 = ICE PELLETS
                        TOTAL MONTH:    M          5 = HAIL
                        GRTST 24HR    M  ON   M    6 = FREEZING RAIN OR DRIZZLE
                        GRTST DEPTH:  M  ON   M    7 = DUSTSTORM OR SANDSTORM:
                                                       VSBY 1/2 MILE OR LESS
                                                   8 = SMOKE OR HAZE
[NO. OF DAYS WITH]      [WEATHER - DAYS WITH]      9 = BLOWING SNOW
                                                   X = TORNADO
MAX 32 OR BELOW:   7    0.01 INCH OR MORE:   3
MAX 90 OR ABOVE:   0    0.10 INCH OR MORE:   2
MIN 32 OR BELOW:  22    0.50 INCH OR MORE:   0
MIN  0 OR BELOW:  12    1.00 INCH OR MORE:   0

[HDD (BASE 65) ]
TOTAL THIS MO.  1009    CLEAR  (SCALE 0-3)  22
DPTR FM NORMAL   147    PTCLDY (SCALE 4-7)   0
TOTAL FM JUL 1  8173    CLOUDY (SCALE 8-10)  0
DPTR FM NORMAL  -223

[CDD (BASE 65) ]
TOTAL THIS MO.     0
DPTR FM NORMAL     0    [PRESSURE DATA]
TOTAL FM JAN 1     0    HIGHEST SLP M ON M
DPTR FM NORMAL     0    LOWEST  SLP 29.57 ON 12

[REMARKS]
