000
CXUS55 KPIH 201200
CF6SNT

PRELIMINARY LOCAL CLIMATOLOGICAL DATA (WS FORM: F-6)

                                          STATION:   STANLEY_ID
                                          MONTH:     MAY
                                          YEAR:      2019
                                          LATITUDE:   44 10 N
                                          LONGITUDE: 114 56 W

  TEMPERATURE IN F:       :PCPN:    SNOW:  WIND      :SUNSHINE: SKY     :PK WND
================================================================================
1   2   3   4   5  6A  6B    7    8   9   10  11  12  13   14  15   16   17  18
                                     12Z  AVG MX 2MIN
DY MAX MIN AVG DEP HDD CDD  WTR  SNW DPTH SPD SPD DIR MIN PSBL S-S WX    SPD DR
================================================================================

 1  46  14  30  -8  35   0 0.00    M    M  3.4 15 270   M    M   0        39 310
 2  51  21  36  -3  29   0 0.00    M    M  5.2 17 250   M    M   0        23 220
 3  58  20  39   0  26   0 0.00    M    M  3.8 12 340   M    M   0        17 350
 4  63  25  44   4  21   0 0.00    M    M  3.6 13 180   M    M   0        19 300
 5  64  27  46   6  19   0 0.00    M    M  3.4 13 350   M    M   0        17 350
 6  66  26  46   6  19   0 0.00    M    M  4.6 12 270   M    M   0        18 320
 7  61  29  45   5  20   0 0.00    M    M  5.4 20 340   M    M   0        28 300
 8  59  27  43   2  22   0 0.00    M    M  4.8 15  50   M    M   0        22  70
 9  55  24  40  -1  25   0 0.00    M    M  4.5 17 350   M    M   0        27 340
10  63  20  42   0  23   0 0.00    M    M  3.2 14 250   M    M   0        20 330
11  69  24  47   5  18   0 0.00    M    M  5.0 14 330   M    M   0        21 310
12  73  27  50   8  15   0 0.00    M    M  5.1 15 340   M    M   0        23 320
13  73  28  51   9  14   0 0.00    M    M  3.4 18 320   M    M   0        32 260
14  73  32  53  10  12   0 0.00    M    M  3.5 17 300   M    M   0        30 220
15  62  38  50   7  15   0 0.02    M    M  4.5 20 150   M    M   0        33 150
16  64  33  49   6  16   0 0.08    M    M  6.6 23 160   M    M   0        37 160
17  47  36  42  -2  23   0 0.10    M    M  5.3 13 340   M    M   0        21 340
18  53  35  44   0  21   0 0.06    M    M  2.5  9 160   M    M   0        14 150
19  52  31  42  -2  23   0 0.15    M    M  2.3 17 160   M    M   0        27 160
================================================================================
SM 1152  517       396   0  0.41    M     80.1          M        0
================================================================================
AV 60.6 27.2                               4.2 FASTST   M    M   0    MAX(MPH)
                                 MISC ---->  # 23 160               # 39  310
================================================================================
NOTES:
# LAST OF SEVERAL OCCURRENCES
PRECIPITATION SUSPECT DURING FREEZING/FROZEN EVENTS

COLUMN 17 PEAK WIND IN M.P.H.

PRELIMINARY LOCAL CLIMATOLOGICAL DATA (WS FORM: F-6) , PAGE 2

                                          STATION:  STANLEY_ID
                                          MONTH:    MAY
                                          YEAR:     2019
                                          LATITUDE:   44 10 N
                                          LONGITUDE: 114 56 W

[TEMPERATURE DATA]      [PRECIPITATION DATA]       SYMBOLS USED IN COLUMN 16

AVERAGE MONTHLY: 43.9   TOTAL FOR MONTH:   0.41    1 = FOG OR MIST
DPTR FM NORMAL:   2.5   DPTR FM NORMAL:   -0.66    2 = FOG REDUCING VISIBILITY
HIGHEST:    73 ON 14,13 GRTST 24HR  0.15 ON 19-19      TO 1/4 MILE OR LESS
LOWEST:     14 ON  1                               3 = THUNDER
                        SNOW, ICE PELLETS, HAIL    4 = ICE PELLETS
                        TOTAL MONTH:    M          5 = HAIL
                        GRTST 24HR    M  ON   M    6 = FREEZING RAIN OR DRIZZLE
                        GRTST DEPTH:  M  ON   M    7 = DUSTSTORM OR SANDSTORM:
                                                       VSBY 1/2 MILE OR LESS
                                                   8 = SMOKE OR HAZE
[NO. OF DAYS WITH]      [WEATHER - DAYS WITH]      9 = BLOWING SNOW
                                                   X = TORNADO
MAX 32 OR BELOW:   0    0.01 INCH OR MORE:   5
MAX 90 OR ABOVE:   0    0.10 INCH OR MORE:   2
MIN 32 OR BELOW:  15    0.50 INCH OR MORE:   0
MIN  0 OR BELOW:   0    1.00 INCH OR MORE:   0

[HDD (BASE 65) ]
TOTAL THIS MO.   396    CLEAR  (SCALE 0-3)  19
DPTR FM NORMAL   -53    PTCLDY (SCALE 4-7)   0
TOTAL FM JUL 1  9697    CLOUDY (SCALE 8-10)  0
DPTR FM NORMAL  -412

[CDD (BASE 65) ]
TOTAL THIS MO.     0
DPTR FM NORMAL     0    [PRESSURE DATA]
TOTAL FM JAN 1     0    HIGHEST SLP M ON M
DPTR FM NORMAL     0    LOWEST  SLP 29.41 ON 16

[REMARKS]
