000
CXUS55 KCYS 201000
CF6SNY
PRELIMINARY LOCAL CLIMATOLOGICAL DATA (WS FORM: F-6)

                                          STATION:   SIDNEY NEBRASKA AIRPORT
                                          MONTH:     MAY
                                          YEAR:      2019
                                          LATITUDE:   41  5 N
                                          LONGITUDE: 102 59 W

  TEMPERATURE IN F:       :PCPN:    SNOW:  WIND      :SUNSHINE: SKY     :PK WND
================================================================================
1   2   3   4   5  6A  6B    7    8   9   10  11  12  13   14  15   16   17  18
                                     12Z  AVG MX 2MIN
DY MAX MIN AVG DEP HDD CDD  WTR  SNW DPTH SPD SPD DIR MIN PSBL S-S WX    SPD DR
================================================================================

 1  49  21  35 -18  30   0 0.06    M    M  9.4 26 340   M    M   8 12     32 350
 2  63  21  42 -11  23   0 0.06    M    M 12.9 30 180   M    M   1 3      33 180
 3  64  36  50  -4  15   0 0.00    M    M  8.7 17 330   M    M   3        23 320
 4  74  30  52  -2  13   0 0.00    M    M  7.9 20 270   M    M   1        25 270
 5  72  37  55   1  10   0 0.00    M    M  9.1 20 110   M    M   1        27  90
 6  56  41  49  -6  16   0    T    M    M 12.6 20  80   M    M   9 12     23  80
 7  44  39  42 -13  23   0 0.23    M    M 11.7 23 130   M    M  10 12     27 120
 8  43  36  40 -15  25   0 0.05    M    M 19.1 31 360   M    M  10 1      37 360
 9  45  28  37 -19  28   0    T    M    M  6.6 21  20   M    M   7 1      26  20
10  57  24  41 -15  24   0 0.00    M    M 10.7 23 180   M    M   3 12     27 190
11  57  30  44 -12  21   0    T    M    M 14.1 32 360   M    M   3        39 330
12  68  31  50  -6  15   0 0.00    M    M 11.0 21 340   M    M   0        26 360
13  80  37  59   2   6   0 0.00    M    M  9.6 31 300   M    M   0        40 310
14  82  40  61   4   4   0 0.00    M    M  7.9 25 240   M    M   0 3      33 240
15  83  43  63   6   2   0 0.00    M    M  8.7 21 320   M    M   0        25 350
16  83  47  65   7   0   0    T    M    M 11.3 29 190   M    M   0 3      37 200
17  67  38  53  -5  12   0 0.12    M    M 14.0 45 330   M    M   7 138    54 330
18  62  31  47 -11  18   0 0.00    M    M 14.4 28 350   M    M   3        33 340
19  54  32  43 -15  22   0 0.00    M    M 15.0 25 340   M    M   5        29 340
================================================================================
SM 1203  642       307   0  0.52    M    214.7          M       71
================================================================================
AV 63.3 33.8                              11.3 FASTST   M    M   4    MAX(MPH)
                                 MISC ---->  # 45 330               # 54  330
================================================================================
NOTES:
# LAST OF SEVERAL OCCURRENCES

COLUMN 17 PEAK WIND IN M.P.H.

PRELIMINARY LOCAL CLIMATOLOGICAL DATA (WS FORM: F-6) , PAGE 2

                                          STATION:  SIDNEY NEBRASKA AIRPORT
                                          MONTH:    MAY
                                          YEAR:     2019
                                          LATITUDE:   41  5 N
                                          LONGITUDE: 102 59 W

[TEMPERATURE DATA]      [PRECIPITATION DATA]       SYMBOLS USED IN COLUMN 16

AVERAGE MONTHLY: 48.6   TOTAL FOR MONTH:   0.52    1 = FOG OR MIST
DPTR FM NORMAL:  -7.2   DPTR FM NORMAL:   -1.30    2 = FOG REDUCING VISIBILITY
HIGHEST:    83 ON 16,15 GRTST 24HR  0.23 ON  7- 7      TO 1/4 MILE OR LESS
LOWEST:     21 ON  2, 1                            3 = THUNDER
                        SNOW, ICE PELLETS, HAIL    4 = ICE PELLETS
                        TOTAL MONTH:    M          5 = HAIL
                        GRTST 24HR    M  ON   M    6 = FREEZING RAIN OR DRIZZLE
                        GRTST DEPTH:  M  ON   M    7 = DUSTSTORM OR SANDSTORM:
                                                       VSBY 1/2 MILE OR LESS
                                                   8 = SMOKE OR HAZE
[NO. OF DAYS WITH]      [WEATHER - DAYS WITH]      9 = BLOWING SNOW
                                                   X = TORNADO
MAX 32 OR BELOW:   0    0.01 INCH OR MORE:   5
MAX 90 OR ABOVE:   0    0.10 INCH OR MORE:   2
MIN 32 OR BELOW:   9    0.50 INCH OR MORE:   0
MIN  0 OR BELOW:   0    1.00 INCH OR MORE:   0

[HDD (BASE 65) ]
TOTAL THIS MO.   307    CLEAR  (SCALE 0-3)  11
DPTR FM NORMAL   124    PTCLDY (SCALE 4-7)   5
TOTAL FM JUL 1  6898    CLOUDY (SCALE 8-10)  3
DPTR FM NORMAL   803

[CDD (BASE 65) ]
TOTAL THIS MO.     0
DPTR FM NORMAL   -10    [PRESSURE DATA]
TOTAL FM JAN 1     0    HIGHEST SLP M ON M
DPTR FM NORMAL   -11    LOWEST  SLP 29.42 ON 17

[REMARKS]
