000
CXUS55 KCYS 201000
CF6SNY
PRELIMINARY LOCAL CLIMATOLOGICAL DATA (WS FORM: F-6)

                                          STATION:   SIDNEY NEBRASKA AIRPORT
                                          MONTH:     MARCH
                                          YEAR:      2019
                                          LATITUDE:   41  5 N
                                          LONGITUDE: 102 59 W

  TEMPERATURE IN F:       :PCPN:    SNOW:  WIND      :SUNSHINE: SKY     :PK WND
================================================================================
1   2   3   4   5  6A  6B    7    8   9   10  11  12  13   14  15   16   17  18
                                     12Z  AVG MX 2MIN
DY MAX MIN AVG DEP HDD CDD  WTR  SNW DPTH SPD SPD DIR MIN PSBL S-S WX    SPD DR
================================================================================

 1  41  20  31  -4  34   0 0.01    M    M 15.7 32 340   M    M   3 1      38 350
 2  21  -2  10 -26  55   0 0.04    M    M 14.7 24  50   M    M  10 1      29  50
 3   4 -19  -7 -43  72   0 0.01    M    M  8.3 14 290   M    M   3 18     16 350
 4  15 -18  -1 -37  66   0 0.00    M    M 13.9 22 300   M    M   0        25 310
 5  27  -5  11 -25  54   0 0.00    M    M 10.4 20 300   M    M   0        23 300
 6  30  13  22 -15  43   0 0.06    M    M  8.9 18  90   M    M   8 16     22  90
 7  33  18  26 -11  39   0 0.00    M    M  9.7 14 220   M    M   7 12     17 160
 8  50  17  34  -3  31   0    T    M    M 11.0 28 150   M    M   2 1268   35 150
 9  36  20  28 -10  37   0    T    M    M 21.9 46 330   M    M   2 1      55 320
10  50  22  36  -2  29   0 0.00    M    M 11.6 24 200   M    M   3        32 180
11  52  22  37  -1  28   0 0.00    M    M  6.5 21 160   M    M   0 1      27 140
12   M   M   M   M   M   M 0.00    M    M  6.1 10  70   M    M   4 12      M  M
13  58  26  42   4  23   0 0.30    M    M 29.2 56 350   M    M   7 129    79  60
14  32  19  26 -13  39   0    T    M    M 31.1 48 330   M    M   2 18     62 330
15  41  17  29 -10  36   0 0.00    M    M 11.5 18 300   M    M   0        22 310
16  46  22  34  -5  31   0 0.00    M    M  6.9 13 360   M    M   0        16 360
17  48  22  35  -4  30   0 0.00    M    M  9.9 21 360   M    M   0        25  10
18  47  24  36  -4  29   0 0.00    M    M  9.4 21 170   M    M   3        26 170
19  45  21  33  -7  32   0    T    M    M 13.6 32 340   M    M   3        39 340
================================================================================
SM  676  239       708   0  0.42    M    250.3          M       57
================================================================================
AV 37.6 13.3                              13.2 FASTST   M    M   3    MAX(MPH)
                                 MISC ---->  # 56 350               # 79   60
================================================================================
NOTES:
# LAST OF SEVERAL OCCURRENCES

COLUMN 17 PEAK WIND IN M.P.H.

PRELIMINARY LOCAL CLIMATOLOGICAL DATA (WS FORM: F-6) , PAGE 2

                                          STATION:  SIDNEY NEBRASKA AIRPORT
                                          MONTH:    MARCH
                                          YEAR:     2019
                                          LATITUDE:   41  5 N
                                          LONGITUDE: 102 59 W

[TEMPERATURE DATA]      [PRECIPITATION DATA]       SYMBOLS USED IN COLUMN 16

AVERAGE MONTHLY: 25.4   TOTAL FOR MONTH:   0.42    1 = FOG OR MIST
DPTR FM NORMAL: -12.3   DPTR FM NORMAL:   -0.14    2 = FOG REDUCING VISIBILITY
HIGHEST:    58 ON 13    GRTST 24HR  0.30 ON 13-13      TO 1/4 MILE OR LESS
LOWEST:    -19 ON  3                               3 = THUNDER
                        SNOW, ICE PELLETS, HAIL    4 = ICE PELLETS
                        TOTAL MONTH:    M          5 = HAIL
                        GRTST 24HR    M  ON   M    6 = FREEZING RAIN OR DRIZZLE
                        GRTST DEPTH:  M  ON   M    7 = DUSTSTORM OR SANDSTORM:
                                                       VSBY 1/2 MILE OR LESS
                                                   8 = SMOKE OR HAZE
[NO. OF DAYS WITH]      [WEATHER - DAYS WITH]      9 = BLOWING SNOW
                                                   X = TORNADO
MAX 32 OR BELOW:   6    0.01 INCH OR MORE:   5
MAX 90 OR ABOVE:   0    0.10 INCH OR MORE:   1
MIN 32 OR BELOW:  18    0.50 INCH OR MORE:   0
MIN  0 OR BELOW:   4    1.00 INCH OR MORE:   0

[HDD (BASE 65) ]
TOTAL THIS MO.   708    CLEAR  (SCALE 0-3)  13
DPTR FM NORMAL   189    PTCLDY (SCALE 4-7)   4
TOTAL FM JUL 1  5762    CLOUDY (SCALE 8-10)  2
DPTR FM NORMAL   661

[CDD (BASE 65) ]
TOTAL THIS MO.     0
DPTR FM NORMAL     0    [PRESSURE DATA]
TOTAL FM JAN 1     0    HIGHEST SLP M ON M
DPTR FM NORMAL     0    LOWEST  SLP 29.09 ON 13

[REMARKS]
