000
CXUS56 KPQR 231200
CF6SPB
PRELIMINARY LOCAL CLIMATOLOGICAL DATA (WS FORM: F-6)

                                          STATION:   SCAPPOOSE OR
                                          MONTH:     MARCH
                                          YEAR:      2019
                                          LATITUDE:   45 46 N
                                          LONGITUDE: 122 50 W

  TEMPERATURE IN F:       :PCPN:    SNOW:  WIND      :SUNSHINE: SKY     :PK WND
================================================================================
1   2   3   4   5  6A  6B    7    8   9   10  11  12  13   14  15   16   17  18
                                     12Z  AVG MX 2MIN
DY MAX MIN AVG DEP HDD CDD  WTR  SNW DPTH SPD SPD DIR MIN PSBL S-S WX    SPD DR
================================================================================

 1  54  31  43  -1  22   0 0.02    M    M  1.6  7 170   M    M   5 1       9 180
 2  53  26  40  -4  25   0 0.00    M    M  3.5 17  70   M    M   0 18     23  50
 3  48  26  37  -7  28   0 0.00    M    M  6.5 16  80   M    M   0        20  90
 4  47  23  35 -10  30   0 0.00    M    M  4.8 13 150   M    M   0        16 150
 5  49  22  36  -9  29   0 0.00    M    M  3.4  9 170   M    M   0        13 160
 6  40  28  34 -11  31   0 0.08    M    M  1.7  9 170   M    M   8 1      12 160
 7  50  32  41  -4  24   0 0.01    M    M  5.5 14 220   M    M   8 1      17 220
 8  45  34  40  -5  25   0 0.10    M    M  2.6 15 310   M    M   9 1      19 310
 9  52  31  42  -4  23   0 0.00    M    M  3.4 15  80   M    M   6 18     17  80
10  57  27  42  -4  23   0 0.00    M    M  2.6 12 150   M    M   0        14 150
11  57  27  42  -4  23   0 0.11    M    M  4.2 20 230   M    M   4        24 220
12  51  36  44  -2  21   0 0.28    M    M  4.1 18 310   M    M   6 1      26 300
13  55  34  45  -1  20   0 0.02    M    M  2.8 16 350   M    M   7 1      22 360
14  58  34  46   0  19   0 0.00    M    M  1.3  8 150   M    M   4        12 160
15  65  35  50   4  15   0 0.00    M    M  2.1  6 250   M    M   1         8 160
16  64  35  50   4  15   0 0.00    M    M  1.2  7 110   M    M   0         8 120
17  74  34  54   7  11   0 0.00    M    M  2.4 15  90   M    M   0 1      18  90
18  73  35  54   7  11   0 0.00    M    M  7.0 23 100   M    M   0        29 100
19  76  38  57  10   8   0 0.00    M    M  5.8 21 130   M    M   0        28 130
20  77  39  58  11   7   0 0.00    M    M  5.1 20  90   M    M   0        24 120
21  61  42  52   5  13   0    T    M    M  3.1  9 150   M    M   6        11 150
22  56  42  49   2  16   0 0.02    M    M  3.4 13 140   M    M   8 18     16 150
================================================================================
SM 1262  711       439   0  0.64    M     78.1          M       72
================================================================================
AV 57.4 32.3                               3.5 FASTST   M    M   3    MAX(MPH)
                                 MISC ---->  # 23 100               # 29  100
================================================================================
NOTES:
# LAST OF SEVERAL OCCURRENCES

COLUMN 17 PEAK WIND IN M.P.H.

PRELIMINARY LOCAL CLIMATOLOGICAL DATA (WS FORM: F-6) , PAGE 2

                                          STATION:  SCAPPOOSE OR
                                          MONTH:    MARCH
                                          YEAR:     2019
                                          LATITUDE:   45 46 N
                                          LONGITUDE: 122 50 W

[TEMPERATURE DATA]      [PRECIPITATION DATA]       SYMBOLS USED IN COLUMN 16

AVERAGE MONTHLY: 44.8   TOTAL FOR MONTH:   0.64    1 = FOG OR MIST
DPTR FM NORMAL:  -0.9   DPTR FM NORMAL:   -2.30    2 = FOG REDUCING VISIBILITY
HIGHEST:    77 ON 20    GRTST 24HR  0.28 ON 12-12      TO 1/4 MILE OR LESS
LOWEST:     22 ON  5                               3 = THUNDER
                        SNOW, ICE PELLETS, HAIL    4 = ICE PELLETS
                        TOTAL MONTH:    M          5 = HAIL
                        GRTST 24HR    M  ON   M    6 = FREEZING RAIN OR DRIZZLE
                        GRTST DEPTH:  M  ON   M    7 = DUSTSTORM OR SANDSTORM:
                                                       VSBY 1/2 MILE OR LESS
                                                   8 = SMOKE OR HAZE
[NO. OF DAYS WITH]      [WEATHER - DAYS WITH]      9 = BLOWING SNOW
                                                   X = TORNADO
MAX 32 OR BELOW:   0    0.01 INCH OR MORE:   8
MAX 90 OR ABOVE:   0    0.10 INCH OR MORE:   3
MIN 32 OR BELOW:  10    0.50 INCH OR MORE:   0
MIN  0 OR BELOW:   0    1.00 INCH OR MORE:   0

[HDD (BASE 65) ]
TOTAL THIS MO.   439    CLEAR  (SCALE 0-3)  11
DPTR FM NORMAL    16    PTCLDY (SCALE 4-7)   9
TOTAL FM JUL 1  3590    CLOUDY (SCALE 8-10)  2
DPTR FM NORMAL  -290

[CDD (BASE 65) ]
TOTAL THIS MO.     0
DPTR FM NORMAL     0    [PRESSURE DATA]
TOTAL FM JAN 1     0    HIGHEST SLP M ON M
DPTR FM NORMAL     0    LOWEST  SLP 29.61 ON  6

[REMARKS]
