279
CXUS56 KPQR 221200
CF6SPB
PRELIMINARY LOCAL CLIMATOLOGICAL DATA (WS FORM: F-6)

                                          STATION:   SCAPPOOSE OR
                                          MONTH:     MAY
                                          YEAR:      2019
                                          LATITUDE:   45 46 N
                                          LONGITUDE: 122 50 W

  TEMPERATURE IN F:       :PCPN:    SNOW:  WIND      :SUNSHINE: SKY     :PK WND
================================================================================
1   2   3   4   5  6A  6B    7    8   9   10  11  12  13   14  15   16   17  18
                                     12Z  AVG MX 2MIN
DY MAX MIN AVG DEP HDD CDD  WTR  SNW DPTH SPD SPD DIR MIN PSBL S-S WX    SPD DR
================================================================================

 1  68  36  52  -1  13   0 0.00    M    M  4.2 17  70   M    M   0        23 330
 2  65  40  53   0  12   0 0.00    M    M  4.1 13 140   M    M   4        17 350
 3  71  47  59   6   6   0 0.00    M    M  5.5 15 360   M    M   3        20  10
 4  76  47  62   9   3   0 0.00    M    M  6.9 15  10   M    M   0        21  20
 5  77  45  61   7   4   0 0.00    M    M  6.5 17  10   M    M   0        23 360
 6  83  47  65  11   0   0 0.00    M    M  5.8 15 360   M    M   0        19 330
 7  81  47  64  10   1   0 0.00    M    M  4.7 15  10   M    M   0        21 320
 8  80  45  63   9   2   0 0.00    M    M  6.5 15  20   M    M   1        19  30
 9  87  50  69  15   0   4 0.00    M    M  3.0 10 340   M    M   0        15 340
10  89  46  68  13   0   3 0.00    M    M  2.6  7 330   M    M   0        11 290
11  85  50  68  13   0   3 0.00    M    M  6.0 17  10   M    M   0        21 350
12  74  46  60   5   5   0 0.00    M    M  4.3 13 360   M    M   2        16 360
13  73  44  59   4   6   0 0.00    M    M  3.6 10  10   M    M   1        13 150
14  64  50  57   1   8   0 0.18    M    M  3.9 14 140   M    M   8 18     18 140
15  67  48  58   2   7   0 0.10    M    M  2.9 10 350   M    M   8 1      14 340
16  62  53  58   2   7   0 0.05    M    M  3.4 13 220   M    M   8 1      18 250
17  65  52  59   3   6   0    T    M    M  5.3 16 220   M    M  10        22 210
18  73  53  63   7   2   0 0.44    M    M  4.0 28 240   M    M   8 1      39 240
19  67  53  60   3   5   0 0.42    M    M  4.2 12 300   M    M  10 1      18 290
20  64  52  58   1   7   0 0.02    M    M  3.9 14 230   M    M   8        20 230
21  67  50  59   2   6   0    T    M    M  4.2 15 360   M    M   7        21 330
================================================================================
SM 1538 1001       100  10  1.21    M     95.5          M       78
================================================================================
AV 73.2 47.7                               4.5 FASTST   M    M   4    MAX(MPH)
                                 MISC ---->  # 28 240               # 39  240
================================================================================
NOTES:
# LAST OF SEVERAL OCCURRENCES

COLUMN 17 PEAK WIND IN M.P.H.

PRELIMINARY LOCAL CLIMATOLOGICAL DATA (WS FORM: F-6) , PAGE 2

                                          STATION:  SCAPPOOSE OR
                                          MONTH:    MAY
                                          YEAR:     2019
                                          LATITUDE:   45 46 N
                                          LONGITUDE: 122 50 W

[TEMPERATURE DATA]      [PRECIPITATION DATA]       SYMBOLS USED IN COLUMN 16

AVERAGE MONTHLY: 60.5   TOTAL FOR MONTH:   1.21    1 = FOG OR MIST
DPTR FM NORMAL:   5.5   DPTR FM NORMAL:   -0.76    2 = FOG REDUCING VISIBILITY
HIGHEST:    89 ON 10    GRTST 24HR  0.44 ON 18-18      TO 1/4 MILE OR LESS
LOWEST:     36 ON  1                               3 = THUNDER
                        SNOW, ICE PELLETS, HAIL    4 = ICE PELLETS
                        TOTAL MONTH:    M          5 = HAIL
                        GRTST 24HR    M  ON   M    6 = FREEZING RAIN OR DRIZZLE
                        GRTST DEPTH:  M  ON   M    7 = DUSTSTORM OR SANDSTORM:
                                                       VSBY 1/2 MILE OR LESS
                                                   8 = SMOKE OR HAZE
[NO. OF DAYS WITH]      [WEATHER - DAYS WITH]      9 = BLOWING SNOW
                                                   X = TORNADO
MAX 32 OR BELOW:   0    0.01 INCH OR MORE:   6
MAX 90 OR ABOVE:   0    0.10 INCH OR MORE:   4
MIN 32 OR BELOW:   0    0.50 INCH OR MORE:   0
MIN  0 OR BELOW:   0    1.00 INCH OR MORE:   0

[HDD (BASE 65) ]
TOTAL THIS MO.   100    CLEAR  (SCALE 0-3)  12
DPTR FM NORMAL  -115    PTCLDY (SCALE 4-7)   6
TOTAL FM JUL 1  4149    CLOUDY (SCALE 8-10)  3
DPTR FM NORMAL  -554

[CDD (BASE 65) ]
TOTAL THIS MO.    10
DPTR FM NORMAL    10    [PRESSURE DATA]
TOTAL FM JAN 1    10    HIGHEST SLP  0.00 ON 17
DPTR FM NORMAL    10    LOWEST  SLP 29.49 ON 16

[REMARKS]
