308
CXUS55 KPUB 191059
CF6SPD
PRELIMINARY LOCAL CLIMATOLOGICAL DATA (WS FORM: F-6)

                                          STATION:   SPRINGFIELD CO
                                          MONTH:     MAY
                                          YEAR:      2019
                                          LATITUDE:   37 16 N
                                          LONGITUDE: 102 37 W

  TEMPERATURE IN F:       :PCPN:    SNOW:  WIND      :SUNSHINE: SKY     :PK WND
================================================================================
1   2   3   4   5  6A  6B    7    8   9   10  11  12  13   14  15   16   17  18
                                     12Z  AVG MX 2MIN
DY MAX MIN AVG DEP HDD CDD  WTR  SNW DPTH SPD SPD DIR MIN PSBL S-S WX    SPD DR
================================================================================

 1  76  39  58   2   7   0 0.12  0.0    0 17.7 36  20   M    M   0        47  30
 2  58  38  48  -9  17   0 0.00  0.0    0 12.3 23 170   M    M   0        30 170
 3  70  47  59   2   6   0 0.00  0.0    0 11.5 24 330   M    M   0        32 310
 4  73  44  59   2   6   0 0.19  0.0    0 13.5 23 130   M    M   0        31 190
 5  80  47  64   6   1   0 0.00  0.0    0  9.4 20 190   M    M   0        29 240
 6  76  48  62   4   3   0 0.08  0.0    0 10.4 53 330   M    M   0        67 330
 7  63  46  55  -3  10   0 0.39  0.0    0 10.2 20 120   M    M   0        25 120
 8  55  38  47 -12  18   0 0.31  0.0    0 15.0 26  10   M    M   0        35  10
 9  41  32  37 -22  28   0 0.14  0.0    0 11.5 23 360   M    M   0        29 360
10  47  32  40 -19  25   0 0.02  0.0    0 10.1 18 180   M    M   0        24 200
11  67  39  53  -7  12   0 0.00  0.0    0 10.6 24  30   M    M   0        31 350
12  72  36  54  -6  11   0 0.00  0.0    0  8.9 26 340   M    M   0        35 360
13  81  42  62   2   3   0 0.00  0.0    0  7.8 15 180   M    M   0        21 320
14  83  48  66   5   0   1 0.00  0.0    0  8.3 21 170   M    M   0        27 170
15  85  47  66   5   0   1 0.00  0.0    0  9.6 35 220   M    M   0        45 230
16  90  59  75  14   0  10 0.00  0.0    0 15.8 26 200   M    M   0        40 220
17  83  50  67   5   0   2 0.00  0.0    0 17.0 36 200   M    M   0        50 200
18  68  33  51 -11  14   0 0.00  0.0    0  8.9 33 300   M    M   0        46 280
================================================================================
SM 1268  765       161  14  1.25     0.0 208.5          M        0
================================================================================
AV 70.4 42.5                              11.6 FASTST   M    M   0    MAX(MPH)
                                 MISC ---->  # 53 330               # 67  330
================================================================================
NOTES:
# LAST OF SEVERAL OCCURRENCES

COLUMN 17 PEAK WIND IN M.P.H.

PRELIMINARY LOCAL CLIMATOLOGICAL DATA (WS FORM: F-6) , PAGE 2

                                          STATION:  SPRINGFIELD CO
                                          MONTH:    MAY
                                          YEAR:     2019
                                          LATITUDE:   37 16 N
                                          LONGITUDE: 102 37 W

[TEMPERATURE DATA]      [PRECIPITATION DATA]       SYMBOLS USED IN COLUMN 16

AVERAGE MONTHLY: 56.5   TOTAL FOR MONTH:   1.25    1 = FOG OR MIST
DPTR FM NORMAL:  -2.7   DPTR FM NORMAL:    0.12    2 = FOG REDUCING VISIBILITY
HIGHEST:    90 ON 16    GRTST 24HR  0.39 ON  7- 7      TO 1/4 MILE OR LESS
LOWEST:     32 ON 10, 9                            3 = THUNDER
                        SNOW, ICE PELLETS, HAIL    4 = ICE PELLETS
                        TOTAL MONTH:   0.0 INCH    5 = HAIL
                        GRTST 24HR     0.0         6 = FREEZING RAIN OR DRIZZLE
                        GRTST DEPTH:   0           7 = DUSTSTORM OR SANDSTORM:
                                                       VSBY 1/2 MILE OR LESS
                                                   8 = SMOKE OR HAZE
[NO. OF DAYS WITH]      [WEATHER - DAYS WITH]      9 = BLOWING SNOW
                                                   X = TORNADO
MAX 32 OR BELOW:   0    0.01 INCH OR MORE:   7
MAX 90 OR ABOVE:   1    0.10 INCH OR MORE:   5
MIN 32 OR BELOW:   2    0.50 INCH OR MORE:   0
MIN  0 OR BELOW:   0    1.00 INCH OR MORE:   0

[HDD (BASE 65) ]
TOTAL THIS MO.   161    CLEAR  (SCALE 0-3)  18
DPTR FM NORMAL    38    PTCLDY (SCALE 4-7)   0
TOTAL FM JUL 1  5603    CLOUDY (SCALE 8-10)  0
DPTR FM NORMAL   381

[CDD (BASE 65) ]
TOTAL THIS MO.    14
DPTR FM NORMAL    -4    [PRESSURE DATA]
TOTAL FM JAN 1    14    HIGHEST SLP M ON M
DPTR FM NORMAL    -8    LOWEST  SLP 29.51 ON 17

[REMARKS]
