000
CXUS55 KTBW 231000
CF6SPG
PRELIMINARY LOCAL CLIMATOLOGICAL DATA (WS FORM: F-6)

                                          STATION:   Saint Petersburg
                                          MONTH:     MARCH
                                          YEAR:      2019
                                          LATITUDE:   27 46 N
                                          LONGITUDE:  82 38 W

  TEMPERATURE IN F:       :PCPN:    SNOW:  WIND      :SUNSHINE: SKY     :PK WND
================================================================================
1   2   3   4   5  6A  6B    7    8   9   10  11  12  13   14  15   16   17  18
                                     12Z  AVG MX 2MIN
DY MAX MIN AVG DEP HDD CDD  WTR  SNW DPTH SPD SPD DIR MIN PSBL S-S WX    SPD DR
================================================================================

 1  81  66  74   8   0   9 0.00  0.0    0  4.9 13 230   M    M   0        16 210
 2  78  67  73   7   0   8 0.00  0.0    0  6.2 13 170   M    M   0        17 230
 3  80  66  73   7   0   8 0.00  0.0    0  6.8 15 220   M    M   2 12     21 220
 4  77  63  70   4   0   5 0.54  0.0    0  8.1 15 320   M    M   7 13     22 310
 5  63  55  59  -7   6   0 0.19  0.0    0  8.5 18 340   M    M   7 1      24 350
 6  63  48  56 -11   9   0 0.00  0.0    0 12.9 25  20   M    M   0        33  20
 7  72  51  62  -5   3   0 0.00  0.0    0 10.3 20  50   M    M   0        23  50
 8  77  60  69   2   0   4 0.00  0.0    0  8.3 17 130   M    M   0        21 100
 9  80  66  73   6   0   8 0.00  0.0    0  5.3 12 230   M    M   2        15 240
10  81  69  75   8   0  10 0.00  0.0    0  5.1 16 250   M    M   3        20 260
11  81  67  74   7   0   9 0.00  0.0    0  4.6 14 340   M    M   4 12     18 330
12  76  66  71   4   0   6 0.00  0.0    0  9.7 21  60   M    M   5        24  60
13  80  66  73   5   0   8 0.00  0.0    0 13.8 22  90   M    M   0        26 110
14  83  67  75   7   0  10 0.00  0.0    0  8.3 16 140   M    M   1        20 140
15  83  69  76   8   0  11 0.00  0.0    0  7.9 15 130   M    M   3        18 130
16  80  69  75   7   0  10    T  0.0    0  7.5 18  80   M    M   6        20  70
17  73  64  69   1   0   4    T  0.0    0  9.3 15  50   M    M   8        17  40
18  73  61  67  -1   0   2 0.01  0.0    0 13.7 25  70   M    M   8        28  70
19  66  59  63  -5   2   0 0.04  0.0    0 15.4 28  40   M    M   9        31  40
20  73  61  67  -1   0   2 0.00  0.0    0 13.9 25  40   M    M   9        35  50
21  70  62  66  -3   0   1 0.00  0.0    0  9.0 17 320   M    M   2        27 330
22  72  61  67  -2   0   2 0.00  0.0    0  7.8 17 260   M    M   0        23 320
================================================================================
SM 1662 1383        20 117  0.78     0.0 197.3          M       76
================================================================================
AV 75.6 62.9                               9.0 FASTST   M    M   3    MAX(MPH)
                                 MISC ---->  # 28  40               # 35   50
================================================================================
NOTES:
# LAST OF SEVERAL OCCURRENCES

COLUMN 17 PEAK WIND IN M.P.H.

PRELIMINARY LOCAL CLIMATOLOGICAL DATA (WS FORM: F-6) , PAGE 2

                                          STATION:  Saint Petersburg
                                          MONTH:    MARCH
                                          YEAR:     2019
                                          LATITUDE:   27 46 N
                                          LONGITUDE:  82 38 W

[TEMPERATURE DATA]      [PRECIPITATION DATA]       SYMBOLS USED IN COLUMN 16

AVERAGE MONTHLY: 69.2   TOTAL FOR MONTH:   0.78    1 = FOG OR MIST
DPTR FM NORMAL:   1.9   DPTR FM NORMAL:   -1.89    2 = FOG REDUCING VISIBILITY
HIGHEST:    83 ON 15,14 GRTST 24HR  0.54 ON  4- 4      TO 1/4 MILE OR LESS
LOWEST:     48 ON  6                               3 = THUNDER
                        SNOW, ICE PELLETS, HAIL    4 = ICE PELLETS
                        TOTAL MONTH:   0.0 INCH    5 = HAIL
                        GRTST 24HR     0.0         6 = FREEZING RAIN OR DRIZZLE
                        GRTST DEPTH:   0           7 = DUSTSTORM OR SANDSTORM:
                                                       VSBY 1/2 MILE OR LESS
                                                   8 = SMOKE OR HAZE
[NO. OF DAYS WITH]      [WEATHER - DAYS WITH]      9 = BLOWING SNOW
                                                   X = TORNADO
MAX 32 OR BELOW:   0    0.01 INCH OR MORE:   4
MAX 90 OR ABOVE:   0    0.10 INCH OR MORE:   2
MIN 32 OR BELOW:   0    0.50 INCH OR MORE:   1
MIN  0 OR BELOW:   0    1.00 INCH OR MORE:   0

[HDD (BASE 65) ]
TOTAL THIS MO.    20    CLEAR  (SCALE 0-3)  12
DPTR FM NORMAL   -15    PTCLDY (SCALE 4-7)   8
TOTAL FM JUL 1   261    CLOUDY (SCALE 8-10)  2
DPTR FM NORMAL  -146

[CDD (BASE 65) ]
TOTAL THIS MO.   117
DPTR FM NORMAL    30    [PRESSURE DATA]
TOTAL FM JAN 1   321    HIGHEST SLP M ON M
DPTR FM NORMAL   129    LOWEST  SLP 29.90 ON  3

[REMARKS]
