000
CXUS53 KILX 250900
CF6SPI
PRELIMINARY LOCAL CLIMATOLOGICAL DATA (WS FORM: F-6)

                                          STATION:   SPRINGFIELD IL
                                          MONTH:     JUNE
                                          YEAR:      2019
                                          LATITUDE:   39 50 N
                                          LONGITUDE:  89 41 W

  TEMPERATURE IN F:       :PCPN:    SNOW:  WIND      :SUNSHINE: SKY     :PK WND
================================================================================
1   2   3   4   5  6A  6B    7    8   9   10  11  12  13   14  15   16   17  18
                                     12Z  AVG MX 2MIN
DY MAX MIN AVG DEP HDD CDD  WTR  SNW DPTH SPD SPD DIR MIN PSBL S-S WX    SPD DR
================================================================================

 1  86  61  74   5   0   9    T  0.0    0  7.5 17 260   M    M   0        25 250
 2  79  54  67  -2   0   2 0.00  0.0    0  7.4 18 320   M    M   1        24 320
 3  81  52  67  -2   0   2 0.00  0.0    0  5.7 14 180   M    M   0        22 200
 4  87  64  76   6   0  11    T  0.0    0 13.3 21 200   M    M   4 3      29 180
 5  88  67  78   8   0  13 1.27  0.0    0  7.3 29  20   M    M   4 13     40 120
 6  89  65  77   7   0  12 0.00  0.0    0  4.6 13 130   M    M   1 13     17 130
 7  87  67  77   7   0  12 0.00  0.0    0 11.8 22  60   M    M   0        30  70
 8  86  61  74   3   0   9 0.00  0.0    0 11.4 21 100   M    M   5        27  60
 9  86  66  76   5   0  11 0.07  0.0    0  7.1 23 320   M    M   5 1      33 320
10  78  58  68  -3   0   3 0.00  0.0    0 13.3 24 330   M    M   2 8      37 340
11  83  54  69  -3   0   4 0.00  0.0    0  4.5 14 210   M    M   1        26 290
12  72  55  64  -8   1   0 0.02  0.0    0 10.0 17 260   M    M   4 1      26 250
13  73  52  63  -9   2   0 0.00  0.0    0 10.3 23 310   M    M   1        32 310
14  76  51  64  -8   1   0 0.21  0.0    0 12.2 23 210   M    M   4 13     34 210
15  79  62  71  -2   0   6 1.50  0.0    0 10.4 24 330   M    M   7 13     36 330
16  82  63  73   0   0   8 0.02  0.0    0  5.8 17  20   M    M   2 13     21 270
17  72  63  68  -5   0   3 0.00  0.0    0  6.6 13  40   M    M   9 18     17  30
18  84  63  74   1   0   9 0.00  0.0    0  3.1  8 300   M    M   5 18     11 300
19  75  62  69  -5   0   4 1.90  0.0    0  5.8 23 360   M    M   7 13     34 360
20  79  61  70  -4   0   5 0.00  0.0    0  7.7 16 320   M    M   5 1      23 340
21  73  61  67  -7   0   2 0.74  0.0    0 10.4 26 260   M    M   4 13     36 240
22  79  66  73  -1   0   8 0.86  0.0    0  9.3 21 120   M    M   6 13     25 140
23  78  70  74   0   0   9 0.06  0.0    0 10.4 21 190   M    M   5 1      27 190
24  81  65  73  -2   0   8 0.11  0.0    0 10.6 25 260   M    M   4 1      33 260
================================================================================
SM 1933 1463         4 150  6.76     0.0 206.5          M       86
================================================================================
AV 80.5 61.0                               8.6 FASTST   M    M   4    MAX(MPH)
                                 MISC ---->  # 29  20               # 40  120
================================================================================
NOTES:
# LAST OF SEVERAL OCCURRENCES

COLUMN 17 PEAK WIND IN M.P.H.

PRELIMINARY LOCAL CLIMATOLOGICAL DATA (WS FORM: F-6) , PAGE 2

                                          STATION:  SPRINGFIELD IL
                                          MONTH:    JUNE
                                          YEAR:     2019
                                          LATITUDE:   39 50 N
                                          LONGITUDE:  89 41 W

[TEMPERATURE DATA]      [PRECIPITATION DATA]       SYMBOLS USED IN COLUMN 16

AVERAGE MONTHLY: 70.8   TOTAL FOR MONTH:   6.76    1 = FOG OR MIST
DPTR FM NORMAL:  -1.1   DPTR FM NORMAL:    3.12    2 = FOG REDUCING VISIBILITY
HIGHEST:    89 ON  6    GRTST 24HR  1.90 ON 19-19      TO 1/4 MILE OR LESS
LOWEST:     51 ON 14                               3 = THUNDER
                        SNOW, ICE PELLETS, HAIL    4 = ICE PELLETS
                        TOTAL MONTH:   0.0 INCH    5 = HAIL
                        GRTST 24HR     0.0         6 = FREEZING RAIN OR DRIZZLE
                        GRTST DEPTH:   0           7 = DUSTSTORM OR SANDSTORM:
                                                       VSBY 1/2 MILE OR LESS
                                                   8 = SMOKE OR HAZE
[NO. OF DAYS WITH]      [WEATHER - DAYS WITH]      9 = BLOWING SNOW
                                                   X = TORNADO
MAX 32 OR BELOW:   0    0.01 INCH OR MORE:  11
MAX 90 OR ABOVE:   0    0.10 INCH OR MORE:   7
MIN 32 OR BELOW:   0    0.50 INCH OR MORE:   5
MIN  0 OR BELOW:   0    1.00 INCH OR MORE:   3

[HDD (BASE 65) ]
TOTAL THIS MO.     4    CLEAR  (SCALE 0-3)   9
DPTR FM NORMAL    -7    PTCLDY (SCALE 4-7)  14
TOTAL FM JUL 1  5695    CLOUDY (SCALE 8-10)  1
DPTR FM NORMAL   214

[CDD (BASE 65) ]
TOTAL THIS MO.   150
DPTR FM NORMAL   -28    [PRESSURE DATA]
TOTAL FM JAN 1   274    HIGHEST SLP M ON M
DPTR FM NORMAL    -8    LOWEST  SLP 29.59 ON 19

[REMARKS]
