000
CXUS53 KILX 260900
CF6SPI
PRELIMINARY LOCAL CLIMATOLOGICAL DATA (WS FORM: F-6)

                                          STATION:   SPRINGFIELD IL
                                          MONTH:     MARCH
                                          YEAR:      2019
                                          LATITUDE:   39 50 N
                                          LONGITUDE:  89 41 W

  TEMPERATURE IN F:       :PCPN:    SNOW:  WIND      :SUNSHINE: SKY     :PK WND
================================================================================
1   2   3   4   5  6A  6B    7    8   9   10  11  12  13   14  15   16   17  18
                                     12Z  AVG MX 2MIN
DY MAX MIN AVG DEP HDD CDD  WTR  SNW DPTH SPD SPD DIR MIN PSBL S-S WX    SPD DR
================================================================================

 1  44  19  32  -4  33   0 0.00  0.0    0  5.4 12  80   M    M   3 18     17  80
 2  35  28  32  -5  33   0 0.00  0.0    0  9.5 15 360   M    M   8        21 350
 3  28   3  16 -21  49   0 0.13  2.2    0 14.7 22 360   M    M   7 128    30 350
 4  15  -4   6 -32  59   0 0.00  0.0    2 11.8 21 260   M    M   1        27 250
 5  23   7  15 -23  50   0    T    T    1 12.7 25 280   M    M   3        34 280
 6  33   6  20 -18  45   0 0.00  0.0    1  8.4 17 250   M    M   1        26 200
 7  30  27  29 -10  36   0 0.17  2.4    T  8.4 15 120   M    M  10 12     20  80
 8  38  29  34  -5  31   0    T    T    2  8.3 14 110   M    M  10 18     19 100
 9  54  32  43   3  22   0 1.38  0.0    0 18.7 41 250   M    M   9 13     58 250
10  45  31  38  -2  27   0 0.00  0.0    0 15.4 33 260   M    M   4        45 250
11  50  28  39  -1  26   0 0.00  0.0    0  3.7 12 340   M    M   3        17  10
12  49  28  39  -2  26   0    T  0.0    0 13.6 25 150   M    M   2        35 150
13  64  43  54  13  11   0 0.70  0.0    0 18.2 36 120   M    M   7 1      47 120
14  66  41  54  13  11   0    T  0.0    0 24.2 41 250   M    M   6        60 240
15  48  32  40  -2  25   0 0.01    T    0 16.1 31 310   M    M   7 1      40 300
16  50  27  39  -3  26   0 0.00  0.0    0  7.4 17 290   M    M   1        30 300
17  49  28  39  -4  26   0    T  0.0    0  8.6 20 340   M    M   4 18     26 340
18  49  25  37  -6  28   0 0.00  0.0    0  4.6 13 280   M    M   1 1      22 280
19  55  25  40  -3  25   0 0.00  0.0    0  7.4 17 200   M    M   2 1      25 200
20  52  41  47   3  18   0 0.23  0.0    0  9.8 21 170   M    M   9 1      28 170
21  53  36  45   1  20   0 0.00  0.0    0 10.5 20 350   M    M   8        27 330
22  58  32  45   1  20   0 0.00  0.0    0  9.7 18 350   M    M   0        29  10
23  56  29  43  -2  22   0 0.04  0.0    0  9.9 18 190   M    M   2        28 180
24  58  44  51   6  14   0 0.38  0.0    0  8.3 17  70   M    M   9 1      22  60
25  53  32  43  -3  22   0 0.04  0.0    0 14.1 21  40   M    M   7 1      30  20
================================================================================
SM 1155  669       705   0  3.08     4.6 279.4          M      124
================================================================================
AV 46.2 26.8                              11.2 FASTST   M    M   5    MAX(MPH)
                                 MISC ---->  # 41 250               # 60  240
================================================================================
NOTES:
# LAST OF SEVERAL OCCURRENCES

COLUMN 17 PEAK WIND IN M.P.H.

PRELIMINARY LOCAL CLIMATOLOGICAL DATA (WS FORM: F-6) , PAGE 2

                                          STATION:  SPRINGFIELD IL
                                          MONTH:    MARCH
                                          YEAR:     2019
                                          LATITUDE:   39 50 N
                                          LONGITUDE:  89 41 W

[TEMPERATURE DATA]      [PRECIPITATION DATA]       SYMBOLS USED IN COLUMN 16

AVERAGE MONTHLY: 36.5   TOTAL FOR MONTH:   3.08    1 = FOG OR MIST
DPTR FM NORMAL:  -4.6   DPTR FM NORMAL:    1.01    2 = FOG REDUCING VISIBILITY
HIGHEST:    66 ON 14    GRTST 24HR  1.38 ON  9- 9      TO 1/4 MILE OR LESS
LOWEST:     -4 ON  4                               3 = THUNDER
                        SNOW, ICE PELLETS, HAIL    4 = ICE PELLETS
                        TOTAL MONTH:   4.6 INCHES  5 = HAIL
                        GRTST 24HR   2.4 ON  7- 7  6 = FREEZING RAIN OR DRIZZLE
                        GRTST DEPTH:   2 ON  8, 4  7 = DUSTSTORM OR SANDSTORM:
                                                       VSBY 1/2 MILE OR LESS
                                                   8 = SMOKE OR HAZE
[NO. OF DAYS WITH]      [WEATHER - DAYS WITH]      9 = BLOWING SNOW
                                                   X = TORNADO
MAX 32 OR BELOW:   4    0.01 INCH OR MORE:   9
MAX 90 OR ABOVE:   0    0.10 INCH OR MORE:   6
MIN 32 OR BELOW:  20    0.50 INCH OR MORE:   2
MIN  0 OR BELOW:   1    1.00 INCH OR MORE:   1

[HDD (BASE 65) ]
TOTAL THIS MO.   705    CLEAR  (SCALE 0-3)  11
DPTR FM NORMAL   104    PTCLDY (SCALE 4-7)   8
TOTAL FM JUL 1  5116    CLOUDY (SCALE 8-10)  6
DPTR FM NORMAL   244

[CDD (BASE 65) ]
TOTAL THIS MO.     0
DPTR FM NORMAL     0    [PRESSURE DATA]
TOTAL FM JAN 1     0    HIGHEST SLP M ON M
DPTR FM NORMAL     0    LOWEST  SLP 29.29 ON 14

[REMARKS]
