000
CXUS54 KLZK 221130
CF6SRC
PRELIMINARY LOCAL CLIMATOLOGICAL DATA (WS FORM: F-6)

                                          STATION:   Searcy Airport
                                          MONTH:     MAY
                                          YEAR:      2019
                                          LATITUDE:   35 12 N
                                          LONGITUDE:  91 44 W

  TEMPERATURE IN F:       :PCPN:    SNOW:  WIND      :SUNSHINE: SKY     :PK WND
================================================================================
1   2   3   4   5  6A  6B    7    8   9   10  11  12  13   14  15   16   17  18
                                     12Z  AVG MX 2MIN
DY MAX MIN AVG DEP HDD CDD  WTR  SNW DPTH SPD SPD DIR MIN PSBL S-S WX    SPD DR
================================================================================

 1  76  64  70   5   0   5 0.93    M    M  5.9 14 190   M    M   6 13     17 170
 2  70  60  65   0   0   0 1.55    M    M  2.6  8  20   M    M   9 13      M  M
 3  72  59  66   0   0   1 0.24    M    M  3.3  7  60   M    M   9 1238    M  M
 4  68  60  64  -2   1   0 0.02    M    M  5.9 10 360   M    M  10         M  M
 5  78  51  65  -1   0   0 0.00    M    M  3.3  8 100   M    M   2         M  M
 6  81  54  68   1   0   3 0.00    M    M  3.5 10 170   M    M   2         M  M
 7  86  62  74   7   0   9 0.00    M    M  4.0  9 190   M    M   2 1       M  M
 8  75  63  69   2   0   4 1.38    M    M  3.9  8  20   M    M   5 13      M  M
 9  79  61  70   2   0   5 0.15    M    M  6.2 12 350   M    M   8 1      20 350
10  61  54  58 -10   7   0 0.01    M    M  8.9 13  20   M    M  10        17  10
11  64  55  60  -8   5   0 0.16    M    M  4.9  8  10   M    M  10 1       M  M
12  72  54  63  -5   2   0 0.01    M    M  2.6  7  70   M    M   9 1       M  M
13  76  49  63  -6   2   0 0.00    M    M  4.0  8  70   M    M   2 1       M  M
14  79  64  72   3   0   7 0.00    M    M  3.9  8 130   M    M   4         M  M
15  88  57  73   4   0   8 0.00    M    M  3.2  9 280   M    M   1 12     17 280
16  90  62  76   6   0  11 0.00    M    M  4.3 10 220   M    M   0 1       M  M
17  88  61  75   5   0  10 0.00    M    M  5.4 14 170   M    M   0 12     21 190
18   M   M   M   M   M   M 0.77    M    M  8.0 15 170   M    M   5 13     21 190
19  84  62  73   2   0   8 1.17    M    M  5.0 12 200   M    M   4 13      M  M
20  87  58  73   2   0   8 0.00    M    M  6.7 12 140   M    M   3         M  M
21   M   M   M   M   M   M 1.81    M    M  9.6 27 170   M    M   7 13     36 160
================================================================================
SM 1474 1110        17  79  8.20    M    105.1          M      108
================================================================================
AV 77.6 58.4                               5.0 FASTST   M    M   5    MAX(MPH)
                                 MISC ---->  # 27 170               # 36  160
================================================================================
NOTES:
# LAST OF SEVERAL OCCURRENCES

COLUMN 17 PEAK WIND IN M.P.H.

PRELIMINARY LOCAL CLIMATOLOGICAL DATA (WS FORM: F-6) , PAGE 2

                                          STATION:  Searcy Airport
                                          MONTH:    MAY
                                          YEAR:     2019
                                          LATITUDE:   35 12 N
                                          LONGITUDE:  91 44 W

[TEMPERATURE DATA]      [PRECIPITATION DATA]       SYMBOLS USED IN COLUMN 16

AVERAGE MONTHLY: 68.0   TOTAL FOR MONTH:   8.20    1 = FOG OR MIST
DPTR FM NORMAL:  -0.1   DPTR FM NORMAL:    4.17    2 = FOG REDUCING VISIBILITY
HIGHEST:    90 ON 16    GRTST 24HR  1.81 ON 21-21      TO 1/4 MILE OR LESS
LOWEST:     49 ON 13                               3 = THUNDER
                        SNOW, ICE PELLETS, HAIL    4 = ICE PELLETS
                        TOTAL MONTH:    M          5 = HAIL
                        GRTST 24HR    M  ON   M    6 = FREEZING RAIN OR DRIZZLE
                        GRTST DEPTH:  M  ON   M    7 = DUSTSTORM OR SANDSTORM:
                                                       VSBY 1/2 MILE OR LESS
                                                   8 = SMOKE OR HAZE
[NO. OF DAYS WITH]      [WEATHER - DAYS WITH]      9 = BLOWING SNOW
                                                   X = TORNADO
MAX 32 OR BELOW:   0    0.01 INCH OR MORE:  12
MAX 90 OR ABOVE:   1    0.10 INCH OR MORE:   9
MIN 32 OR BELOW:   0    0.50 INCH OR MORE:   6
MIN  0 OR BELOW:   0    1.00 INCH OR MORE:   4

[HDD (BASE 65) ]
TOTAL THIS MO.    17    CLEAR  (SCALE 0-3)   8
DPTR FM NORMAL   -14    PTCLDY (SCALE 4-7)   6
TOTAL FM JUL 1  3270    CLOUDY (SCALE 8-10)  7
DPTR FM NORMAL  -259

[CDD (BASE 65) ]
TOTAL THIS MO.    79
DPTR FM NORMAL   -19    [PRESSURE DATA]
TOTAL FM JAN 1   119    HIGHEST SLP M ON M
DPTR FM NORMAL   -31    LOWEST  SLP M ON M

[REMARKS]
