000
CXUS54 KLZK 251130
CF6SRC
PRELIMINARY LOCAL CLIMATOLOGICAL DATA (WS FORM: F-6)

                                          STATION:   Searcy Airport
                                          MONTH:     MARCH
                                          YEAR:      2019
                                          LATITUDE:   35 12 N
                                          LONGITUDE:  91 44 W

  TEMPERATURE IN F:       :PCPN:    SNOW:  WIND      :SUNSHINE: SKY     :PK WND
================================================================================
1   2   3   4   5  6A  6B    7    8   9   10  11  12  13   14  15   16   17  18
                                     12Z  AVG MX 2MIN
DY MAX MIN AVG DEP HDD CDD  WTR  SNW DPTH SPD SPD DIR MIN PSBL S-S WX    SPD DR
================================================================================

 1  46  35  41  -5  24   0 0.00    M    M  5.6  9  60   M    M   9         M  M
 2  45  39  42  -5  23   0    T    M    M  7.4 12  60   M    M  10         M  M
 3  40  26  33 -14  32   0 0.20    M    M 12.7 21  10   M    M   7 1      24  10
 4  35  18  27 -21  38   0 0.00    M    M  9.3 15 350   M    M   4        23 340
 5  46  20  33 -15  32   0 0.00    M    M  5.9 14 310   M    M   2        21 300
 6  46  21  34 -14  31   0 0.00    M    M  4.8  9 150   M    M   0         M  M
 7  47  26  37 -11  28   0 0.03    M    M  5.6  9 110   M    M   9 1       M  M
 8  48  43  46  -3  19   0 0.02    M    M  6.3  9  20   M    M   9 12      M  M
 9  75  45  60  11   5   0 0.98    M    M  7.5 14 200   M    M   7 123    24 200
10  59  44  52   2  13   0 0.00    M    M  6.4 12  20   M    M   2         M  M
11  62  45  54   4  11   0 0.12    M    M  5.9 10  60   M    M   3         M  M
12  59  46  53   3  12   0 0.05    M    M  7.0 12  60   M    M   6         M  M
13   M   M   M   M   M   M 1.01    M    M 11.7 28 170   M    M   9 13     41 160
14  67  49  58   7   7   0 0.13    M    M 12.2 21 220   M    M   4 13     33 220
15  59  41  50  -1  15   0 0.00    M    M  7.3 16 310   M    M   1        23 310
16  61  30  46  -6  19   0 0.00    M    M  4.1  9  60   M    M   0        16 110
17  69  30  50  -2  15   0 0.00    M    M  3.2  8 360   M    M   2         M  M
18  59  41  50  -2  15   0 0.00    M    M  6.5 13 100   M    M   3        16  40
19  63  34  49  -3  16   0 0.00    M    M  5.6 13 130   M    M   0        16 100
20  60  37  49  -4  16   0 0.16    M    M  3.1  9 290   M    M   6 12     18 290
21  67  32  50  -3  15   0 0.00    M    M  5.8 15 340   M    M   1 12     23 340
22  72  35  54   1  11   0 0.00    M    M  2.2  7 310   M    M   0         M  M
23  69  38  54   0  11   0 0.21    M    M  5.4 13 120   M    M   1        17 150
24  67  52  60   6   5   0 0.17    M    M  6.8 14 190   M    M   9 3       M  M
================================================================================
SM 1321  827       413   0  3.08    M    158.3          M      104
================================================================================
AV 57.4 36.0                               6.6 FASTST   M    M   4    MAX(MPH)
                                 MISC ---->  # 28 170               # 41  160
================================================================================
NOTES:
# LAST OF SEVERAL OCCURRENCES

COLUMN 17 PEAK WIND IN M.P.H.

PRELIMINARY LOCAL CLIMATOLOGICAL DATA (WS FORM: F-6) , PAGE 2

                                          STATION:  Searcy Airport
                                          MONTH:    MARCH
                                          YEAR:     2019
                                          LATITUDE:   35 12 N
                                          LONGITUDE:  91 44 W

[TEMPERATURE DATA]      [PRECIPITATION DATA]       SYMBOLS USED IN COLUMN 16

AVERAGE MONTHLY: 46.7   TOTAL FOR MONTH:   3.08    1 = FOG OR MIST
DPTR FM NORMAL:  -3.6   DPTR FM NORMAL:   -0.62    2 = FOG REDUCING VISIBILITY
HIGHEST:    75 ON  9    GRTST 24HR  1.01 ON 13-13      TO 1/4 MILE OR LESS
LOWEST:     18 ON  4                               3 = THUNDER
                        SNOW, ICE PELLETS, HAIL    4 = ICE PELLETS
                        TOTAL MONTH:    M          5 = HAIL
                        GRTST 24HR    M  ON   M    6 = FREEZING RAIN OR DRIZZLE
                        GRTST DEPTH:  M  ON   M    7 = DUSTSTORM OR SANDSTORM:
                                                       VSBY 1/2 MILE OR LESS
                                                   8 = SMOKE OR HAZE
[NO. OF DAYS WITH]      [WEATHER - DAYS WITH]      9 = BLOWING SNOW
                                                   X = TORNADO
MAX 32 OR BELOW:   0    0.01 INCH OR MORE:  11
MAX 90 OR ABOVE:   0    0.10 INCH OR MORE:   8
MIN 32 OR BELOW:   8    0.50 INCH OR MORE:   2
MIN  0 OR BELOW:   0    1.00 INCH OR MORE:   1

[HDD (BASE 65) ]
TOTAL THIS MO.   413    CLEAR  (SCALE 0-3)  12
DPTR FM NORMAL    53    PTCLDY (SCALE 4-7)   6
TOTAL FM JUL 1  3070    CLOUDY (SCALE 8-10)  6
DPTR FM NORMAL  -174

[CDD (BASE 65) ]
TOTAL THIS MO.     0
DPTR FM NORMAL     0    [PRESSURE DATA]
TOTAL FM JAN 1     5    HIGHEST SLP M ON M
DPTR FM NORMAL     5    LOWEST  SLP M ON M

[REMARKS]
