000
CXUS54 KLZK 191130
CF6SRC
PRELIMINARY LOCAL CLIMATOLOGICAL DATA (WS FORM: F-6)

                                          STATION:   Searcy Airport
                                          MONTH:     APRIL
                                          YEAR:      2018
                                          LATITUDE:   35 12 N
                                          LONGITUDE:  91 44 W

  TEMPERATURE IN F:       :PCPN:    SNOW:  WIND      :SUNSHINE: SKY     :PK WND
================================================================================
1   2   3   4   5  6A  6B    7    8   9   10  11  12  13   14  15   16   17  18
                                     12Z  AVG MX 2MIN
DY MAX MIN AVG DEP HDD CDD  WTR  SNW DPTH SPD SPD DIR MIN PSBL S-S WX    SPD DR
================================================================================

 1  61  41  51  -5  14   0    T    M    M 11.3 17  20   M    M  10        24  20
 2  53  38  46 -10  19   0    T    M    0  6.0 10  50   M    M   8 1       M  M
 3  82  46  64   7   1   0    T    M    0  9.4 16 220   M    M   7 13     33 220
 4  58  35  47 -10  18   0 0.00  0.0    0  4.7  9  20   M    M   0        17 350
 5  63  31  47 -10  18   0 0.01    M    0  5.0 13 180   M    M   3        18 180
 6  57  48  53  -5  12   0 0.44    M    0  5.1 20  40   M    M  10 1      25  40
 7  48  28  38 -20  27   0    T    M    0 11.4 22  30   M    M   6        28  20
 8  51  25  38 -20  27   0 0.00  0.0    0  6.2 14  60   M    M   2        18  60
 9  63  35  49  -9  16   0 0.00  0.0    0  5.9 10  70   M    M   1         M  M
10  62  40  51  -8  14   0 0.00  0.0    0  7.0 10 340   M    M   1        17 340
11  74  36  55  -4  10   0 0.00  0.0    0  7.9 16 180   M    M   0 1      23 180
12  81  49  65   6   0   0 0.00  0.0    0 14.5 24 180   M    M   0        37 180
13  75  59  67   7   0   2 1.13  0.0    0 14.8 21 170   M    M   8 13     27 170
14  60  41  51  -9  14   0 0.77    M    0 10.6 14 280   M    M   3 13     25 280
15  50  35  43 -17  22   0 0.00  0.0    0  6.3 15 290   M    M   7        23 300
16  64  28  46 -14  19   0 0.00  0.0    0  3.7 10 260   M    M   0         M  M
17  83  40  62   1   3   0 0.00  0.0    0  8.4 18 200   M    M   0        28 200
18  81  59  70   9   0   5 0.00  0.0    0 11.2 17 330   M    M   1        28 330
================================================================================
SM 1166  714       234   7  2.35     0.0 149.4          M       67
================================================================================
AV 64.8 39.7                               8.3 FASTST   M    M   4    MAX(MPH)
                                 MISC ---->  # 24 180               # 37  180
================================================================================
NOTES:
# LAST OF SEVERAL OCCURRENCES

COLUMN 17 PEAK WIND IN M.P.H.

PRELIMINARY LOCAL CLIMATOLOGICAL DATA (WS FORM: F-6) , PAGE 2

                                          STATION:  Searcy Airport
                                          MONTH:    APRIL
                                          YEAR:     2018
                                          LATITUDE:   35 12 N
                                          LONGITUDE:  91 44 W

[TEMPERATURE DATA]      [PRECIPITATION DATA]       SYMBOLS USED IN COLUMN 16

AVERAGE MONTHLY: 52.2   TOTAL FOR MONTH:   2.35    1 = FOG OR MIST
DPTR FM NORMAL:  -6.3   DPTR FM NORMAL:   -0.48    2 = FOG REDUCING VISIBILITY
HIGHEST:    83 ON 17    GRTST 24HR  1.13 ON 13-13      TO 1/4 MILE OR LESS
LOWEST:     25 ON  8                               3 = THUNDER
                        SNOW, ICE PELLETS, HAIL    4 = ICE PELLETS
                        TOTAL MONTH:   0.0 INCH    5 = HAIL
                        GRTST 24HR     0.0         6 = FREEZING RAIN OR DRIZZLE
                        GRTST DEPTH:   0           7 = DUSTSTORM OR SANDSTORM:
                                                       VSBY 1/2 MILE OR LESS
                                                   8 = SMOKE OR HAZE
[NO. OF DAYS WITH]      [WEATHER - DAYS WITH]      9 = BLOWING SNOW
                                                   X = TORNADO
MAX 32 OR BELOW:   0    0.01 INCH OR MORE:   4
MAX 90 OR ABOVE:   0    0.10 INCH OR MORE:   3
MIN 32 OR BELOW:   4    0.50 INCH OR MORE:   2
MIN  0 OR BELOW:   0    1.00 INCH OR MORE:   1

[HDD (BASE 65) ]
TOTAL THIS MO.   234    CLEAR  (SCALE 0-3)  11
DPTR FM NORMAL    99    PTCLDY (SCALE 4-7)   4
TOTAL FM JUL 1  3121    CLOUDY (SCALE 8-10)  3
DPTR FM NORMAL  -330

[CDD (BASE 65) ]
TOTAL THIS MO.     7
DPTR FM NORMAL   -11    [PRESSURE DATA]
TOTAL FM JAN 1    24    HIGHEST SLP M ON M
DPTR FM NORMAL    -3    LOWEST  SLP M ON M

[REMARKS]
