000
CXUS52 KTBW 261000
CF6SRQ
PRELIMINARY LOCAL CLIMATOLOGICAL DATA (WS FORM: F-6)

                                          STATION:   Sarasota Bradenton
                                          MONTH:     MAY
                                          YEAR:      2019
                                          LATITUDE:   27 23 N
                                          LONGITUDE:  82 33 W

  TEMPERATURE IN F:       :PCPN:    SNOW:  WIND      :SUNSHINE: SKY     :PK WND
================================================================================
1   2   3   4   5  6A  6B    7    8   9   10  11  12  13   14  15   16   17  18
                                     12Z  AVG MX 2MIN
DY MAX MIN AVG DEP HDD CDD  WTR  SNW DPTH SPD SPD DIR MIN PSBL S-S WX    SPD DR
================================================================================

 1  91  70  81   7   0  16    T  0.0    0 12.5 26 120   M    M   2 18     34 120
 2  88  71  80   6   0  15 0.21  0.0    0  8.6 24 150   M    M   5 13     28 150
 3  85  71  78   4   0  13    T  0.0    0  5.9 13 270   M    M   2 1      15 230
 4  88  71  80   6   0  15 0.00  0.0    0  9.9 18 210   M    M   1 1      24 200
 5  86  73  80   6   0  15 0.08  0.0    0 12.1 29 260   M    M   5 138    36 260
 6  87  73  80   5   0  15 0.00  0.0    0  5.9 13 270   M    M   0        23 240
 7  90  73  82   7   0  17 0.00  0.0    0  7.3 16 290   M    M   2        19 290
 8  94  72  83   8   0  18    T  0.0    0  9.4 18  80   M    M   4 3      26 190
 9  90  73  82   7   0  17 0.34  0.0    0  8.4 17  70   M    M   4 13     23  70
10  89  71  80   5   0  15 0.50  0.0    0  8.1 17 110   M    M   3 13     21 140
11  88  72  80   4   0  15 0.00  0.0    0  8.8 17 210   M    M   0        22 190
12  88  73  81   5   0  16 0.01  0.0    0  8.0 18 160   M    M   2 3      23 180
13  87  72  80   4   0  15 0.47  0.0    0 10.7 25 330   M    M   3 13     38 340
14  82  72  77   1   0  12 0.00  0.0    0  7.1 21 310   M    M   2        26 280
15  87  71  79   3   0  14 0.00  0.0    0  6.1 14 300   M    M   2        19 260
16  89  71  80   4   0  15 0.00  0.0    0  9.0 15 110   M    M   4 38      M  M
17  91  67  79   2   0  14 0.00  0.0    0  9.1 15  80   M    M   1        22  50
18  92  67  80   3   0  15 0.00  0.0    0  7.4 15 100   M    M   0        20  60
19  89  69  79   2   0  14 0.00  0.0    0  8.4 15 280   M    M   0        19 260
20  90  71  81   4   0  16    T  0.0    0  7.6 17 290   M    M   1        22 300
21  90  73  82   5   0  17 0.00  0.0    0  7.6 14 220   M    M   4 8      21 180
22  94  73  84   6   0  19 0.00  0.0    0  9.2 17  90   M    M   2        23  80
23  94  71  83   5   0  18 0.00  0.0    0 11.1 21  80   M    M   1 8      29  80
24  94  68  81   3   0  16 0.00  0.0    0 10.1 18  90   M    M   0        23 110
25  96  70  83   5   0  18 0.00  0.0    0 10.2 18 110   M    M   1        22 110
================================================================================
SM 2239 1778         0 390  1.61     0.0 218.5          M       51
================================================================================
AV 89.6 71.1                               8.7 FASTST   M    M   2    MAX(MPH)
                                 MISC ---->  # 29 260               # 38  340
================================================================================
NOTES:
# LAST OF SEVERAL OCCURRENCES

COLUMN 17 PEAK WIND IN M.P.H.

PRELIMINARY LOCAL CLIMATOLOGICAL DATA (WS FORM: F-6) , PAGE 2

                                          STATION:  Sarasota Bradenton
                                          MONTH:    MAY
                                          YEAR:     2019
                                          LATITUDE:   27 23 N
                                          LONGITUDE:  82 33 W

[TEMPERATURE DATA]      [PRECIPITATION DATA]       SYMBOLS USED IN COLUMN 16

AVERAGE MONTHLY: 80.3   TOTAL FOR MONTH:   1.61    1 = FOG OR MIST
DPTR FM NORMAL:   4.4   DPTR FM NORMAL:   -0.01    2 = FOG REDUCING VISIBILITY
HIGHEST:    96 ON 25    GRTST 24HR  0.50 ON 10-10      TO 1/4 MILE OR LESS
LOWEST:     67 ON 18,17                            3 = THUNDER
                        SNOW, ICE PELLETS, HAIL    4 = ICE PELLETS
                        TOTAL MONTH:   0.0 INCH    5 = HAIL
                        GRTST 24HR     0.0         6 = FREEZING RAIN OR DRIZZLE
                        GRTST DEPTH:   0           7 = DUSTSTORM OR SANDSTORM:
                                                       VSBY 1/2 MILE OR LESS
                                                   8 = SMOKE OR HAZE
[NO. OF DAYS WITH]      [WEATHER - DAYS WITH]      9 = BLOWING SNOW
                                                   X = TORNADO
MAX 32 OR BELOW:   0    0.01 INCH OR MORE:   6
MAX 90 OR ABOVE:  12    0.10 INCH OR MORE:   4
MIN 32 OR BELOW:   0    0.50 INCH OR MORE:   1
MIN  0 OR BELOW:   0    1.00 INCH OR MORE:   0

[HDD (BASE 65) ]
TOTAL THIS MO.     0    CLEAR  (SCALE 0-3)  17
DPTR FM NORMAL     0    PTCLDY (SCALE 4-7)   8
TOTAL FM JUL 1   275    CLOUDY (SCALE 8-10)  0
DPTR FM NORMAL  -202

[CDD (BASE 65) ]
TOTAL THIS MO.   390
DPTR FM NORMAL   117    [PRESSURE DATA]
TOTAL FM JAN 1  1051    HIGHEST SLP M ON M
DPTR FM NORMAL   381    LOWEST  SLP 29.75 ON 13

[REMARKS]
